{"id":2779,"date":"2016-08-28T11:15:58","date_gmt":"2016-08-28T09:15:58","guid":{"rendered":"https:\/\/www.booksonthemove.fr\/en\/product\/jai-fait-le-beau-au-bois-dormant\/"},"modified":"2020-12-11T18:45:53","modified_gmt":"2020-12-11T17:45:53","slug":"jai-fait-le-beau-au-bois-dormant","status":"publish","type":"product","link":"https:\/\/www.booksonthemove.fr\/en\/produit\/jai-fait-le-beau-au-bois-dormant\/","title":{"rendered":"J&#8217;ai fait le beau au bois dormant"},"content":{"rendered":"<p>En un clin d\u2019\u0153il, un coup de fil, tout bascule.<\/p>\n<p>La porte s\u2019ouvre.<\/p>\n<p>Cinq personnes p\u00e9n\u00e8trent et, calmement, s\u2019activent autour de moi.<\/p>\n<p>Des regards se croisent, des questions fusent face \u00e0 mon corps allong\u00e9 sur un brancard, entour\u00e9 du Samu qui m\u2019emm\u00e8ne.<\/p>\n<p>L\u2019h\u00f4pital : les visages se cachent derri\u00e8re des masques.<\/p>\n<p>Une voix me dit : \u201c C\u2019est gravissime, monsieur, nous allons vous endormir. \u201d<\/p>\n<p>Vision des ampoules au plafond qui d\u00e9filent \u00e0 toute allure au-dessus de moi.<\/p>\n<p>Et le noir, un sommeil (coma artificiel) de deux mois.&#8217;<\/p>\n<p>Avec sobri\u00e9t\u00e9 et intensit\u00e9, le danseur et chor\u00e9graphe Pedro Pauwels raconte son &#8220;accident&#8221;, une m\u00e9ningite foudroyante survenue en 2004, le coma, l\u2019amputation, la r\u00e9\u00e9ducation qui ont suivi. La force du texte tient \u00e0 celle de son auteur, \u00e0 sa volont\u00e9 de r\u00e9cup\u00e9rer jusqu\u2019\u00e0 revenir sur sc\u00e8ne pour danser. Il nous livre un r\u00e9cit plein de vie et d\u2019espoir.<\/p>\n","protected":false},"excerpt":{"rendered":"<p><b>Auteur: <\/b> Pedro Pauwels<br \/>\n<b>Editeur: <\/b>Centre national de la danse (2009)<\/p>\n<p><strong>Broch\u00e9:<\/strong> 160 pages<br \/>\n<b>Langue: <\/b>Fran\u00e7ais<br \/>\n<strong>ISBN 13<\/strong>: 978-2-914124-38-6<\/p>\n","protected":false},"featured_media":2429,"template":"","meta":[],"product_brand":[],"product_cat":[153,149,157,162],"product_tag":[],"class_list":{"0":"post-2779","1":"product","2":"type-product","3":"status-publish","4":"has-post-thumbnail","6":"product_cat-biographies-autobiographies-en","7":"product_cat-contemporary-dance-en","8":"product_cat-artists-writings-en","9":"product_cat-french-en","11":"first","12":"instock","13":"taxable","14":"shipping-taxable","15":"purchasable","16":"product-type-simple"},"yoast_head":"<!-- This site is optimized with the Yoast SEO plugin v27.4 - https:\/\/yoast.com\/product\/yoast-seo-wordpress\/ -->\n<title>J&#039;ai fait le beau au bois dormant - Books on the Move<\/title>\n<meta name=\"robots\" content=\"index, follow, max-snippet:-1, max-image-preview:large, max-video-preview:-1\" \/>\n<link rel=\"canonical\" href=\"https:\/\/www.booksonthemove.fr\/en\/produit\/jai-fait-le-beau-au-bois-dormant\/\" \/>\n<meta property=\"og:locale\" content=\"en_US\" \/>\n<meta property=\"og:type\" content=\"article\" \/>\n<meta property=\"og:title\" content=\"J&#039;ai fait le beau au bois dormant - Books on the Move\" \/>\n<meta property=\"og:description\" content=\"Auteur: Pedro Pauwels Editeur: Centre national de la danse (2009)  Broch\u00e9: 160 pages Langue: Fran\u00e7ais ISBN 13: 978-2-914124-38-6\" \/>\n<meta property=\"og:url\" content=\"https:\/\/www.booksonthemove.fr\/en\/produit\/jai-fait-le-beau-au-bois-dormant\/\" \/>\n<meta property=\"og:site_name\" content=\"Books on the Move\" \/>\n<meta property=\"article:publisher\" content=\"https:\/\/www.facebook.com\/Librairiebooksonthemove\/\" \/>\n<meta property=\"article:modified_time\" content=\"2020-12-11T17:45:53+00:00\" \/>\n<meta property=\"og:image\" content=\"https:\/\/www.booksonthemove.fr\/media\/bom_1397_0.jpg\" \/>\n\t<meta property=\"og:image:width\" content=\"900\" \/>\n\t<meta property=\"og:image:height\" content=\"1363\" \/>\n\t<meta property=\"og:image:type\" content=\"image\/jpeg\" \/>\n<meta name=\"twitter:card\" content=\"summary_large_image\" \/>\n<script type=\"application\/ld+json\" class=\"yoast-schema-graph\">{\"@context\":\"https:\\\/\\\/schema.org\",\"@graph\":[{\"@type\":\"WebPage\",\"@id\":\"https:\\\/\\\/www.booksonthemove.fr\\\/en\\\/produit\\\/jai-fait-le-beau-au-bois-dormant\\\/\",\"url\":\"https:\\\/\\\/www.booksonthemove.fr\\\/en\\\/produit\\\/jai-fait-le-beau-au-bois-dormant\\\/\",\"name\":\"J'ai fait le beau au bois dormant - Books on the Move\",\"isPartOf\":{\"@id\":\"https:\\\/\\\/www.booksonthemove.fr\\\/#website\"},\"primaryImageOfPage\":{\"@id\":\"https:\\\/\\\/www.booksonthemove.fr\\\/en\\\/produit\\\/jai-fait-le-beau-au-bois-dormant\\\/#primaryimage\"},\"image\":{\"@id\":\"https:\\\/\\\/www.booksonthemove.fr\\\/en\\\/produit\\\/jai-fait-le-beau-au-bois-dormant\\\/#primaryimage\"},\"thumbnailUrl\":\"https:\\\/\\\/www.booksonthemove.fr\\\/media\\\/bom_1397_0.jpg\",\"datePublished\":\"2016-08-28T09:15:58+00:00\",\"dateModified\":\"2020-12-11T17:45:53+00:00\",\"breadcrumb\":{\"@id\":\"https:\\\/\\\/www.booksonthemove.fr\\\/en\\\/produit\\\/jai-fait-le-beau-au-bois-dormant\\\/#breadcrumb\"},\"inLanguage\":\"en-US\",\"potentialAction\":[{\"@type\":\"ReadAction\",\"target\":[\"https:\\\/\\\/www.booksonthemove.fr\\\/en\\\/produit\\\/jai-fait-le-beau-au-bois-dormant\\\/\"]}]},{\"@type\":\"ImageObject\",\"inLanguage\":\"en-US\",\"@id\":\"https:\\\/\\\/www.booksonthemove.fr\\\/en\\\/produit\\\/jai-fait-le-beau-au-bois-dormant\\\/#primaryimage\",\"url\":\"https:\\\/\\\/www.booksonthemove.fr\\\/media\\\/bom_1397_0.jpg\",\"contentUrl\":\"https:\\\/\\\/www.booksonthemove.fr\\\/media\\\/bom_1397_0.jpg\",\"width\":900,\"height\":1363},{\"@type\":\"BreadcrumbList\",\"@id\":\"https:\\\/\\\/www.booksonthemove.fr\\\/en\\\/produit\\\/jai-fait-le-beau-au-bois-dormant\\\/#breadcrumb\",\"itemListElement\":[{\"@type\":\"ListItem\",\"position\":1,\"name\":\"Accueil\",\"item\":\"https:\\\/\\\/www.booksonthemove.fr\\\/en\\\/\"},{\"@type\":\"ListItem\",\"position\":2,\"name\":\"online store\",\"item\":\"https:\\\/\\\/www.booksonthemove.fr\\\/en\\\/online-shop\\\/\"},{\"@type\":\"ListItem\",\"position\":3,\"name\":\"J&#8217;ai fait le beau au bois dormant\"}]},{\"@type\":\"WebSite\",\"@id\":\"https:\\\/\\\/www.booksonthemove.fr\\\/#website\",\"url\":\"https:\\\/\\\/www.booksonthemove.fr\\\/\",\"name\":\"Books on the Move\",\"description\":\"librairie nomade - danse - mouvement - performance\",\"publisher\":{\"@id\":\"https:\\\/\\\/www.booksonthemove.fr\\\/#organization\"},\"potentialAction\":[{\"@type\":\"SearchAction\",\"target\":{\"@type\":\"EntryPoint\",\"urlTemplate\":\"https:\\\/\\\/www.booksonthemove.fr\\\/?s={search_term_string}\"},\"query-input\":{\"@type\":\"PropertyValueSpecification\",\"valueRequired\":true,\"valueName\":\"search_term_string\"}}],\"inLanguage\":\"en-US\"},{\"@type\":\"Organization\",\"@id\":\"https:\\\/\\\/www.booksonthemove.fr\\\/#organization\",\"name\":\"Books on the Move\",\"url\":\"https:\\\/\\\/www.booksonthemove.fr\\\/\",\"logo\":{\"@type\":\"ImageObject\",\"inLanguage\":\"en-US\",\"@id\":\"https:\\\/\\\/www.booksonthemove.fr\\\/#\\\/schema\\\/logo\\\/image\\\/\",\"url\":\"https:\\\/\\\/www.booksonthemove.fr\\\/media\\\/logo-NB-400.jpg\",\"contentUrl\":\"https:\\\/\\\/www.booksonthemove.fr\\\/media\\\/logo-NB-400.jpg\",\"width\":400,\"height\":143,\"caption\":\"Books on the Move\"},\"image\":{\"@id\":\"https:\\\/\\\/www.booksonthemove.fr\\\/#\\\/schema\\\/logo\\\/image\\\/\"},\"sameAs\":[\"https:\\\/\\\/www.facebook.com\\\/Librairiebooksonthemove\\\/\"]}]}<\/script>\n<!-- \/ Yoast SEO plugin. -->","yoast_head_json":{"title":"J'ai fait le beau au bois dormant - Books on the Move","robots":{"index":"index","follow":"follow","max-snippet":"max-snippet:-1","max-image-preview":"max-image-preview:large","max-video-preview":"max-video-preview:-1"},"canonical":"https:\/\/www.booksonthemove.fr\/en\/produit\/jai-fait-le-beau-au-bois-dormant\/","og_locale":"en_US","og_type":"article","og_title":"J'ai fait le beau au bois dormant - Books on the Move","og_description":"Auteur: Pedro Pauwels Editeur: Centre national de la danse (2009)  Broch\u00e9: 160 pages Langue: Fran\u00e7ais ISBN 13: 978-2-914124-38-6","og_url":"https:\/\/www.booksonthemove.fr\/en\/produit\/jai-fait-le-beau-au-bois-dormant\/","og_site_name":"Books on the Move","article_publisher":"https:\/\/www.facebook.com\/Librairiebooksonthemove\/","article_modified_time":"2020-12-11T17:45:53+00:00","og_image":[{"width":900,"height":1363,"url":"https:\/\/www.booksonthemove.fr\/media\/bom_1397_0.jpg","type":"image\/jpeg"}],"twitter_card":"summary_large_image","schema":{"@context":"https:\/\/schema.org","@graph":[{"@type":"WebPage","@id":"https:\/\/www.booksonthemove.fr\/en\/produit\/jai-fait-le-beau-au-bois-dormant\/","url":"https:\/\/www.booksonthemove.fr\/en\/produit\/jai-fait-le-beau-au-bois-dormant\/","name":"J'ai fait le beau au bois dormant - Books on the Move","isPartOf":{"@id":"https:\/\/www.booksonthemove.fr\/#website"},"primaryImageOfPage":{"@id":"https:\/\/www.booksonthemove.fr\/en\/produit\/jai-fait-le-beau-au-bois-dormant\/#primaryimage"},"image":{"@id":"https:\/\/www.booksonthemove.fr\/en\/produit\/jai-fait-le-beau-au-bois-dormant\/#primaryimage"},"thumbnailUrl":"https:\/\/www.booksonthemove.fr\/media\/bom_1397_0.jpg","datePublished":"2016-08-28T09:15:58+00:00","dateModified":"2020-12-11T17:45:53+00:00","breadcrumb":{"@id":"https:\/\/www.booksonthemove.fr\/en\/produit\/jai-fait-le-beau-au-bois-dormant\/#breadcrumb"},"inLanguage":"en-US","potentialAction":[{"@type":"ReadAction","target":["https:\/\/www.booksonthemove.fr\/en\/produit\/jai-fait-le-beau-au-bois-dormant\/"]}]},{"@type":"ImageObject","inLanguage":"en-US","@id":"https:\/\/www.booksonthemove.fr\/en\/produit\/jai-fait-le-beau-au-bois-dormant\/#primaryimage","url":"https:\/\/www.booksonthemove.fr\/media\/bom_1397_0.jpg","contentUrl":"https:\/\/www.booksonthemove.fr\/media\/bom_1397_0.jpg","width":900,"height":1363},{"@type":"BreadcrumbList","@id":"https:\/\/www.booksonthemove.fr\/en\/produit\/jai-fait-le-beau-au-bois-dormant\/#breadcrumb","itemListElement":[{"@type":"ListItem","position":1,"name":"Accueil","item":"https:\/\/www.booksonthemove.fr\/en\/"},{"@type":"ListItem","position":2,"name":"online store","item":"https:\/\/www.booksonthemove.fr\/en\/online-shop\/"},{"@type":"ListItem","position":3,"name":"J&#8217;ai fait le beau au bois dormant"}]},{"@type":"WebSite","@id":"https:\/\/www.booksonthemove.fr\/#website","url":"https:\/\/www.booksonthemove.fr\/","name":"Books on the Move","description":"librairie nomade - danse - mouvement - performance","publisher":{"@id":"https:\/\/www.booksonthemove.fr\/#organization"},"potentialAction":[{"@type":"SearchAction","target":{"@type":"EntryPoint","urlTemplate":"https:\/\/www.booksonthemove.fr\/?s={search_term_string}"},"query-input":{"@type":"PropertyValueSpecification","valueRequired":true,"valueName":"search_term_string"}}],"inLanguage":"en-US"},{"@type":"Organization","@id":"https:\/\/www.booksonthemove.fr\/#organization","name":"Books on the Move","url":"https:\/\/www.booksonthemove.fr\/","logo":{"@type":"ImageObject","inLanguage":"en-US","@id":"https:\/\/www.booksonthemove.fr\/#\/schema\/logo\/image\/","url":"https:\/\/www.booksonthemove.fr\/media\/logo-NB-400.jpg","contentUrl":"https:\/\/www.booksonthemove.fr\/media\/logo-NB-400.jpg","width":400,"height":143,"caption":"Books on the Move"},"image":{"@id":"https:\/\/www.booksonthemove.fr\/#\/schema\/logo\/image\/"},"sameAs":["https:\/\/www.facebook.com\/Librairiebooksonthemove\/"]}]}},"_links":{"self":[{"href":"https:\/\/www.booksonthemove.fr\/en\/wp-json\/wp\/v2\/product\/2779","targetHints":{"allow":["GET"]}}],"collection":[{"href":"https:\/\/www.booksonthemove.fr\/en\/wp-json\/wp\/v2\/product"}],"about":[{"href":"https:\/\/www.booksonthemove.fr\/en\/wp-json\/wp\/v2\/types\/product"}],"wp:featuredmedia":[{"embeddable":true,"href":"https:\/\/www.booksonthemove.fr\/en\/wp-json\/wp\/v2\/media\/2429"}],"wp:attachment":[{"href":"https:\/\/www.booksonthemove.fr\/en\/wp-json\/wp\/v2\/media?parent=2779"}],"wp:term":[{"taxonomy":"product_brand","embeddable":true,"href":"https:\/\/www.booksonthemove.fr\/en\/wp-json\/wp\/v2\/product_brand?post=2779"},{"taxonomy":"product_cat","embeddable":true,"href":"https:\/\/www.booksonthemove.fr\/en\/wp-json\/wp\/v2\/product_cat?post=2779"},{"taxonomy":"product_tag","embeddable":true,"href":"https:\/\/www.booksonthemove.fr\/en\/wp-json\/wp\/v2\/product_tag?post=2779"}],"curies":[{"name":"wp","href":"https:\/\/api.w.org\/{rel}","templated":true}]}}

<p>En un clin d’œil, un coup de fil, tout bascule.</p>
<p>La porte s’ouvre.</p>
<p>Cinq personnes pénètrent et, calmement, s’activent autour de moi.</p>
<p>Des regards se croisent, des questions fusent face à mon corps allongé sur un brancard, entouré du Samu qui m’emmène.</p>
<p>L’hôpital : les visages se cachent derrière des masques.</p>
<p>Une voix me dit : “ C’est gravissime, monsieur, nous allons vous endormir. ”</p>
<p>Vision des ampoules au plafond qui défilent à toute allure au-dessus de moi.</p>
<p>Et le noir, un sommeil (coma artificiel) de deux mois.&#8217;</p>
<p>Avec sobriété et intensité, le danseur et chorégraphe Pedro Pauwels raconte son &#8220;accident&#8221;, une méningite foudroyante survenue en 2004, le coma, l’amputation, la rééducation qui ont suivi. La force du texte tient à celle de son auteur, à sa volonté de récupérer jusqu’à revenir sur scène pour danser. Il nous livre un récit plein de vie et d’espoir.</p>

<p><b>Auteur: </b> Pedro Pauwels<br />
<b>Editeur: </b>Centre national de la danse (2009)</p>
<p><strong>Broché:</strong> 160 pages<br />
<b>Langue: </b>Français<br />
<strong>ISBN 13</strong>: 978-2-914124-38-6</p>

<!-- This site is optimized with the Yoast SEO plugin v27.4 - https://yoast.com/product/yoast-seo-wordpress/ -->
<title>J&#039;ai fait le beau au bois dormant - Books on the Move</title>
<meta name="robots" content="index, follow, max-snippet:-1, max-image-preview:large, max-video-preview:-1" />
<link rel="canonical" href="https://www.booksonthemove.fr/en/produit/jai-fait-le-beau-au-bois-dormant/" />
<meta property="og:locale" content="en_US" />
<meta property="og:type" content="article" />
<meta property="og:title" content="J&#039;ai fait le beau au bois dormant - Books on the Move" />
<meta property="og:description" content="Auteur: Pedro Pauwels Editeur: Centre national de la danse (2009)  Broché: 160 pages Langue: Français ISBN 13: 978-2-914124-38-6" />
<meta property="og:url" content="https://www.booksonthemove.fr/en/produit/jai-fait-le-beau-au-bois-dormant/" />
<meta property="og:site_name" content="Books on the Move" />
<meta property="article:publisher" content="https://www.facebook.com/Librairiebooksonthemove/" />
<meta property="article:modified_time" content="2020-12-11T17:45:53+00:00" />
<meta property="og:image" content="https://www.booksonthemove.fr/media/bom_1397_0.jpg" />
	<meta property="og:image:width" content="900" />
	<meta property="og:image:height" content="1363" />
	<meta property="og:image:type" content="image/jpeg" />
<meta name="twitter:card" content="summary_large_image" />
<script type="application/ld+json" class="yoast-schema-graph">{"@context":"https:\/\/schema.org","@graph":[{"@type":"WebPage","@id":"https:\/\/www.booksonthemove.fr\/en\/produit\/jai-fait-le-beau-au-bois-dormant\/","url":"https:\/\/www.booksonthemove.fr\/en\/produit\/jai-fait-le-beau-au-bois-dormant\/","name":"J'ai fait le beau au bois dormant - Books on the Move","isPartOf":{"@id":"https:\/\/www.booksonthemove.fr\/#website"},"primaryImageOfPage":{"@id":"https:\/\/www.booksonthemove.fr\/en\/produit\/jai-fait-le-beau-au-bois-dormant\/#primaryimage"},"image":{"@id":"https:\/\/www.booksonthemove.fr\/en\/produit\/jai-fait-le-beau-au-bois-dormant\/#primaryimage"},"thumbnailUrl":"https:\/\/www.booksonthemove.fr\/media\/bom_1397_0.jpg","datePublished":"2016-08-28T09:15:58+00:00","dateModified":"2020-12-11T17:45:53+00:00","breadcrumb":{"@id":"https:\/\/www.booksonthemove.fr\/en\/produit\/jai-fait-le-beau-au-bois-dormant\/#breadcrumb"},"inLanguage":"en-US","potentialAction":[{"@type":"ReadAction","target":["https:\/\/www.booksonthemove.fr\/en\/produit\/jai-fait-le-beau-au-bois-dormant\/"]}]},{"@type":"ImageObject","inLanguage":"en-US","@id":"https:\/\/www.booksonthemove.fr\/en\/produit\/jai-fait-le-beau-au-bois-dormant\/#primaryimage","url":"https:\/\/www.booksonthemove.fr\/media\/bom_1397_0.jpg","contentUrl":"https:\/\/www.booksonthemove.fr\/media\/bom_1397_0.jpg","width":900,"height":1363},{"@type":"BreadcrumbList","@id":"https:\/\/www.booksonthemove.fr\/en\/produit\/jai-fait-le-beau-au-bois-dormant\/#breadcrumb","itemListElement":[{"@type":"ListItem","position":1,"name":"Accueil","item":"https:\/\/www.booksonthemove.fr\/en\/"},{"@type":"ListItem","position":2,"name":"online store","item":"https:\/\/www.booksonthemove.fr\/en\/online-shop\/"},{"@type":"ListItem","position":3,"name":"J&#8217;ai fait le beau au bois dormant"}]},{"@type":"WebSite","@id":"https:\/\/www.booksonthemove.fr\/#website","url":"https:\/\/www.booksonthemove.fr\/","name":"Books on the Move","description":"librairie nomade - danse - mouvement - performance","publisher":{"@id":"https:\/\/www.booksonthemove.fr\/#organization"},"potentialAction":[{"@type":"SearchAction","target":{"@type":"EntryPoint","urlTemplate":"https:\/\/www.booksonthemove.fr\/?s={search_term_string}"},"query-input":{"@type":"PropertyValueSpecification","valueRequired":true,"valueName":"search_term_string"}}],"inLanguage":"en-US"},{"@type":"Organization","@id":"https:\/\/www.booksonthemove.fr\/#organization","name":"Books on the Move","url":"https:\/\/www.booksonthemove.fr\/","logo":{"@type":"ImageObject","inLanguage":"en-US","@id":"https:\/\/www.booksonthemove.fr\/#\/schema\/logo\/image\/","url":"https:\/\/www.booksonthemove.fr\/media\/logo-NB-400.jpg","contentUrl":"https:\/\/www.booksonthemove.fr\/media\/logo-NB-400.jpg","width":400,"height":143,"caption":"Books on the Move"},"image":{"@id":"https:\/\/www.booksonthemove.fr\/#\/schema\/logo\/image\/"},"sameAs":["https:\/\/www.facebook.com\/Librairiebooksonthemove\/"]}]}</script>
<!-- / Yoast SEO plugin. -->

Auteur: Pedro Pauwels Editeur: Centre national de la danse (2009)  Broché: 160 pages Langue: Français ISBN 13: 978-2-914124-38-6
