{"id":2800,"date":"2016-08-06T09:56:36","date_gmt":"2016-08-06T07:56:36","guid":{"rendered":"https:\/\/www.booksonthemove.fr\/en\/product\/suzanne-perrottet-%c2%96-bewegungen-movements\/"},"modified":"2024-10-22T18:24:15","modified_gmt":"2024-10-22T16:24:15","slug":"suzanne-perrottet-%c2%96-bewegungen-movements","status":"publish","type":"product","link":"https:\/\/www.booksonthemove.fr\/en\/produit\/suzanne-perrottet-%c2%96-bewegungen-movements\/","title":{"rendered":"Suzanne Perrottet  &#8211; Bewegungen \/ Movements"},"content":{"rendered":"<p>Bewegugen aus dem Bildarchiv der T\u00e4nzerin Suzanne Perrottet<\/p>\n<p>408 S\/W-Abbildungen 102 Farbabbildungen<\/p>\n<p>Suzanne Perrottet (1889\u0096-1983), aufgewachsen in Genf, Ausbildung in Rhythmik bei \u00c9mile Jaques-Dalcroze, Lehrerin in Hellerau, unter anderem von Mary Wigman. 1912 lernt sie den T\u00e4nzer, Choreografen und Tanztheoretiker Rudolf von Laban kennen, zieht mit ihm in die K\u00fcnsterkolonie auf dem Monte Verit\u00e0 bei Ascona, anschliessend nach Z\u00fcrich, wo sie bei den Dada-Abenden auftritt. Im Sommer 1913 auf dem Monte Verit\u00e0 \u0096 die grosse Wende! Zusammen mit Laban, Wigman und anderen entdeckt sie die Bedeutung und Ausdruckskraft der nat\u00fcrlichen Bewegung und Gestik, der T\u00f6ne und der W\u00f6rter. Der moderne Ausdruckstanz ist geboren. Das Arbeiten mit den nat\u00fcrlichen Bewegungen soll nun allen Menschen zugute kommen \u0096 Ziel ist die Befreiung von K\u00f6rper und Geist.<\/p>\n<p>1920 gr\u00fcndet Suzanne Perrottet ihre eigene Schule in Z\u00fcrich, unterrichtet T\u00e4nzer, Schauspieler, Kinder und Erwachsene, darunter Menschen mit k\u00f6rperlichen und seelischen Problemen, und forscht intensiv weiter. Da es kein brauchbares Anschauungsmaterial gibt, beginnt sie, Bilder von Bewegungen, Gestik und Mimik aus Zeitschriften auszuschneiden. Nach Stichworten geordnet, legt sie eine eigene Sammlung an. In \u00fcber sechzig Jahren ist so ein Archiv mit mehr als 10\u0092000 Bildern entstanden. Sie arbeitete bis zu ihrem 89. Lebensjahr. Nach ihrem Tode gerieten die Bananenschachteln mit Zeitungsausschnitten in Vergessenheit. Dieses Buch gibt einen Einblick in diese einmalige Sammlung \u0096 ein Bildarchiv der Bewegung.<\/p>\n","protected":false},"excerpt":{"rendered":"<p><b>Hg.: <\/b> Giorgio Wolfensberger<br \/>\n<strong>Verlag:<\/strong> Edition Patrick Frey (2014)<\/p>\n<p><strong>Broschiert:<\/strong> 280 Seiten<br \/>\n<b>Sprache: <\/b>Deutsch\/Englisch<br \/>\n<strong>ISBN13:<\/strong> 978-3-905929-50-8<\/p>\n<p><strong>THIS TITLE IS AVAILABLE IN BERLIN<\/strong><\/p>\n","protected":false},"featured_media":2287,"template":"","meta":[],"product_brand":[],"product_cat":[167,210,296,205],"product_tag":[],"class_list":{"0":"post-2800","1":"product","2":"type-product","3":"status-publish","4":"has-post-thumbnail","6":"product_cat-german-en","7":"product_cat-archivesdocumentation-en","8":"product_cat-nice-big-books","9":"product_cat-photography-en","11":"first","12":"outofstock","13":"taxable","14":"shipping-taxable","15":"purchasable","16":"product-type-simple"},"yoast_head":"<!-- This site is optimized with the Yoast SEO plugin v27.4 - https:\/\/yoast.com\/product\/yoast-seo-wordpress\/ -->\n<title>Suzanne Perrottet - Bewegungen \/ Movements - Books on the Move<\/title>\n<meta name=\"robots\" content=\"index, follow, max-snippet:-1, max-image-preview:large, max-video-preview:-1\" \/>\n<link rel=\"canonical\" href=\"https:\/\/www.booksonthemove.fr\/produit\/suzanne-perrottet-\u0096-bewegungen-movements\/\" \/>\n<meta property=\"og:locale\" content=\"en_US\" \/>\n<meta property=\"og:type\" content=\"article\" \/>\n<meta property=\"og:title\" content=\"Suzanne Perrottet - Bewegungen \/ Movements - Books on the Move\" \/>\n<meta property=\"og:description\" content=\"Hg.: Giorgio Wolfensberger Verlag: Edition Patrick Frey (2014)  Broschiert: 280 Seiten Sprache: Deutsch\/Englisch ISBN13: 978-3-905929-50-8  THIS TITLE IS AVAILABLE IN BERLIN\" \/>\n<meta property=\"og:url\" content=\"https:\/\/www.booksonthemove.fr\/produit\/suzanne-perrottet-\u0096-bewegungen-movements\/\" \/>\n<meta property=\"og:site_name\" content=\"Books on the Move\" \/>\n<meta property=\"article:publisher\" content=\"https:\/\/www.facebook.com\/Librairiebooksonthemove\/\" \/>\n<meta property=\"article:modified_time\" content=\"2024-10-22T16:24:15+00:00\" \/>\n<meta property=\"og:image\" content=\"https:\/\/www.booksonthemove.fr\/media\/bom_1296_0.jpg\" \/>\n\t<meta property=\"og:image:width\" content=\"900\" \/>\n\t<meta property=\"og:image:height\" content=\"1200\" \/>\n\t<meta property=\"og:image:type\" content=\"image\/jpeg\" \/>\n<meta name=\"twitter:card\" content=\"summary_large_image\" \/>\n<script type=\"application\/ld+json\" class=\"yoast-schema-graph\">{\"@context\":\"https:\\\/\\\/schema.org\",\"@graph\":[{\"@type\":\"WebPage\",\"@id\":\"https:\\\/\\\/www.booksonthemove.fr\\\/produit\\\/suzanne-perrottet-%c2%96-bewegungen-movements\\\/\",\"url\":\"https:\\\/\\\/www.booksonthemove.fr\\\/produit\\\/suzanne-perrottet-%c2%96-bewegungen-movements\\\/\",\"name\":\"Suzanne Perrottet - Bewegungen \\\/ Movements - Books on the Move\",\"isPartOf\":{\"@id\":\"https:\\\/\\\/www.booksonthemove.fr\\\/#website\"},\"primaryImageOfPage\":{\"@id\":\"https:\\\/\\\/www.booksonthemove.fr\\\/produit\\\/suzanne-perrottet-%c2%96-bewegungen-movements\\\/#primaryimage\"},\"image\":{\"@id\":\"https:\\\/\\\/www.booksonthemove.fr\\\/produit\\\/suzanne-perrottet-%c2%96-bewegungen-movements\\\/#primaryimage\"},\"thumbnailUrl\":\"https:\\\/\\\/www.booksonthemove.fr\\\/media\\\/bom_1296_0.jpg\",\"datePublished\":\"2016-08-06T07:56:36+00:00\",\"dateModified\":\"2024-10-22T16:24:15+00:00\",\"breadcrumb\":{\"@id\":\"https:\\\/\\\/www.booksonthemove.fr\\\/produit\\\/suzanne-perrottet-%c2%96-bewegungen-movements\\\/#breadcrumb\"},\"inLanguage\":\"en-US\",\"potentialAction\":[{\"@type\":\"ReadAction\",\"target\":[\"https:\\\/\\\/www.booksonthemove.fr\\\/produit\\\/suzanne-perrottet-%c2%96-bewegungen-movements\\\/\"]}]},{\"@type\":\"ImageObject\",\"inLanguage\":\"en-US\",\"@id\":\"https:\\\/\\\/www.booksonthemove.fr\\\/produit\\\/suzanne-perrottet-%c2%96-bewegungen-movements\\\/#primaryimage\",\"url\":\"https:\\\/\\\/www.booksonthemove.fr\\\/media\\\/bom_1296_0.jpg\",\"contentUrl\":\"https:\\\/\\\/www.booksonthemove.fr\\\/media\\\/bom_1296_0.jpg\",\"width\":900,\"height\":1200},{\"@type\":\"BreadcrumbList\",\"@id\":\"https:\\\/\\\/www.booksonthemove.fr\\\/produit\\\/suzanne-perrottet-%c2%96-bewegungen-movements\\\/#breadcrumb\",\"itemListElement\":[{\"@type\":\"ListItem\",\"position\":1,\"name\":\"Accueil\",\"item\":\"https:\\\/\\\/www.booksonthemove.fr\\\/en\\\/\"},{\"@type\":\"ListItem\",\"position\":2,\"name\":\"online store\",\"item\":\"https:\\\/\\\/www.booksonthemove.fr\\\/en\\\/online-shop\\\/\"},{\"@type\":\"ListItem\",\"position\":3,\"name\":\"Suzanne Perrottet &#8211; Bewegungen \\\/ Movements\"}]},{\"@type\":\"WebSite\",\"@id\":\"https:\\\/\\\/www.booksonthemove.fr\\\/#website\",\"url\":\"https:\\\/\\\/www.booksonthemove.fr\\\/\",\"name\":\"Books on the Move\",\"description\":\"librairie nomade - danse - mouvement - performance\",\"publisher\":{\"@id\":\"https:\\\/\\\/www.booksonthemove.fr\\\/#organization\"},\"potentialAction\":[{\"@type\":\"SearchAction\",\"target\":{\"@type\":\"EntryPoint\",\"urlTemplate\":\"https:\\\/\\\/www.booksonthemove.fr\\\/?s={search_term_string}\"},\"query-input\":{\"@type\":\"PropertyValueSpecification\",\"valueRequired\":true,\"valueName\":\"search_term_string\"}}],\"inLanguage\":\"en-US\"},{\"@type\":\"Organization\",\"@id\":\"https:\\\/\\\/www.booksonthemove.fr\\\/#organization\",\"name\":\"Books on the Move\",\"url\":\"https:\\\/\\\/www.booksonthemove.fr\\\/\",\"logo\":{\"@type\":\"ImageObject\",\"inLanguage\":\"en-US\",\"@id\":\"https:\\\/\\\/www.booksonthemove.fr\\\/#\\\/schema\\\/logo\\\/image\\\/\",\"url\":\"https:\\\/\\\/www.booksonthemove.fr\\\/media\\\/logo-NB-400.jpg\",\"contentUrl\":\"https:\\\/\\\/www.booksonthemove.fr\\\/media\\\/logo-NB-400.jpg\",\"width\":400,\"height\":143,\"caption\":\"Books on the Move\"},\"image\":{\"@id\":\"https:\\\/\\\/www.booksonthemove.fr\\\/#\\\/schema\\\/logo\\\/image\\\/\"},\"sameAs\":[\"https:\\\/\\\/www.facebook.com\\\/Librairiebooksonthemove\\\/\"]}]}<\/script>\n<!-- \/ Yoast SEO plugin. -->","yoast_head_json":{"title":"Suzanne Perrottet - Bewegungen \/ Movements - Books on the Move","robots":{"index":"index","follow":"follow","max-snippet":"max-snippet:-1","max-image-preview":"max-image-preview:large","max-video-preview":"max-video-preview:-1"},"canonical":"https:\/\/www.booksonthemove.fr\/produit\/suzanne-perrottet-\u0096-bewegungen-movements\/","og_locale":"en_US","og_type":"article","og_title":"Suzanne Perrottet - Bewegungen \/ Movements - Books on the Move","og_description":"Hg.: Giorgio Wolfensberger Verlag: Edition Patrick Frey (2014)  Broschiert: 280 Seiten Sprache: Deutsch\/Englisch ISBN13: 978-3-905929-50-8  THIS TITLE IS AVAILABLE IN BERLIN","og_url":"https:\/\/www.booksonthemove.fr\/produit\/suzanne-perrottet-\u0096-bewegungen-movements\/","og_site_name":"Books on the Move","article_publisher":"https:\/\/www.facebook.com\/Librairiebooksonthemove\/","article_modified_time":"2024-10-22T16:24:15+00:00","og_image":[{"width":900,"height":1200,"url":"https:\/\/www.booksonthemove.fr\/media\/bom_1296_0.jpg","type":"image\/jpeg"}],"twitter_card":"summary_large_image","schema":{"@context":"https:\/\/schema.org","@graph":[{"@type":"WebPage","@id":"https:\/\/www.booksonthemove.fr\/produit\/suzanne-perrottet-%c2%96-bewegungen-movements\/","url":"https:\/\/www.booksonthemove.fr\/produit\/suzanne-perrottet-%c2%96-bewegungen-movements\/","name":"Suzanne Perrottet - Bewegungen \/ Movements - Books on the Move","isPartOf":{"@id":"https:\/\/www.booksonthemove.fr\/#website"},"primaryImageOfPage":{"@id":"https:\/\/www.booksonthemove.fr\/produit\/suzanne-perrottet-%c2%96-bewegungen-movements\/#primaryimage"},"image":{"@id":"https:\/\/www.booksonthemove.fr\/produit\/suzanne-perrottet-%c2%96-bewegungen-movements\/#primaryimage"},"thumbnailUrl":"https:\/\/www.booksonthemove.fr\/media\/bom_1296_0.jpg","datePublished":"2016-08-06T07:56:36+00:00","dateModified":"2024-10-22T16:24:15+00:00","breadcrumb":{"@id":"https:\/\/www.booksonthemove.fr\/produit\/suzanne-perrottet-%c2%96-bewegungen-movements\/#breadcrumb"},"inLanguage":"en-US","potentialAction":[{"@type":"ReadAction","target":["https:\/\/www.booksonthemove.fr\/produit\/suzanne-perrottet-%c2%96-bewegungen-movements\/"]}]},{"@type":"ImageObject","inLanguage":"en-US","@id":"https:\/\/www.booksonthemove.fr\/produit\/suzanne-perrottet-%c2%96-bewegungen-movements\/#primaryimage","url":"https:\/\/www.booksonthemove.fr\/media\/bom_1296_0.jpg","contentUrl":"https:\/\/www.booksonthemove.fr\/media\/bom_1296_0.jpg","width":900,"height":1200},{"@type":"BreadcrumbList","@id":"https:\/\/www.booksonthemove.fr\/produit\/suzanne-perrottet-%c2%96-bewegungen-movements\/#breadcrumb","itemListElement":[{"@type":"ListItem","position":1,"name":"Accueil","item":"https:\/\/www.booksonthemove.fr\/en\/"},{"@type":"ListItem","position":2,"name":"online store","item":"https:\/\/www.booksonthemove.fr\/en\/online-shop\/"},{"@type":"ListItem","position":3,"name":"Suzanne Perrottet &#8211; Bewegungen \/ Movements"}]},{"@type":"WebSite","@id":"https:\/\/www.booksonthemove.fr\/#website","url":"https:\/\/www.booksonthemove.fr\/","name":"Books on the Move","description":"librairie nomade - danse - mouvement - performance","publisher":{"@id":"https:\/\/www.booksonthemove.fr\/#organization"},"potentialAction":[{"@type":"SearchAction","target":{"@type":"EntryPoint","urlTemplate":"https:\/\/www.booksonthemove.fr\/?s={search_term_string}"},"query-input":{"@type":"PropertyValueSpecification","valueRequired":true,"valueName":"search_term_string"}}],"inLanguage":"en-US"},{"@type":"Organization","@id":"https:\/\/www.booksonthemove.fr\/#organization","name":"Books on the Move","url":"https:\/\/www.booksonthemove.fr\/","logo":{"@type":"ImageObject","inLanguage":"en-US","@id":"https:\/\/www.booksonthemove.fr\/#\/schema\/logo\/image\/","url":"https:\/\/www.booksonthemove.fr\/media\/logo-NB-400.jpg","contentUrl":"https:\/\/www.booksonthemove.fr\/media\/logo-NB-400.jpg","width":400,"height":143,"caption":"Books on the Move"},"image":{"@id":"https:\/\/www.booksonthemove.fr\/#\/schema\/logo\/image\/"},"sameAs":["https:\/\/www.facebook.com\/Librairiebooksonthemove\/"]}]}},"_links":{"self":[{"href":"https:\/\/www.booksonthemove.fr\/en\/wp-json\/wp\/v2\/product\/2800","targetHints":{"allow":["GET"]}}],"collection":[{"href":"https:\/\/www.booksonthemove.fr\/en\/wp-json\/wp\/v2\/product"}],"about":[{"href":"https:\/\/www.booksonthemove.fr\/en\/wp-json\/wp\/v2\/types\/product"}],"wp:featuredmedia":[{"embeddable":true,"href":"https:\/\/www.booksonthemove.fr\/en\/wp-json\/wp\/v2\/media\/2287"}],"wp:attachment":[{"href":"https:\/\/www.booksonthemove.fr\/en\/wp-json\/wp\/v2\/media?parent=2800"}],"wp:term":[{"taxonomy":"product_brand","embeddable":true,"href":"https:\/\/www.booksonthemove.fr\/en\/wp-json\/wp\/v2\/product_brand?post=2800"},{"taxonomy":"product_cat","embeddable":true,"href":"https:\/\/www.booksonthemove.fr\/en\/wp-json\/wp\/v2\/product_cat?post=2800"},{"taxonomy":"product_tag","embeddable":true,"href":"https:\/\/www.booksonthemove.fr\/en\/wp-json\/wp\/v2\/product_tag?post=2800"}],"curies":[{"name":"wp","href":"https:\/\/api.w.org\/{rel}","templated":true}]}}

<p>Bewegugen aus dem Bildarchiv der Tänzerin Suzanne Perrottet</p>
<p>408 S/W-Abbildungen 102 Farbabbildungen</p>
<p>Suzanne Perrottet (1889-1983), aufgewachsen in Genf, Ausbildung in Rhythmik bei Émile Jaques-Dalcroze, Lehrerin in Hellerau, unter anderem von Mary Wigman. 1912 lernt sie den Tänzer, Choreografen und Tanztheoretiker Rudolf von Laban kennen, zieht mit ihm in die Künsterkolonie auf dem Monte Verità bei Ascona, anschliessend nach Zürich, wo sie bei den Dada-Abenden auftritt. Im Sommer 1913 auf dem Monte Verità  die grosse Wende! Zusammen mit Laban, Wigman und anderen entdeckt sie die Bedeutung und Ausdruckskraft der natürlichen Bewegung und Gestik, der Töne und der Wörter. Der moderne Ausdruckstanz ist geboren. Das Arbeiten mit den natürlichen Bewegungen soll nun allen Menschen zugute kommen  Ziel ist die Befreiung von Körper und Geist.</p>
<p>1920 gründet Suzanne Perrottet ihre eigene Schule in Zürich, unterrichtet Tänzer, Schauspieler, Kinder und Erwachsene, darunter Menschen mit körperlichen und seelischen Problemen, und forscht intensiv weiter. Da es kein brauchbares Anschauungsmaterial gibt, beginnt sie, Bilder von Bewegungen, Gestik und Mimik aus Zeitschriften auszuschneiden. Nach Stichworten geordnet, legt sie eine eigene Sammlung an. In über sechzig Jahren ist so ein Archiv mit mehr als 10000 Bildern entstanden. Sie arbeitete bis zu ihrem 89. Lebensjahr. Nach ihrem Tode gerieten die Bananenschachteln mit Zeitungsausschnitten in Vergessenheit. Dieses Buch gibt einen Einblick in diese einmalige Sammlung  ein Bildarchiv der Bewegung.</p>
