{"id":2853,"date":"2016-08-28T01:19:33","date_gmt":"2016-08-27T23:19:33","guid":{"rendered":"https:\/\/www.booksonthemove.fr\/en\/product\/oskar-schlemmer-lhomme-et-la-figure-dart\/"},"modified":"2023-11-08T18:13:23","modified_gmt":"2023-11-08T17:13:23","slug":"oskar-schlemmer-lhomme-et-la-figure-dart","status":"publish","type":"product","link":"https:\/\/www.booksonthemove.fr\/en\/produit\/oskar-schlemmer-lhomme-et-la-figure-dart\/","title":{"rendered":"Oskar Schlemmer, l&#8217;homme et la figure d&#8217;art"},"content":{"rendered":"<p>Au d\u00e9but du XXe si\u00e8cle, Oskar Schlemmer, \u00e0 la fois peintre, sculpteur, danseur et chor\u00e9graphe, l\u2019un des cr\u00e9ateurs les plus innovants du Bauhaus, propose une d\u00e9marche radicale sur la voie d\u2019un th\u00e9\u00e2tre abstrait.<\/p>\n<p>Cet ouvrage propose des regards vari\u00e9s sur l\u2019\u0153uvre de Schlemmer, ceux d\u2019universitaires &#8211; entre histoire, psychanalyse et philosophie &#8211; mais aussi ceux de danseurs et chor\u00e9graphes qui ont reconstruit ses danses ou se sont inspir\u00e9s de son \u0153uvre.<\/p>\n<p>Il s\u2019ouvre sur deux textes in\u00e9dits qu\u2019Oskar Schlemmer consacra \u00e0 la sc\u00e8ne et au Ballet triadique, et se cl\u00f4t sur une analyse de ce qui relie la pens\u00e9e de Schlemmer aux bouleversements actuels entra\u00een\u00e9s par les outils num\u00e9riques.<\/p>\n<p>Auteurs : Oskar Schlemmer, Corinne Diserens, C. Raman Schlemmer, Claire Rousier, Dirk Scheper, V\u00e9ronique Fabbri, Didier Plassard, Pierre-Damien Huyghe, Claude Rabant, Daniel Dobbels, Mark Franko, Marc Lawton, Maril\u00e9n Iglesias-Breuker, Sally Jane Norman.<\/p>\n","protected":false},"excerpt":{"rendered":"<p><b>Auteur: <\/b> ouvrage collectif sous la direction de Claire Rousier<br \/>\n<b>Editeur: <\/b>Centre national de la danse (2002)<\/p>\n<p><strong>Broch\u00e9:<\/strong> 192 pages<br \/>\n<b>Langue: <\/b>Fran\u00e7ais<br \/>\n<strong>ISBN13:<\/strong> 2-914124-14-7<\/p>\n","protected":false},"featured_media":1308,"template":"","meta":[],"product_brand":[],"product_cat":[248,227,162,136,170,291],"product_tag":[],"class_list":{"0":"post-2853","1":"product","2":"type-product","3":"status-publish","4":"has-post-thumbnail","6":"product_cat-bauhaus-en","7":"product_cat-essays-en","8":"product_cat-french-en","9":"product_cat-histoire-en","10":"product_cat-artists-career-en","11":"product_cat-pluridisciplinarity","13":"first","14":"outofstock","15":"taxable","16":"shipping-taxable","17":"purchasable","18":"product-type-simple"},"yoast_head":"<!-- This site is optimized with the Yoast SEO plugin v27.4 - https:\/\/yoast.com\/product\/yoast-seo-wordpress\/ -->\n<title>Oskar Schlemmer, l&#039;homme et la figure d&#039;art - Books on the Move<\/title>\n<meta name=\"robots\" content=\"index, follow, max-snippet:-1, max-image-preview:large, max-video-preview:-1\" \/>\n<link rel=\"canonical\" href=\"https:\/\/www.booksonthemove.fr\/produit\/oskar-schlemmer-lhomme-et-la-figure-dart\/\" \/>\n<meta property=\"og:locale\" content=\"en_US\" \/>\n<meta property=\"og:type\" content=\"article\" \/>\n<meta property=\"og:title\" content=\"Oskar Schlemmer, l&#039;homme et la figure d&#039;art - Books on the Move\" \/>\n<meta property=\"og:description\" content=\"Auteur: ouvrage collectif sous la direction de Claire Rousier Editeur: Centre national de la danse (2002)  Broch\u00e9: 192 pages Langue: Fran\u00e7ais ISBN13: 2-914124-14-7\" \/>\n<meta property=\"og:url\" content=\"https:\/\/www.booksonthemove.fr\/produit\/oskar-schlemmer-lhomme-et-la-figure-dart\/\" \/>\n<meta property=\"og:site_name\" content=\"Books on the Move\" \/>\n<meta property=\"article:publisher\" content=\"https:\/\/www.facebook.com\/Librairiebooksonthemove\/\" \/>\n<meta property=\"article:modified_time\" content=\"2023-11-08T17:13:23+00:00\" \/>\n<meta property=\"og:image\" content=\"https:\/\/www.booksonthemove.fr\/media\/bom_1254_0.jpg\" \/>\n\t<meta property=\"og:image:width\" content=\"900\" \/>\n\t<meta property=\"og:image:height\" content=\"1338\" \/>\n\t<meta property=\"og:image:type\" content=\"image\/jpeg\" \/>\n<meta name=\"twitter:card\" content=\"summary_large_image\" \/>\n<script type=\"application\/ld+json\" class=\"yoast-schema-graph\">{\"@context\":\"https:\\\/\\\/schema.org\",\"@graph\":[{\"@type\":\"WebPage\",\"@id\":\"https:\\\/\\\/www.booksonthemove.fr\\\/produit\\\/oskar-schlemmer-lhomme-et-la-figure-dart\\\/\",\"url\":\"https:\\\/\\\/www.booksonthemove.fr\\\/produit\\\/oskar-schlemmer-lhomme-et-la-figure-dart\\\/\",\"name\":\"Oskar Schlemmer, l'homme et la figure d'art - Books on the Move\",\"isPartOf\":{\"@id\":\"https:\\\/\\\/www.booksonthemove.fr\\\/#website\"},\"primaryImageOfPage\":{\"@id\":\"https:\\\/\\\/www.booksonthemove.fr\\\/produit\\\/oskar-schlemmer-lhomme-et-la-figure-dart\\\/#primaryimage\"},\"image\":{\"@id\":\"https:\\\/\\\/www.booksonthemove.fr\\\/produit\\\/oskar-schlemmer-lhomme-et-la-figure-dart\\\/#primaryimage\"},\"thumbnailUrl\":\"https:\\\/\\\/www.booksonthemove.fr\\\/media\\\/bom_1254_0.jpg\",\"datePublished\":\"2016-08-27T23:19:33+00:00\",\"dateModified\":\"2023-11-08T17:13:23+00:00\",\"breadcrumb\":{\"@id\":\"https:\\\/\\\/www.booksonthemove.fr\\\/produit\\\/oskar-schlemmer-lhomme-et-la-figure-dart\\\/#breadcrumb\"},\"inLanguage\":\"en-US\",\"potentialAction\":[{\"@type\":\"ReadAction\",\"target\":[\"https:\\\/\\\/www.booksonthemove.fr\\\/produit\\\/oskar-schlemmer-lhomme-et-la-figure-dart\\\/\"]}]},{\"@type\":\"ImageObject\",\"inLanguage\":\"en-US\",\"@id\":\"https:\\\/\\\/www.booksonthemove.fr\\\/produit\\\/oskar-schlemmer-lhomme-et-la-figure-dart\\\/#primaryimage\",\"url\":\"https:\\\/\\\/www.booksonthemove.fr\\\/media\\\/bom_1254_0.jpg\",\"contentUrl\":\"https:\\\/\\\/www.booksonthemove.fr\\\/media\\\/bom_1254_0.jpg\",\"width\":900,\"height\":1338,\"caption\":\"Oskar Schlemmer\"},{\"@type\":\"BreadcrumbList\",\"@id\":\"https:\\\/\\\/www.booksonthemove.fr\\\/produit\\\/oskar-schlemmer-lhomme-et-la-figure-dart\\\/#breadcrumb\",\"itemListElement\":[{\"@type\":\"ListItem\",\"position\":1,\"name\":\"Accueil\",\"item\":\"https:\\\/\\\/www.booksonthemove.fr\\\/en\\\/\"},{\"@type\":\"ListItem\",\"position\":2,\"name\":\"online store\",\"item\":\"https:\\\/\\\/www.booksonthemove.fr\\\/en\\\/online-shop\\\/\"},{\"@type\":\"ListItem\",\"position\":3,\"name\":\"Oskar Schlemmer, l&rsquo;homme et la figure d&rsquo;art\"}]},{\"@type\":\"WebSite\",\"@id\":\"https:\\\/\\\/www.booksonthemove.fr\\\/#website\",\"url\":\"https:\\\/\\\/www.booksonthemove.fr\\\/\",\"name\":\"Books on the Move\",\"description\":\"librairie nomade - danse - mouvement - performance\",\"publisher\":{\"@id\":\"https:\\\/\\\/www.booksonthemove.fr\\\/#organization\"},\"potentialAction\":[{\"@type\":\"SearchAction\",\"target\":{\"@type\":\"EntryPoint\",\"urlTemplate\":\"https:\\\/\\\/www.booksonthemove.fr\\\/?s={search_term_string}\"},\"query-input\":{\"@type\":\"PropertyValueSpecification\",\"valueRequired\":true,\"valueName\":\"search_term_string\"}}],\"inLanguage\":\"en-US\"},{\"@type\":\"Organization\",\"@id\":\"https:\\\/\\\/www.booksonthemove.fr\\\/#organization\",\"name\":\"Books on the Move\",\"url\":\"https:\\\/\\\/www.booksonthemove.fr\\\/\",\"logo\":{\"@type\":\"ImageObject\",\"inLanguage\":\"en-US\",\"@id\":\"https:\\\/\\\/www.booksonthemove.fr\\\/#\\\/schema\\\/logo\\\/image\\\/\",\"url\":\"https:\\\/\\\/www.booksonthemove.fr\\\/media\\\/logo-NB-400.jpg\",\"contentUrl\":\"https:\\\/\\\/www.booksonthemove.fr\\\/media\\\/logo-NB-400.jpg\",\"width\":400,\"height\":143,\"caption\":\"Books on the Move\"},\"image\":{\"@id\":\"https:\\\/\\\/www.booksonthemove.fr\\\/#\\\/schema\\\/logo\\\/image\\\/\"},\"sameAs\":[\"https:\\\/\\\/www.facebook.com\\\/Librairiebooksonthemove\\\/\"]}]}<\/script>\n<!-- \/ Yoast SEO plugin. -->","yoast_head_json":{"title":"Oskar Schlemmer, l'homme et la figure d'art - Books on the Move","robots":{"index":"index","follow":"follow","max-snippet":"max-snippet:-1","max-image-preview":"max-image-preview:large","max-video-preview":"max-video-preview:-1"},"canonical":"https:\/\/www.booksonthemove.fr\/produit\/oskar-schlemmer-lhomme-et-la-figure-dart\/","og_locale":"en_US","og_type":"article","og_title":"Oskar Schlemmer, l'homme et la figure d'art - Books on the Move","og_description":"Auteur: ouvrage collectif sous la direction de Claire Rousier Editeur: Centre national de la danse (2002)  Broch\u00e9: 192 pages Langue: Fran\u00e7ais ISBN13: 2-914124-14-7","og_url":"https:\/\/www.booksonthemove.fr\/produit\/oskar-schlemmer-lhomme-et-la-figure-dart\/","og_site_name":"Books on the Move","article_publisher":"https:\/\/www.facebook.com\/Librairiebooksonthemove\/","article_modified_time":"2023-11-08T17:13:23+00:00","og_image":[{"width":900,"height":1338,"url":"https:\/\/www.booksonthemove.fr\/media\/bom_1254_0.jpg","type":"image\/jpeg"}],"twitter_card":"summary_large_image","schema":{"@context":"https:\/\/schema.org","@graph":[{"@type":"WebPage","@id":"https:\/\/www.booksonthemove.fr\/produit\/oskar-schlemmer-lhomme-et-la-figure-dart\/","url":"https:\/\/www.booksonthemove.fr\/produit\/oskar-schlemmer-lhomme-et-la-figure-dart\/","name":"Oskar Schlemmer, l'homme et la figure d'art - Books on the Move","isPartOf":{"@id":"https:\/\/www.booksonthemove.fr\/#website"},"primaryImageOfPage":{"@id":"https:\/\/www.booksonthemove.fr\/produit\/oskar-schlemmer-lhomme-et-la-figure-dart\/#primaryimage"},"image":{"@id":"https:\/\/www.booksonthemove.fr\/produit\/oskar-schlemmer-lhomme-et-la-figure-dart\/#primaryimage"},"thumbnailUrl":"https:\/\/www.booksonthemove.fr\/media\/bom_1254_0.jpg","datePublished":"2016-08-27T23:19:33+00:00","dateModified":"2023-11-08T17:13:23+00:00","breadcrumb":{"@id":"https:\/\/www.booksonthemove.fr\/produit\/oskar-schlemmer-lhomme-et-la-figure-dart\/#breadcrumb"},"inLanguage":"en-US","potentialAction":[{"@type":"ReadAction","target":["https:\/\/www.booksonthemove.fr\/produit\/oskar-schlemmer-lhomme-et-la-figure-dart\/"]}]},{"@type":"ImageObject","inLanguage":"en-US","@id":"https:\/\/www.booksonthemove.fr\/produit\/oskar-schlemmer-lhomme-et-la-figure-dart\/#primaryimage","url":"https:\/\/www.booksonthemove.fr\/media\/bom_1254_0.jpg","contentUrl":"https:\/\/www.booksonthemove.fr\/media\/bom_1254_0.jpg","width":900,"height":1338,"caption":"Oskar Schlemmer"},{"@type":"BreadcrumbList","@id":"https:\/\/www.booksonthemove.fr\/produit\/oskar-schlemmer-lhomme-et-la-figure-dart\/#breadcrumb","itemListElement":[{"@type":"ListItem","position":1,"name":"Accueil","item":"https:\/\/www.booksonthemove.fr\/en\/"},{"@type":"ListItem","position":2,"name":"online store","item":"https:\/\/www.booksonthemove.fr\/en\/online-shop\/"},{"@type":"ListItem","position":3,"name":"Oskar Schlemmer, l&rsquo;homme et la figure d&rsquo;art"}]},{"@type":"WebSite","@id":"https:\/\/www.booksonthemove.fr\/#website","url":"https:\/\/www.booksonthemove.fr\/","name":"Books on the Move","description":"librairie nomade - danse - mouvement - performance","publisher":{"@id":"https:\/\/www.booksonthemove.fr\/#organization"},"potentialAction":[{"@type":"SearchAction","target":{"@type":"EntryPoint","urlTemplate":"https:\/\/www.booksonthemove.fr\/?s={search_term_string}"},"query-input":{"@type":"PropertyValueSpecification","valueRequired":true,"valueName":"search_term_string"}}],"inLanguage":"en-US"},{"@type":"Organization","@id":"https:\/\/www.booksonthemove.fr\/#organization","name":"Books on the Move","url":"https:\/\/www.booksonthemove.fr\/","logo":{"@type":"ImageObject","inLanguage":"en-US","@id":"https:\/\/www.booksonthemove.fr\/#\/schema\/logo\/image\/","url":"https:\/\/www.booksonthemove.fr\/media\/logo-NB-400.jpg","contentUrl":"https:\/\/www.booksonthemove.fr\/media\/logo-NB-400.jpg","width":400,"height":143,"caption":"Books on the Move"},"image":{"@id":"https:\/\/www.booksonthemove.fr\/#\/schema\/logo\/image\/"},"sameAs":["https:\/\/www.facebook.com\/Librairiebooksonthemove\/"]}]}},"_links":{"self":[{"href":"https:\/\/www.booksonthemove.fr\/en\/wp-json\/wp\/v2\/product\/2853","targetHints":{"allow":["GET"]}}],"collection":[{"href":"https:\/\/www.booksonthemove.fr\/en\/wp-json\/wp\/v2\/product"}],"about":[{"href":"https:\/\/www.booksonthemove.fr\/en\/wp-json\/wp\/v2\/types\/product"}],"wp:featuredmedia":[{"embeddable":true,"href":"https:\/\/www.booksonthemove.fr\/en\/wp-json\/wp\/v2\/media\/1308"}],"wp:attachment":[{"href":"https:\/\/www.booksonthemove.fr\/en\/wp-json\/wp\/v2\/media?parent=2853"}],"wp:term":[{"taxonomy":"product_brand","embeddable":true,"href":"https:\/\/www.booksonthemove.fr\/en\/wp-json\/wp\/v2\/product_brand?post=2853"},{"taxonomy":"product_cat","embeddable":true,"href":"https:\/\/www.booksonthemove.fr\/en\/wp-json\/wp\/v2\/product_cat?post=2853"},{"taxonomy":"product_tag","embeddable":true,"href":"https:\/\/www.booksonthemove.fr\/en\/wp-json\/wp\/v2\/product_tag?post=2853"}],"curies":[{"name":"wp","href":"https:\/\/api.w.org\/{rel}","templated":true}]}}

<p>Au début du XXe siècle, Oskar Schlemmer, à la fois peintre, sculpteur, danseur et chorégraphe, l’un des créateurs les plus innovants du Bauhaus, propose une démarche radicale sur la voie d’un théâtre abstrait.</p>
<p>Cet ouvrage propose des regards variés sur l’œuvre de Schlemmer, ceux d’universitaires &#8211; entre histoire, psychanalyse et philosophie &#8211; mais aussi ceux de danseurs et chorégraphes qui ont reconstruit ses danses ou se sont inspirés de son œuvre.</p>
<p>Il s’ouvre sur deux textes inédits qu’Oskar Schlemmer consacra à la scène et au Ballet triadique, et se clôt sur une analyse de ce qui relie la pensée de Schlemmer aux bouleversements actuels entraînés par les outils numériques.</p>
<p>Auteurs : Oskar Schlemmer, Corinne Diserens, C. Raman Schlemmer, Claire Rousier, Dirk Scheper, Véronique Fabbri, Didier Plassard, Pierre-Damien Huyghe, Claude Rabant, Daniel Dobbels, Mark Franko, Marc Lawton, Marilén Iglesias-Breuker, Sally Jane Norman.</p>

<p><b>Auteur: </b> ouvrage collectif sous la direction de Claire Rousier<br />
<b>Editeur: </b>Centre national de la danse (2002)</p>
<p><strong>Broché:</strong> 192 pages<br />
<b>Langue: </b>Français<br />
<strong>ISBN13:</strong> 2-914124-14-7</p>

<!-- This site is optimized with the Yoast SEO plugin v27.4 - https://yoast.com/product/yoast-seo-wordpress/ -->
<title>Oskar Schlemmer, l&#039;homme et la figure d&#039;art - Books on the Move</title>
<meta name="robots" content="index, follow, max-snippet:-1, max-image-preview:large, max-video-preview:-1" />
<link rel="canonical" href="https://www.booksonthemove.fr/produit/oskar-schlemmer-lhomme-et-la-figure-dart/" />
<meta property="og:locale" content="en_US" />
<meta property="og:type" content="article" />
<meta property="og:title" content="Oskar Schlemmer, l&#039;homme et la figure d&#039;art - Books on the Move" />
<meta property="og:description" content="Auteur: ouvrage collectif sous la direction de Claire Rousier Editeur: Centre national de la danse (2002)  Broché: 192 pages Langue: Français ISBN13: 2-914124-14-7" />
<meta property="og:url" content="https://www.booksonthemove.fr/produit/oskar-schlemmer-lhomme-et-la-figure-dart/" />
<meta property="og:site_name" content="Books on the Move" />
<meta property="article:publisher" content="https://www.facebook.com/Librairiebooksonthemove/" />
<meta property="article:modified_time" content="2023-11-08T17:13:23+00:00" />
<meta property="og:image" content="https://www.booksonthemove.fr/media/bom_1254_0.jpg" />
	<meta property="og:image:width" content="900" />
	<meta property="og:image:height" content="1338" />
	<meta property="og:image:type" content="image/jpeg" />
<meta name="twitter:card" content="summary_large_image" />
<script type="application/ld+json" class="yoast-schema-graph">{"@context":"https:\/\/schema.org","@graph":[{"@type":"WebPage","@id":"https:\/\/www.booksonthemove.fr\/produit\/oskar-schlemmer-lhomme-et-la-figure-dart\/","url":"https:\/\/www.booksonthemove.fr\/produit\/oskar-schlemmer-lhomme-et-la-figure-dart\/","name":"Oskar Schlemmer, l'homme et la figure d'art - Books on the Move","isPartOf":{"@id":"https:\/\/www.booksonthemove.fr\/#website"},"primaryImageOfPage":{"@id":"https:\/\/www.booksonthemove.fr\/produit\/oskar-schlemmer-lhomme-et-la-figure-dart\/#primaryimage"},"image":{"@id":"https:\/\/www.booksonthemove.fr\/produit\/oskar-schlemmer-lhomme-et-la-figure-dart\/#primaryimage"},"thumbnailUrl":"https:\/\/www.booksonthemove.fr\/media\/bom_1254_0.jpg","datePublished":"2016-08-27T23:19:33+00:00","dateModified":"2023-11-08T17:13:23+00:00","breadcrumb":{"@id":"https:\/\/www.booksonthemove.fr\/produit\/oskar-schlemmer-lhomme-et-la-figure-dart\/#breadcrumb"},"inLanguage":"en-US","potentialAction":[{"@type":"ReadAction","target":["https:\/\/www.booksonthemove.fr\/produit\/oskar-schlemmer-lhomme-et-la-figure-dart\/"]}]},{"@type":"ImageObject","inLanguage":"en-US","@id":"https:\/\/www.booksonthemove.fr\/produit\/oskar-schlemmer-lhomme-et-la-figure-dart\/#primaryimage","url":"https:\/\/www.booksonthemove.fr\/media\/bom_1254_0.jpg","contentUrl":"https:\/\/www.booksonthemove.fr\/media\/bom_1254_0.jpg","width":900,"height":1338,"caption":"Oskar Schlemmer"},{"@type":"BreadcrumbList","@id":"https:\/\/www.booksonthemove.fr\/produit\/oskar-schlemmer-lhomme-et-la-figure-dart\/#breadcrumb","itemListElement":[{"@type":"ListItem","position":1,"name":"Accueil","item":"https:\/\/www.booksonthemove.fr\/en\/"},{"@type":"ListItem","position":2,"name":"online store","item":"https:\/\/www.booksonthemove.fr\/en\/online-shop\/"},{"@type":"ListItem","position":3,"name":"Oskar Schlemmer, l&rsquo;homme et la figure d&rsquo;art"}]},{"@type":"WebSite","@id":"https:\/\/www.booksonthemove.fr\/#website","url":"https:\/\/www.booksonthemove.fr\/","name":"Books on the Move","description":"librairie nomade - danse - mouvement - performance","publisher":{"@id":"https:\/\/www.booksonthemove.fr\/#organization"},"potentialAction":[{"@type":"SearchAction","target":{"@type":"EntryPoint","urlTemplate":"https:\/\/www.booksonthemove.fr\/?s={search_term_string}"},"query-input":{"@type":"PropertyValueSpecification","valueRequired":true,"valueName":"search_term_string"}}],"inLanguage":"en-US"},{"@type":"Organization","@id":"https:\/\/www.booksonthemove.fr\/#organization","name":"Books on the Move","url":"https:\/\/www.booksonthemove.fr\/","logo":{"@type":"ImageObject","inLanguage":"en-US","@id":"https:\/\/www.booksonthemove.fr\/#\/schema\/logo\/image\/","url":"https:\/\/www.booksonthemove.fr\/media\/logo-NB-400.jpg","contentUrl":"https:\/\/www.booksonthemove.fr\/media\/logo-NB-400.jpg","width":400,"height":143,"caption":"Books on the Move"},"image":{"@id":"https:\/\/www.booksonthemove.fr\/#\/schema\/logo\/image\/"},"sameAs":["https:\/\/www.facebook.com\/Librairiebooksonthemove\/"]}]}</script>
<!-- / Yoast SEO plugin. -->

Auteur: ouvrage collectif sous la direction de Claire Rousier Editeur: Centre national de la danse (2002)  Broché: 192 pages Langue: Français ISBN13: 2-914124-14-7
