{"id":33372,"date":"2021-10-18T10:38:47","date_gmt":"2021-10-18T08:38:47","guid":{"rendered":"https:\/\/www.booksonthemove.fr\/produit\/martha-graham-memoire-de-la-danse\/"},"modified":"2026-03-28T09:58:40","modified_gmt":"2026-03-28T08:58:40","slug":"martha-graham-memoire-de-la-danse","status":"publish","type":"product","link":"https:\/\/www.booksonthemove.fr\/en\/produit\/martha-graham-memoire-de-la-danse\/","title":{"rendered":"Martha Graham &#8211; M\u00e9moire de la danse"},"content":{"rendered":"<p align=\"justify\">Des premiers spectacles aux grandes cr\u00e9ations, la danseuse, chor\u00e9graphe et professeur retrace le parcours d\u2019une vie tout enti\u00e8re d\u00e9di\u00e9e \u00e0 la danse.<br \/>\nMerveilleux testament que cette autobiographie de Martha Graham, achev\u00e9e peu de jours avant sa mort, \u00e0 quatre-vingt-seize ans, le 1er avril 1991. Celle qui r\u00e9volutionna son art au point que, dans son domaine, on peut la comparer \u00e0 Picasso, Joyce ou Stravinski, se raconte et retrace le parcours d\u2019une vie tout enti\u00e8re d\u00e9di\u00e9e \u00e0 la danse. De ses premiers spectacles, avec trois danseurs, jusqu\u2019\u00e0 ses grandes cr\u00e9ations, elle se r\u00e9v\u00e8le intens\u00e9ment am\u00e9ricaine dans ses obsessions (la fronti\u00e8re vers l\u2019Ouest qui sans cesse recule) et profond\u00e9ment de son temps (les grandes figures mythologiques revisit\u00e9es par la psychanalyse la hantent).<br \/>\nElle a \u2014 brisant les moules traditionnels \u2014 invent\u00e9 un nouvel usage du corps, fond\u00e9 sur la respiration, sur la libert\u00e9 du geste, et sur la conviction que nous avons h\u00e9rit\u00e9 de notre m\u00e9moire &#8220;ancestrale&#8221; des impulsions de mouvements. A la fois danseuse, chor\u00e9graphe et professeur, Martha Graham n\u2019a cess\u00e9 de se battre pour un art nouveau.<br \/>\nSes souvenirs sont ceux d\u2019une grande dame de notre si\u00e8cle, v\u00e9ritable &#8220;m\u00e9moire de la danse&#8221; nourrie de ses rencontres avec les artistes et les c\u00e9l\u00e9brit\u00e9s de ce monde, de ses confrontations avec ses \u00e9l\u00e8ves \u2014 dont Madonna, Woody Allen ou Mikha\u00efl Baryshnikov ne furent pas les moindres. De chacun d\u2019eux elle parle avec tendresse et pertinence, dressant ainsi d\u2019elle-m\u00eame, en creux, le portrait d\u2019une femme exigeante et pugnace.<\/p>\n","protected":false},"excerpt":{"rendered":"<p><strong>AUTEURES : <\/strong>Martha Graham, traduit de l&#8217;am\u00e9ricain par Christine Le B\u0153uf<br \/>\n<strong>EDITEUR :<\/strong> Actes Sud\u00a0(2003)<br \/>\n<strong>COLLECTION :\u00a0<\/strong>Babel n\u00b0 581<\/p>\n<p><strong>BROCH\u00c9 :<\/strong>\u00a0300 pages<br \/>\n<strong>LANGUE :<\/strong> fran\u00e7ais<br \/>\n<strong>ISBN :<\/strong> 978-2-7427-4223-3<\/p>\n","protected":false},"featured_media":33371,"template":"","meta":[],"product_brand":[],"product_cat":[153,150,162],"product_tag":[],"class_list":{"0":"post-33372","1":"product","2":"type-product","3":"status-publish","4":"has-post-thumbnail","6":"product_cat-biographies-autobiographies-en","7":"product_cat-united-states-en","8":"product_cat-french-en","10":"first","11":"outofstock","12":"taxable","13":"shipping-taxable","14":"purchasable","15":"product-type-simple"},"yoast_head":"<!-- This site is optimized with the Yoast SEO plugin v27.4 - https:\/\/yoast.com\/product\/yoast-seo-wordpress\/ -->\n<title>Martha Graham - M\u00e9moire de la danse - Books on the Move<\/title>\n<meta name=\"robots\" content=\"index, follow, max-snippet:-1, max-image-preview:large, max-video-preview:-1\" \/>\n<link rel=\"canonical\" href=\"https:\/\/www.booksonthemove.fr\/en\/produit\/martha-graham-memoire-de-la-danse\/\" \/>\n<meta property=\"og:locale\" content=\"en_US\" \/>\n<meta property=\"og:type\" content=\"article\" \/>\n<meta property=\"og:title\" content=\"Martha Graham - M\u00e9moire de la danse - Books on the Move\" \/>\n<meta property=\"og:description\" content=\"AUTEURES : Martha Graham, traduit de l&#039;am\u00e9ricain par Christine Le B\u0153uf EDITEUR : Actes Sud\u00a0(2003) COLLECTION :\u00a0Babel n\u00b0 581  BROCH\u00c9 :\u00a0300 pages LANGUE : fran\u00e7ais ISBN : 978-2-7427-4223-3\" \/>\n<meta property=\"og:url\" content=\"https:\/\/www.booksonthemove.fr\/en\/produit\/martha-graham-memoire-de-la-danse\/\" \/>\n<meta property=\"og:site_name\" content=\"Books on the Move\" \/>\n<meta property=\"article:publisher\" content=\"https:\/\/www.facebook.com\/Librairiebooksonthemove\/\" \/>\n<meta property=\"article:modified_time\" content=\"2026-03-28T08:58:40+00:00\" \/>\n<meta property=\"og:image\" content=\"https:\/\/www.booksonthemove.fr\/media\/bom_2400.jpeg\" \/>\n\t<meta property=\"og:image:width\" content=\"900\" \/>\n\t<meta property=\"og:image:height\" content=\"1464\" \/>\n\t<meta property=\"og:image:type\" content=\"image\/jpeg\" \/>\n<meta name=\"twitter:card\" content=\"summary_large_image\" \/>\n<script type=\"application\/ld+json\" class=\"yoast-schema-graph\">{\"@context\":\"https:\\\/\\\/schema.org\",\"@graph\":[{\"@type\":\"WebPage\",\"@id\":\"https:\\\/\\\/www.booksonthemove.fr\\\/en\\\/produit\\\/martha-graham-memoire-de-la-danse\\\/\",\"url\":\"https:\\\/\\\/www.booksonthemove.fr\\\/en\\\/produit\\\/martha-graham-memoire-de-la-danse\\\/\",\"name\":\"Martha Graham - M\u00e9moire de la danse - Books on the Move\",\"isPartOf\":{\"@id\":\"https:\\\/\\\/www.booksonthemove.fr\\\/#website\"},\"primaryImageOfPage\":{\"@id\":\"https:\\\/\\\/www.booksonthemove.fr\\\/en\\\/produit\\\/martha-graham-memoire-de-la-danse\\\/#primaryimage\"},\"image\":{\"@id\":\"https:\\\/\\\/www.booksonthemove.fr\\\/en\\\/produit\\\/martha-graham-memoire-de-la-danse\\\/#primaryimage\"},\"thumbnailUrl\":\"https:\\\/\\\/www.booksonthemove.fr\\\/media\\\/bom_2400.jpeg\",\"datePublished\":\"2021-10-18T08:38:47+00:00\",\"dateModified\":\"2026-03-28T08:58:40+00:00\",\"breadcrumb\":{\"@id\":\"https:\\\/\\\/www.booksonthemove.fr\\\/en\\\/produit\\\/martha-graham-memoire-de-la-danse\\\/#breadcrumb\"},\"inLanguage\":\"en-US\",\"potentialAction\":[{\"@type\":\"ReadAction\",\"target\":[\"https:\\\/\\\/www.booksonthemove.fr\\\/en\\\/produit\\\/martha-graham-memoire-de-la-danse\\\/\"]}]},{\"@type\":\"ImageObject\",\"inLanguage\":\"en-US\",\"@id\":\"https:\\\/\\\/www.booksonthemove.fr\\\/en\\\/produit\\\/martha-graham-memoire-de-la-danse\\\/#primaryimage\",\"url\":\"https:\\\/\\\/www.booksonthemove.fr\\\/media\\\/bom_2400.jpeg\",\"contentUrl\":\"https:\\\/\\\/www.booksonthemove.fr\\\/media\\\/bom_2400.jpeg\",\"width\":900,\"height\":1464},{\"@type\":\"BreadcrumbList\",\"@id\":\"https:\\\/\\\/www.booksonthemove.fr\\\/en\\\/produit\\\/martha-graham-memoire-de-la-danse\\\/#breadcrumb\",\"itemListElement\":[{\"@type\":\"ListItem\",\"position\":1,\"name\":\"Accueil\",\"item\":\"https:\\\/\\\/www.booksonthemove.fr\\\/en\\\/\"},{\"@type\":\"ListItem\",\"position\":2,\"name\":\"online store\",\"item\":\"https:\\\/\\\/www.booksonthemove.fr\\\/en\\\/online-shop\\\/\"},{\"@type\":\"ListItem\",\"position\":3,\"name\":\"Martha Graham &#8211; M\u00e9moire de la danse\"}]},{\"@type\":\"WebSite\",\"@id\":\"https:\\\/\\\/www.booksonthemove.fr\\\/#website\",\"url\":\"https:\\\/\\\/www.booksonthemove.fr\\\/\",\"name\":\"Books on the Move\",\"description\":\"librairie nomade - danse - mouvement - performance\",\"publisher\":{\"@id\":\"https:\\\/\\\/www.booksonthemove.fr\\\/#organization\"},\"potentialAction\":[{\"@type\":\"SearchAction\",\"target\":{\"@type\":\"EntryPoint\",\"urlTemplate\":\"https:\\\/\\\/www.booksonthemove.fr\\\/?s={search_term_string}\"},\"query-input\":{\"@type\":\"PropertyValueSpecification\",\"valueRequired\":true,\"valueName\":\"search_term_string\"}}],\"inLanguage\":\"en-US\"},{\"@type\":\"Organization\",\"@id\":\"https:\\\/\\\/www.booksonthemove.fr\\\/#organization\",\"name\":\"Books on the Move\",\"url\":\"https:\\\/\\\/www.booksonthemove.fr\\\/\",\"logo\":{\"@type\":\"ImageObject\",\"inLanguage\":\"en-US\",\"@id\":\"https:\\\/\\\/www.booksonthemove.fr\\\/#\\\/schema\\\/logo\\\/image\\\/\",\"url\":\"https:\\\/\\\/www.booksonthemove.fr\\\/media\\\/logo-NB-400.jpg\",\"contentUrl\":\"https:\\\/\\\/www.booksonthemove.fr\\\/media\\\/logo-NB-400.jpg\",\"width\":400,\"height\":143,\"caption\":\"Books on the Move\"},\"image\":{\"@id\":\"https:\\\/\\\/www.booksonthemove.fr\\\/#\\\/schema\\\/logo\\\/image\\\/\"},\"sameAs\":[\"https:\\\/\\\/www.facebook.com\\\/Librairiebooksonthemove\\\/\"]}]}<\/script>\n<!-- \/ Yoast SEO plugin. -->","yoast_head_json":{"title":"Martha Graham - M\u00e9moire de la danse - Books on the Move","robots":{"index":"index","follow":"follow","max-snippet":"max-snippet:-1","max-image-preview":"max-image-preview:large","max-video-preview":"max-video-preview:-1"},"canonical":"https:\/\/www.booksonthemove.fr\/en\/produit\/martha-graham-memoire-de-la-danse\/","og_locale":"en_US","og_type":"article","og_title":"Martha Graham - M\u00e9moire de la danse - Books on the Move","og_description":"AUTEURES : Martha Graham, traduit de l'am\u00e9ricain par Christine Le B\u0153uf EDITEUR : Actes Sud\u00a0(2003) COLLECTION :\u00a0Babel n\u00b0 581  BROCH\u00c9 :\u00a0300 pages LANGUE : fran\u00e7ais ISBN : 978-2-7427-4223-3","og_url":"https:\/\/www.booksonthemove.fr\/en\/produit\/martha-graham-memoire-de-la-danse\/","og_site_name":"Books on the Move","article_publisher":"https:\/\/www.facebook.com\/Librairiebooksonthemove\/","article_modified_time":"2026-03-28T08:58:40+00:00","og_image":[{"width":900,"height":1464,"url":"https:\/\/www.booksonthemove.fr\/media\/bom_2400.jpeg","type":"image\/jpeg"}],"twitter_card":"summary_large_image","schema":{"@context":"https:\/\/schema.org","@graph":[{"@type":"WebPage","@id":"https:\/\/www.booksonthemove.fr\/en\/produit\/martha-graham-memoire-de-la-danse\/","url":"https:\/\/www.booksonthemove.fr\/en\/produit\/martha-graham-memoire-de-la-danse\/","name":"Martha Graham - M\u00e9moire de la danse - Books on the Move","isPartOf":{"@id":"https:\/\/www.booksonthemove.fr\/#website"},"primaryImageOfPage":{"@id":"https:\/\/www.booksonthemove.fr\/en\/produit\/martha-graham-memoire-de-la-danse\/#primaryimage"},"image":{"@id":"https:\/\/www.booksonthemove.fr\/en\/produit\/martha-graham-memoire-de-la-danse\/#primaryimage"},"thumbnailUrl":"https:\/\/www.booksonthemove.fr\/media\/bom_2400.jpeg","datePublished":"2021-10-18T08:38:47+00:00","dateModified":"2026-03-28T08:58:40+00:00","breadcrumb":{"@id":"https:\/\/www.booksonthemove.fr\/en\/produit\/martha-graham-memoire-de-la-danse\/#breadcrumb"},"inLanguage":"en-US","potentialAction":[{"@type":"ReadAction","target":["https:\/\/www.booksonthemove.fr\/en\/produit\/martha-graham-memoire-de-la-danse\/"]}]},{"@type":"ImageObject","inLanguage":"en-US","@id":"https:\/\/www.booksonthemove.fr\/en\/produit\/martha-graham-memoire-de-la-danse\/#primaryimage","url":"https:\/\/www.booksonthemove.fr\/media\/bom_2400.jpeg","contentUrl":"https:\/\/www.booksonthemove.fr\/media\/bom_2400.jpeg","width":900,"height":1464},{"@type":"BreadcrumbList","@id":"https:\/\/www.booksonthemove.fr\/en\/produit\/martha-graham-memoire-de-la-danse\/#breadcrumb","itemListElement":[{"@type":"ListItem","position":1,"name":"Accueil","item":"https:\/\/www.booksonthemove.fr\/en\/"},{"@type":"ListItem","position":2,"name":"online store","item":"https:\/\/www.booksonthemove.fr\/en\/online-shop\/"},{"@type":"ListItem","position":3,"name":"Martha Graham &#8211; M\u00e9moire de la danse"}]},{"@type":"WebSite","@id":"https:\/\/www.booksonthemove.fr\/#website","url":"https:\/\/www.booksonthemove.fr\/","name":"Books on the Move","description":"librairie nomade - danse - mouvement - performance","publisher":{"@id":"https:\/\/www.booksonthemove.fr\/#organization"},"potentialAction":[{"@type":"SearchAction","target":{"@type":"EntryPoint","urlTemplate":"https:\/\/www.booksonthemove.fr\/?s={search_term_string}"},"query-input":{"@type":"PropertyValueSpecification","valueRequired":true,"valueName":"search_term_string"}}],"inLanguage":"en-US"},{"@type":"Organization","@id":"https:\/\/www.booksonthemove.fr\/#organization","name":"Books on the Move","url":"https:\/\/www.booksonthemove.fr\/","logo":{"@type":"ImageObject","inLanguage":"en-US","@id":"https:\/\/www.booksonthemove.fr\/#\/schema\/logo\/image\/","url":"https:\/\/www.booksonthemove.fr\/media\/logo-NB-400.jpg","contentUrl":"https:\/\/www.booksonthemove.fr\/media\/logo-NB-400.jpg","width":400,"height":143,"caption":"Books on the Move"},"image":{"@id":"https:\/\/www.booksonthemove.fr\/#\/schema\/logo\/image\/"},"sameAs":["https:\/\/www.facebook.com\/Librairiebooksonthemove\/"]}]}},"_links":{"self":[{"href":"https:\/\/www.booksonthemove.fr\/en\/wp-json\/wp\/v2\/product\/33372","targetHints":{"allow":["GET"]}}],"collection":[{"href":"https:\/\/www.booksonthemove.fr\/en\/wp-json\/wp\/v2\/product"}],"about":[{"href":"https:\/\/www.booksonthemove.fr\/en\/wp-json\/wp\/v2\/types\/product"}],"wp:featuredmedia":[{"embeddable":true,"href":"https:\/\/www.booksonthemove.fr\/en\/wp-json\/wp\/v2\/media\/33371"}],"wp:attachment":[{"href":"https:\/\/www.booksonthemove.fr\/en\/wp-json\/wp\/v2\/media?parent=33372"}],"wp:term":[{"taxonomy":"product_brand","embeddable":true,"href":"https:\/\/www.booksonthemove.fr\/en\/wp-json\/wp\/v2\/product_brand?post=33372"},{"taxonomy":"product_cat","embeddable":true,"href":"https:\/\/www.booksonthemove.fr\/en\/wp-json\/wp\/v2\/product_cat?post=33372"},{"taxonomy":"product_tag","embeddable":true,"href":"https:\/\/www.booksonthemove.fr\/en\/wp-json\/wp\/v2\/product_tag?post=33372"}],"curies":[{"name":"wp","href":"https:\/\/api.w.org\/{rel}","templated":true}]}}

Martha Graham &#8211; Mémoire de la danse

<p align="justify">Des premiers spectacles aux grandes créations, la danseuse, chorégraphe et professeur retrace le parcours d’une vie tout entière dédiée à la danse.<br />
Merveilleux testament que cette autobiographie de Martha Graham, achevée peu de jours avant sa mort, à quatre-vingt-seize ans, le 1er avril 1991. Celle qui révolutionna son art au point que, dans son domaine, on peut la comparer à Picasso, Joyce ou Stravinski, se raconte et retrace le parcours d’une vie tout entière dédiée à la danse. De ses premiers spectacles, avec trois danseurs, jusqu’à ses grandes créations, elle se révèle intensément américaine dans ses obsessions (la frontière vers l’Ouest qui sans cesse recule) et profondément de son temps (les grandes figures mythologiques revisitées par la psychanalyse la hantent).<br />
Elle a — brisant les moules traditionnels — inventé un nouvel usage du corps, fondé sur la respiration, sur la liberté du geste, et sur la conviction que nous avons hérité de notre mémoire &#8220;ancestrale&#8221; des impulsions de mouvements. A la fois danseuse, chorégraphe et professeur, Martha Graham n’a cessé de se battre pour un art nouveau.<br />
Ses souvenirs sont ceux d’une grande dame de notre siècle, véritable &#8220;mémoire de la danse&#8221; nourrie de ses rencontres avec les artistes et les célébrités de ce monde, de ses confrontations avec ses élèves — dont Madonna, Woody Allen ou Mikhaïl Baryshnikov ne furent pas les moindres. De chacun d’eux elle parle avec tendresse et pertinence, dressant ainsi d’elle-même, en creux, le portrait d’une femme exigeante et pugnace.</p>

<p><strong>AUTEURES : </strong>Martha Graham, traduit de l&#8217;américain par Christine Le Bœuf<br />
<strong>EDITEUR :</strong> Actes Sud (2003)<br />
<strong>COLLECTION : </strong>Babel n° 581</p>
<p><strong>BROCHÉ :</strong> 300 pages<br />
<strong>LANGUE :</strong> français<br />
<strong>ISBN :</strong> 978-2-7427-4223-3</p>

<!-- This site is optimized with the Yoast SEO plugin v27.4 - https://yoast.com/product/yoast-seo-wordpress/ -->
<title>Martha Graham - Mémoire de la danse - Books on the Move</title>
<meta name="robots" content="index, follow, max-snippet:-1, max-image-preview:large, max-video-preview:-1" />
<link rel="canonical" href="https://www.booksonthemove.fr/en/produit/martha-graham-memoire-de-la-danse/" />
<meta property="og:locale" content="en_US" />
<meta property="og:type" content="article" />
<meta property="og:title" content="Martha Graham - Mémoire de la danse - Books on the Move" />
<meta property="og:description" content="AUTEURES : Martha Graham, traduit de l&#039;américain par Christine Le Bœuf EDITEUR : Actes Sud (2003) COLLECTION : Babel n° 581  BROCHÉ : 300 pages LANGUE : français ISBN : 978-2-7427-4223-3" />
<meta property="og:url" content="https://www.booksonthemove.fr/en/produit/martha-graham-memoire-de-la-danse/" />
<meta property="og:site_name" content="Books on the Move" />
<meta property="article:publisher" content="https://www.facebook.com/Librairiebooksonthemove/" />
<meta property="article:modified_time" content="2026-03-28T08:58:40+00:00" />
<meta property="og:image" content="https://www.booksonthemove.fr/media/bom_2400.jpeg" />
	<meta property="og:image:width" content="900" />
	<meta property="og:image:height" content="1464" />
	<meta property="og:image:type" content="image/jpeg" />
<meta name="twitter:card" content="summary_large_image" />
<script type="application/ld+json" class="yoast-schema-graph">{"@context":"https:\/\/schema.org","@graph":[{"@type":"WebPage","@id":"https:\/\/www.booksonthemove.fr\/en\/produit\/martha-graham-memoire-de-la-danse\/","url":"https:\/\/www.booksonthemove.fr\/en\/produit\/martha-graham-memoire-de-la-danse\/","name":"Martha Graham - Mémoire de la danse - Books on the Move","isPartOf":{"@id":"https:\/\/www.booksonthemove.fr\/#website"},"primaryImageOfPage":{"@id":"https:\/\/www.booksonthemove.fr\/en\/produit\/martha-graham-memoire-de-la-danse\/#primaryimage"},"image":{"@id":"https:\/\/www.booksonthemove.fr\/en\/produit\/martha-graham-memoire-de-la-danse\/#primaryimage"},"thumbnailUrl":"https:\/\/www.booksonthemove.fr\/media\/bom_2400.jpeg","datePublished":"2021-10-18T08:38:47+00:00","dateModified":"2026-03-28T08:58:40+00:00","breadcrumb":{"@id":"https:\/\/www.booksonthemove.fr\/en\/produit\/martha-graham-memoire-de-la-danse\/#breadcrumb"},"inLanguage":"en-US","potentialAction":[{"@type":"ReadAction","target":["https:\/\/www.booksonthemove.fr\/en\/produit\/martha-graham-memoire-de-la-danse\/"]}]},{"@type":"ImageObject","inLanguage":"en-US","@id":"https:\/\/www.booksonthemove.fr\/en\/produit\/martha-graham-memoire-de-la-danse\/#primaryimage","url":"https:\/\/www.booksonthemove.fr\/media\/bom_2400.jpeg","contentUrl":"https:\/\/www.booksonthemove.fr\/media\/bom_2400.jpeg","width":900,"height":1464},{"@type":"BreadcrumbList","@id":"https:\/\/www.booksonthemove.fr\/en\/produit\/martha-graham-memoire-de-la-danse\/#breadcrumb","itemListElement":[{"@type":"ListItem","position":1,"name":"Accueil","item":"https:\/\/www.booksonthemove.fr\/en\/"},{"@type":"ListItem","position":2,"name":"online store","item":"https:\/\/www.booksonthemove.fr\/en\/online-shop\/"},{"@type":"ListItem","position":3,"name":"Martha Graham &#8211; Mémoire de la danse"}]},{"@type":"WebSite","@id":"https:\/\/www.booksonthemove.fr\/#website","url":"https:\/\/www.booksonthemove.fr\/","name":"Books on the Move","description":"librairie nomade - danse - mouvement - performance","publisher":{"@id":"https:\/\/www.booksonthemove.fr\/#organization"},"potentialAction":[{"@type":"SearchAction","target":{"@type":"EntryPoint","urlTemplate":"https:\/\/www.booksonthemove.fr\/?s={search_term_string}"},"query-input":{"@type":"PropertyValueSpecification","valueRequired":true,"valueName":"search_term_string"}}],"inLanguage":"en-US"},{"@type":"Organization","@id":"https:\/\/www.booksonthemove.fr\/#organization","name":"Books on the Move","url":"https:\/\/www.booksonthemove.fr\/","logo":{"@type":"ImageObject","inLanguage":"en-US","@id":"https:\/\/www.booksonthemove.fr\/#\/schema\/logo\/image\/","url":"https:\/\/www.booksonthemove.fr\/media\/logo-NB-400.jpg","contentUrl":"https:\/\/www.booksonthemove.fr\/media\/logo-NB-400.jpg","width":400,"height":143,"caption":"Books on the Move"},"image":{"@id":"https:\/\/www.booksonthemove.fr\/#\/schema\/logo\/image\/"},"sameAs":["https:\/\/www.facebook.com\/Librairiebooksonthemove\/"]}]}</script>
<!-- / Yoast SEO plugin. -->

Martha Graham - Mémoire de la danse - Books on the Move

AUTEURES : Martha Graham, traduit de l'américain par Christine Le Bœuf EDITEUR : Actes Sud (2003) COLLECTION : Babel n° 581  BROCHÉ : 300 pages LANGUE : français ISBN : 978-2-7427-4223-3
