{"id":3716,"date":"2016-08-28T01:19:35","date_gmt":"2016-08-27T23:19:35","guid":{"rendered":"https:\/\/www.booksonthemove.fr\/en\/product\/was-der-korper-zu-erzahlen-hat-expressive-arts-therapy-in-theorie-und-praxis-2\/"},"modified":"2020-04-21T16:27:50","modified_gmt":"2020-04-21T14:27:50","slug":"was-der-korper-zu-erzahlen-hat-expressive-arts-therapy-in-theorie-und-praxis-2","status":"publish","type":"product","link":"https:\/\/www.booksonthemove.fr\/en\/produit\/was-der-korper-zu-erzahlen-hat-expressive-arts-therapy-in-theorie-und-praxis-2\/","title":{"rendered":"Was der K\u00f6rper zu erz\u00e4hlen hat Expressive Arts Therapy in Theorie und Praxis"},"content":{"rendered":"<p>Daria Halprin gr\u00fcndete 1978 mit ihrer Mutter, der T\u00e4nzerin und Choreographin Anna Halprin, das Tamalpa Institute, die weltweit erste Schule f\u00fcr einen neuartigen therapeutischen Ansatz: eine Verbindung von Kunst- und Ausdruckstherapie unter besonderer Ber\u00fccksichtigung der t\u00e4nzerischen Bewegung. In diesem Buch erl\u00e4utert Daria Halprin, warum in jedem von uns ein einzigartiges kreatives Potential steckt und wie es freigelegt werden kann. Sie zeigt auf, wie an der Schnittstelle von Kunst und Therapie die Expressive Arts Therapy bewirkt, da\u00df wir uns von den in unserem K\u00f6rper gespeicherten negativen Erfahrungen befreien und in der Gegenwart Erf\u00fcllung finden k\u00f6nnen.<\/p>\n","protected":false},"excerpt":{"rendered":"<p><b>Autors: <\/b>Daria Halprin. \u00dcbersetzt von Mirjam Ingendaay<br \/>Verlag: K. Kieser (2013)<\/p>\n<p><b>Paperback: <\/b>238 Seiten<br \/><b>Sprache: <\/b>Deutsch<br \/>ISBN13: 978-3-935456-29-6<\/p>\n","protected":false},"featured_media":3127,"template":"","meta":[],"product_brand":[],"product_cat":[167,242,141],"product_tag":[],"class_list":{"0":"post-3716","1":"product","2":"type-product","3":"status-publish","4":"has-post-thumbnail","6":"product_cat-german-en","7":"product_cat-medecine-health-en","8":"product_cat-somatics-other-bodywork-practices-en","10":"first","11":"onbackorder","12":"taxable","13":"shipping-taxable","14":"purchasable","15":"product-type-simple"},"yoast_head":"<!-- This site is optimized with the Yoast SEO plugin v27.4 - https:\/\/yoast.com\/product\/yoast-seo-wordpress\/ -->\n<title>Was der K\u00f6rper zu erz\u00e4hlen hat Expressive Arts Therapy in Theorie und Praxis - Books on the Move<\/title>\n<meta name=\"robots\" content=\"index, follow, max-snippet:-1, max-image-preview:large, max-video-preview:-1\" \/>\n<link rel=\"canonical\" href=\"https:\/\/www.booksonthemove.fr\/en\/produit\/was-der-korper-zu-erzahlen-hat-expressive-arts-therapy-in-theorie-und-praxis-2\/\" \/>\n<meta property=\"og:locale\" content=\"en_US\" \/>\n<meta property=\"og:type\" content=\"article\" \/>\n<meta property=\"og:title\" content=\"Was der K\u00f6rper zu erz\u00e4hlen hat Expressive Arts Therapy in Theorie und Praxis - Books on the Move\" \/>\n<meta property=\"og:description\" content=\"Autors: Daria Halprin. \u00dcbersetzt von Mirjam IngendaayVerlag: K. Kieser (2013)Paperback: 238 SeitenSprache: DeutschISBN13: 978-3-935456-29-6\" \/>\n<meta property=\"og:url\" content=\"https:\/\/www.booksonthemove.fr\/en\/produit\/was-der-korper-zu-erzahlen-hat-expressive-arts-therapy-in-theorie-und-praxis-2\/\" \/>\n<meta property=\"og:site_name\" content=\"Books on the Move\" \/>\n<meta property=\"article:publisher\" content=\"https:\/\/www.facebook.com\/Librairiebooksonthemove\/\" \/>\n<meta property=\"article:modified_time\" content=\"2020-04-21T14:27:50+00:00\" \/>\n<meta property=\"og:image\" content=\"https:\/\/www.booksonthemove.fr\/media\/bom_1270_0.jpg\" \/>\n\t<meta property=\"og:image:width\" content=\"900\" \/>\n\t<meta property=\"og:image:height\" content=\"1333\" \/>\n\t<meta property=\"og:image:type\" content=\"image\/jpeg\" \/>\n<meta name=\"twitter:card\" content=\"summary_large_image\" \/>\n<script type=\"application\/ld+json\" class=\"yoast-schema-graph\">{\"@context\":\"https:\\\/\\\/schema.org\",\"@graph\":[{\"@type\":\"WebPage\",\"@id\":\"https:\\\/\\\/www.booksonthemove.fr\\\/en\\\/produit\\\/was-der-korper-zu-erzahlen-hat-expressive-arts-therapy-in-theorie-und-praxis-2\\\/\",\"url\":\"https:\\\/\\\/www.booksonthemove.fr\\\/en\\\/produit\\\/was-der-korper-zu-erzahlen-hat-expressive-arts-therapy-in-theorie-und-praxis-2\\\/\",\"name\":\"Was der K\u00f6rper zu erz\u00e4hlen hat Expressive Arts Therapy in Theorie und Praxis - Books on the Move\",\"isPartOf\":{\"@id\":\"https:\\\/\\\/www.booksonthemove.fr\\\/#website\"},\"primaryImageOfPage\":{\"@id\":\"https:\\\/\\\/www.booksonthemove.fr\\\/en\\\/produit\\\/was-der-korper-zu-erzahlen-hat-expressive-arts-therapy-in-theorie-und-praxis-2\\\/#primaryimage\"},\"image\":{\"@id\":\"https:\\\/\\\/www.booksonthemove.fr\\\/en\\\/produit\\\/was-der-korper-zu-erzahlen-hat-expressive-arts-therapy-in-theorie-und-praxis-2\\\/#primaryimage\"},\"thumbnailUrl\":\"https:\\\/\\\/www.booksonthemove.fr\\\/media\\\/bom_1270_0.jpg\",\"datePublished\":\"2016-08-27T23:19:35+00:00\",\"dateModified\":\"2020-04-21T14:27:50+00:00\",\"breadcrumb\":{\"@id\":\"https:\\\/\\\/www.booksonthemove.fr\\\/en\\\/produit\\\/was-der-korper-zu-erzahlen-hat-expressive-arts-therapy-in-theorie-und-praxis-2\\\/#breadcrumb\"},\"inLanguage\":\"en-US\",\"potentialAction\":[{\"@type\":\"ReadAction\",\"target\":[\"https:\\\/\\\/www.booksonthemove.fr\\\/en\\\/produit\\\/was-der-korper-zu-erzahlen-hat-expressive-arts-therapy-in-theorie-und-praxis-2\\\/\"]}]},{\"@type\":\"ImageObject\",\"inLanguage\":\"en-US\",\"@id\":\"https:\\\/\\\/www.booksonthemove.fr\\\/en\\\/produit\\\/was-der-korper-zu-erzahlen-hat-expressive-arts-therapy-in-theorie-und-praxis-2\\\/#primaryimage\",\"url\":\"https:\\\/\\\/www.booksonthemove.fr\\\/media\\\/bom_1270_0.jpg\",\"contentUrl\":\"https:\\\/\\\/www.booksonthemove.fr\\\/media\\\/bom_1270_0.jpg\",\"width\":900,\"height\":1333},{\"@type\":\"BreadcrumbList\",\"@id\":\"https:\\\/\\\/www.booksonthemove.fr\\\/en\\\/produit\\\/was-der-korper-zu-erzahlen-hat-expressive-arts-therapy-in-theorie-und-praxis-2\\\/#breadcrumb\",\"itemListElement\":[{\"@type\":\"ListItem\",\"position\":1,\"name\":\"Accueil\",\"item\":\"https:\\\/\\\/www.booksonthemove.fr\\\/en\\\/\"},{\"@type\":\"ListItem\",\"position\":2,\"name\":\"online store\",\"item\":\"https:\\\/\\\/www.booksonthemove.fr\\\/en\\\/online-shop\\\/\"},{\"@type\":\"ListItem\",\"position\":3,\"name\":\"Was der K\u00f6rper zu erz\u00e4hlen hat Expressive Arts Therapy in Theorie und Praxis\"}]},{\"@type\":\"WebSite\",\"@id\":\"https:\\\/\\\/www.booksonthemove.fr\\\/#website\",\"url\":\"https:\\\/\\\/www.booksonthemove.fr\\\/\",\"name\":\"Books on the Move\",\"description\":\"librairie nomade - danse - mouvement - performance\",\"publisher\":{\"@id\":\"https:\\\/\\\/www.booksonthemove.fr\\\/#organization\"},\"potentialAction\":[{\"@type\":\"SearchAction\",\"target\":{\"@type\":\"EntryPoint\",\"urlTemplate\":\"https:\\\/\\\/www.booksonthemove.fr\\\/?s={search_term_string}\"},\"query-input\":{\"@type\":\"PropertyValueSpecification\",\"valueRequired\":true,\"valueName\":\"search_term_string\"}}],\"inLanguage\":\"en-US\"},{\"@type\":\"Organization\",\"@id\":\"https:\\\/\\\/www.booksonthemove.fr\\\/#organization\",\"name\":\"Books on the Move\",\"url\":\"https:\\\/\\\/www.booksonthemove.fr\\\/\",\"logo\":{\"@type\":\"ImageObject\",\"inLanguage\":\"en-US\",\"@id\":\"https:\\\/\\\/www.booksonthemove.fr\\\/#\\\/schema\\\/logo\\\/image\\\/\",\"url\":\"https:\\\/\\\/www.booksonthemove.fr\\\/media\\\/logo-NB-400.jpg\",\"contentUrl\":\"https:\\\/\\\/www.booksonthemove.fr\\\/media\\\/logo-NB-400.jpg\",\"width\":400,\"height\":143,\"caption\":\"Books on the Move\"},\"image\":{\"@id\":\"https:\\\/\\\/www.booksonthemove.fr\\\/#\\\/schema\\\/logo\\\/image\\\/\"},\"sameAs\":[\"https:\\\/\\\/www.facebook.com\\\/Librairiebooksonthemove\\\/\"]}]}<\/script>\n<!-- \/ Yoast SEO plugin. -->","yoast_head_json":{"title":"Was der K\u00f6rper zu erz\u00e4hlen hat Expressive Arts Therapy in Theorie und Praxis - Books on the Move","robots":{"index":"index","follow":"follow","max-snippet":"max-snippet:-1","max-image-preview":"max-image-preview:large","max-video-preview":"max-video-preview:-1"},"canonical":"https:\/\/www.booksonthemove.fr\/en\/produit\/was-der-korper-zu-erzahlen-hat-expressive-arts-therapy-in-theorie-und-praxis-2\/","og_locale":"en_US","og_type":"article","og_title":"Was der K\u00f6rper zu erz\u00e4hlen hat Expressive Arts Therapy in Theorie und Praxis - Books on the Move","og_description":"Autors: Daria Halprin. \u00dcbersetzt von Mirjam IngendaayVerlag: K. Kieser (2013)Paperback: 238 SeitenSprache: DeutschISBN13: 978-3-935456-29-6","og_url":"https:\/\/www.booksonthemove.fr\/en\/produit\/was-der-korper-zu-erzahlen-hat-expressive-arts-therapy-in-theorie-und-praxis-2\/","og_site_name":"Books on the Move","article_publisher":"https:\/\/www.facebook.com\/Librairiebooksonthemove\/","article_modified_time":"2020-04-21T14:27:50+00:00","og_image":[{"width":900,"height":1333,"url":"https:\/\/www.booksonthemove.fr\/media\/bom_1270_0.jpg","type":"image\/jpeg"}],"twitter_card":"summary_large_image","schema":{"@context":"https:\/\/schema.org","@graph":[{"@type":"WebPage","@id":"https:\/\/www.booksonthemove.fr\/en\/produit\/was-der-korper-zu-erzahlen-hat-expressive-arts-therapy-in-theorie-und-praxis-2\/","url":"https:\/\/www.booksonthemove.fr\/en\/produit\/was-der-korper-zu-erzahlen-hat-expressive-arts-therapy-in-theorie-und-praxis-2\/","name":"Was der K\u00f6rper zu erz\u00e4hlen hat Expressive Arts Therapy in Theorie und Praxis - Books on the Move","isPartOf":{"@id":"https:\/\/www.booksonthemove.fr\/#website"},"primaryImageOfPage":{"@id":"https:\/\/www.booksonthemove.fr\/en\/produit\/was-der-korper-zu-erzahlen-hat-expressive-arts-therapy-in-theorie-und-praxis-2\/#primaryimage"},"image":{"@id":"https:\/\/www.booksonthemove.fr\/en\/produit\/was-der-korper-zu-erzahlen-hat-expressive-arts-therapy-in-theorie-und-praxis-2\/#primaryimage"},"thumbnailUrl":"https:\/\/www.booksonthemove.fr\/media\/bom_1270_0.jpg","datePublished":"2016-08-27T23:19:35+00:00","dateModified":"2020-04-21T14:27:50+00:00","breadcrumb":{"@id":"https:\/\/www.booksonthemove.fr\/en\/produit\/was-der-korper-zu-erzahlen-hat-expressive-arts-therapy-in-theorie-und-praxis-2\/#breadcrumb"},"inLanguage":"en-US","potentialAction":[{"@type":"ReadAction","target":["https:\/\/www.booksonthemove.fr\/en\/produit\/was-der-korper-zu-erzahlen-hat-expressive-arts-therapy-in-theorie-und-praxis-2\/"]}]},{"@type":"ImageObject","inLanguage":"en-US","@id":"https:\/\/www.booksonthemove.fr\/en\/produit\/was-der-korper-zu-erzahlen-hat-expressive-arts-therapy-in-theorie-und-praxis-2\/#primaryimage","url":"https:\/\/www.booksonthemove.fr\/media\/bom_1270_0.jpg","contentUrl":"https:\/\/www.booksonthemove.fr\/media\/bom_1270_0.jpg","width":900,"height":1333},{"@type":"BreadcrumbList","@id":"https:\/\/www.booksonthemove.fr\/en\/produit\/was-der-korper-zu-erzahlen-hat-expressive-arts-therapy-in-theorie-und-praxis-2\/#breadcrumb","itemListElement":[{"@type":"ListItem","position":1,"name":"Accueil","item":"https:\/\/www.booksonthemove.fr\/en\/"},{"@type":"ListItem","position":2,"name":"online store","item":"https:\/\/www.booksonthemove.fr\/en\/online-shop\/"},{"@type":"ListItem","position":3,"name":"Was der K\u00f6rper zu erz\u00e4hlen hat Expressive Arts Therapy in Theorie und Praxis"}]},{"@type":"WebSite","@id":"https:\/\/www.booksonthemove.fr\/#website","url":"https:\/\/www.booksonthemove.fr\/","name":"Books on the Move","description":"librairie nomade - danse - mouvement - performance","publisher":{"@id":"https:\/\/www.booksonthemove.fr\/#organization"},"potentialAction":[{"@type":"SearchAction","target":{"@type":"EntryPoint","urlTemplate":"https:\/\/www.booksonthemove.fr\/?s={search_term_string}"},"query-input":{"@type":"PropertyValueSpecification","valueRequired":true,"valueName":"search_term_string"}}],"inLanguage":"en-US"},{"@type":"Organization","@id":"https:\/\/www.booksonthemove.fr\/#organization","name":"Books on the Move","url":"https:\/\/www.booksonthemove.fr\/","logo":{"@type":"ImageObject","inLanguage":"en-US","@id":"https:\/\/www.booksonthemove.fr\/#\/schema\/logo\/image\/","url":"https:\/\/www.booksonthemove.fr\/media\/logo-NB-400.jpg","contentUrl":"https:\/\/www.booksonthemove.fr\/media\/logo-NB-400.jpg","width":400,"height":143,"caption":"Books on the Move"},"image":{"@id":"https:\/\/www.booksonthemove.fr\/#\/schema\/logo\/image\/"},"sameAs":["https:\/\/www.facebook.com\/Librairiebooksonthemove\/"]}]}},"_links":{"self":[{"href":"https:\/\/www.booksonthemove.fr\/en\/wp-json\/wp\/v2\/product\/3716","targetHints":{"allow":["GET"]}}],"collection":[{"href":"https:\/\/www.booksonthemove.fr\/en\/wp-json\/wp\/v2\/product"}],"about":[{"href":"https:\/\/www.booksonthemove.fr\/en\/wp-json\/wp\/v2\/types\/product"}],"wp:featuredmedia":[{"embeddable":true,"href":"https:\/\/www.booksonthemove.fr\/en\/wp-json\/wp\/v2\/media\/3127"}],"wp:attachment":[{"href":"https:\/\/www.booksonthemove.fr\/en\/wp-json\/wp\/v2\/media?parent=3716"}],"wp:term":[{"taxonomy":"product_brand","embeddable":true,"href":"https:\/\/www.booksonthemove.fr\/en\/wp-json\/wp\/v2\/product_brand?post=3716"},{"taxonomy":"product_cat","embeddable":true,"href":"https:\/\/www.booksonthemove.fr\/en\/wp-json\/wp\/v2\/product_cat?post=3716"},{"taxonomy":"product_tag","embeddable":true,"href":"https:\/\/www.booksonthemove.fr\/en\/wp-json\/wp\/v2\/product_tag?post=3716"}],"curies":[{"name":"wp","href":"https:\/\/api.w.org\/{rel}","templated":true}]}}

Was der Körper zu erzählen hat Expressive Arts Therapy in Theorie und Praxis

<p>Daria Halprin gründete 1978 mit ihrer Mutter, der Tänzerin und Choreographin Anna Halprin, das Tamalpa Institute, die weltweit erste Schule für einen neuartigen therapeutischen Ansatz: eine Verbindung von Kunst- und Ausdruckstherapie unter besonderer Berücksichtigung der tänzerischen Bewegung. In diesem Buch erläutert Daria Halprin, warum in jedem von uns ein einzigartiges kreatives Potential steckt und wie es freigelegt werden kann. Sie zeigt auf, wie an der Schnittstelle von Kunst und Therapie die Expressive Arts Therapy bewirkt, daß wir uns von den in unserem Körper gespeicherten negativen Erfahrungen befreien und in der Gegenwart Erfüllung finden können.</p>

<p><b>Autors: </b>Daria Halprin. Übersetzt von Mirjam Ingendaay<br />Verlag: K. Kieser (2013)</p>
<p><b>Paperback: </b>238 Seiten<br /><b>Sprache: </b>Deutsch<br />ISBN13: 978-3-935456-29-6</p>

<!-- This site is optimized with the Yoast SEO plugin v27.4 - https://yoast.com/product/yoast-seo-wordpress/ -->
<title>Was der Körper zu erzählen hat Expressive Arts Therapy in Theorie und Praxis - Books on the Move</title>
<meta name="robots" content="index, follow, max-snippet:-1, max-image-preview:large, max-video-preview:-1" />
<link rel="canonical" href="https://www.booksonthemove.fr/en/produit/was-der-korper-zu-erzahlen-hat-expressive-arts-therapy-in-theorie-und-praxis-2/" />
<meta property="og:locale" content="en_US" />
<meta property="og:type" content="article" />
<meta property="og:title" content="Was der Körper zu erzählen hat Expressive Arts Therapy in Theorie und Praxis - Books on the Move" />
<meta property="og:description" content="Autors: Daria Halprin. Übersetzt von Mirjam IngendaayVerlag: K. Kieser (2013)Paperback: 238 SeitenSprache: DeutschISBN13: 978-3-935456-29-6" />
<meta property="og:url" content="https://www.booksonthemove.fr/en/produit/was-der-korper-zu-erzahlen-hat-expressive-arts-therapy-in-theorie-und-praxis-2/" />
<meta property="og:site_name" content="Books on the Move" />
<meta property="article:publisher" content="https://www.facebook.com/Librairiebooksonthemove/" />
<meta property="article:modified_time" content="2020-04-21T14:27:50+00:00" />
<meta property="og:image" content="https://www.booksonthemove.fr/media/bom_1270_0.jpg" />
	<meta property="og:image:width" content="900" />
	<meta property="og:image:height" content="1333" />
	<meta property="og:image:type" content="image/jpeg" />
<meta name="twitter:card" content="summary_large_image" />
<script type="application/ld+json" class="yoast-schema-graph">{"@context":"https:\/\/schema.org","@graph":[{"@type":"WebPage","@id":"https:\/\/www.booksonthemove.fr\/en\/produit\/was-der-korper-zu-erzahlen-hat-expressive-arts-therapy-in-theorie-und-praxis-2\/","url":"https:\/\/www.booksonthemove.fr\/en\/produit\/was-der-korper-zu-erzahlen-hat-expressive-arts-therapy-in-theorie-und-praxis-2\/","name":"Was der Körper zu erzählen hat Expressive Arts Therapy in Theorie und Praxis - Books on the Move","isPartOf":{"@id":"https:\/\/www.booksonthemove.fr\/#website"},"primaryImageOfPage":{"@id":"https:\/\/www.booksonthemove.fr\/en\/produit\/was-der-korper-zu-erzahlen-hat-expressive-arts-therapy-in-theorie-und-praxis-2\/#primaryimage"},"image":{"@id":"https:\/\/www.booksonthemove.fr\/en\/produit\/was-der-korper-zu-erzahlen-hat-expressive-arts-therapy-in-theorie-und-praxis-2\/#primaryimage"},"thumbnailUrl":"https:\/\/www.booksonthemove.fr\/media\/bom_1270_0.jpg","datePublished":"2016-08-27T23:19:35+00:00","dateModified":"2020-04-21T14:27:50+00:00","breadcrumb":{"@id":"https:\/\/www.booksonthemove.fr\/en\/produit\/was-der-korper-zu-erzahlen-hat-expressive-arts-therapy-in-theorie-und-praxis-2\/#breadcrumb"},"inLanguage":"en-US","potentialAction":[{"@type":"ReadAction","target":["https:\/\/www.booksonthemove.fr\/en\/produit\/was-der-korper-zu-erzahlen-hat-expressive-arts-therapy-in-theorie-und-praxis-2\/"]}]},{"@type":"ImageObject","inLanguage":"en-US","@id":"https:\/\/www.booksonthemove.fr\/en\/produit\/was-der-korper-zu-erzahlen-hat-expressive-arts-therapy-in-theorie-und-praxis-2\/#primaryimage","url":"https:\/\/www.booksonthemove.fr\/media\/bom_1270_0.jpg","contentUrl":"https:\/\/www.booksonthemove.fr\/media\/bom_1270_0.jpg","width":900,"height":1333},{"@type":"BreadcrumbList","@id":"https:\/\/www.booksonthemove.fr\/en\/produit\/was-der-korper-zu-erzahlen-hat-expressive-arts-therapy-in-theorie-und-praxis-2\/#breadcrumb","itemListElement":[{"@type":"ListItem","position":1,"name":"Accueil","item":"https:\/\/www.booksonthemove.fr\/en\/"},{"@type":"ListItem","position":2,"name":"online store","item":"https:\/\/www.booksonthemove.fr\/en\/online-shop\/"},{"@type":"ListItem","position":3,"name":"Was der Körper zu erzählen hat Expressive Arts Therapy in Theorie und Praxis"}]},{"@type":"WebSite","@id":"https:\/\/www.booksonthemove.fr\/#website","url":"https:\/\/www.booksonthemove.fr\/","name":"Books on the Move","description":"librairie nomade - danse - mouvement - performance","publisher":{"@id":"https:\/\/www.booksonthemove.fr\/#organization"},"potentialAction":[{"@type":"SearchAction","target":{"@type":"EntryPoint","urlTemplate":"https:\/\/www.booksonthemove.fr\/?s={search_term_string}"},"query-input":{"@type":"PropertyValueSpecification","valueRequired":true,"valueName":"search_term_string"}}],"inLanguage":"en-US"},{"@type":"Organization","@id":"https:\/\/www.booksonthemove.fr\/#organization","name":"Books on the Move","url":"https:\/\/www.booksonthemove.fr\/","logo":{"@type":"ImageObject","inLanguage":"en-US","@id":"https:\/\/www.booksonthemove.fr\/#\/schema\/logo\/image\/","url":"https:\/\/www.booksonthemove.fr\/media\/logo-NB-400.jpg","contentUrl":"https:\/\/www.booksonthemove.fr\/media\/logo-NB-400.jpg","width":400,"height":143,"caption":"Books on the Move"},"image":{"@id":"https:\/\/www.booksonthemove.fr\/#\/schema\/logo\/image\/"},"sameAs":["https:\/\/www.facebook.com\/Librairiebooksonthemove\/"]}]}</script>
<!-- / Yoast SEO plugin. -->

Was der Körper zu erzählen hat Expressive Arts Therapy in Theorie und Praxis - Books on the Move

Autors: Daria Halprin. Übersetzt von Mirjam IngendaayVerlag: K. Kieser (2013)Paperback: 238 SeitenSprache: DeutschISBN13: 978-3-935456-29-6
