{"id":39268,"date":"2023-10-17T23:00:37","date_gmt":"2023-10-17T21:00:37","guid":{"rendered":"https:\/\/www.booksonthemove.fr\/produit\/avant-garde-et-contre-culture\/"},"modified":"2025-02-17T10:20:33","modified_gmt":"2025-02-17T09:20:33","slug":"avant-garde-et-contre-culture","status":"publish","type":"product","link":"https:\/\/www.booksonthemove.fr\/en\/produit\/avant-garde-et-contre-culture\/","title":{"rendered":"Avant-garde et contre culture"},"content":{"rendered":"<div class=\"citation\">Consid\u00e9rer l&#8217;avant-garde et la contre-culture, lorsque r\u00e8gne une platitude g\u00e9n\u00e9ralis\u00e9e permet d&#8217;approfondir la compr\u00e9hension de ph\u00e9nom\u00e8nes sans recourir uniquement \u00e0 des discours id\u00e9ologiques. Cependant compte tenu du sujet il s&#8217;av\u00e8re impossible de le traiter sans prendre parti de fa\u00e7on passionn\u00e9e. Sans prendre de risque, sans d\u00e9ranger l&#8217;existant, point d&#8217;avant-garde. Pour ces trois auteurs l&#8217;avant-garde est un \u00e9tat d&#8217;esprit, une attitude de vie.<br \/>\nCet ouvrage d\u00e9montre qu&#8217;entre l&#8217;avant-garde et la contre-culture existent des similitudes, mais \u00e9galement des diff\u00e9rences\u00a0: les uns construisent en se projetant davantage dans un futur utopiste, tandis que les autres adoptent une attitude de r\u00e9sistance qui privil\u00e9gie l&#8217;ici et le maintenant.<br \/>\nLectures philosophique, sociologique et parole d&#8217;artiste contribuent \u00e0 dessiner une m\u00e9thode. Celle-ci, en croisant ces trois points de vue, tente de r\u00e9pondre \u00e0 une question primordiale\u00a0: qu&#8217;est-ce qu&#8217;un changement dans l&#8217;expression artistique\u00a0?<br \/>\nM\u00e9thode qui interroge \u00e0 la fois sur le milieu artistique et ses acteurs, le contenu de leurs \u0153uvres et les ruptures que provoque leur imaginaire.<\/div>\n","protected":false},"excerpt":{"rendered":"<p><b>AUTEUR\u00b7ES : <\/b>Charles Dreyfus Pechkoff, Antigone Mouchtouris &amp; Louis Ucciani<br \/>\n<b>EDITEUR : <\/b>les presses du r\u00e9el (2023)<\/p>\n<p><strong>BROCH\u00c9 :<\/strong>\u00a076 pages<br \/>\n<b>LANGUE : <\/b>Fran\u00e7ais<br \/>\n<strong>ISBN13 :<\/strong> 978-2-37896-380-4<\/p>\n","protected":false},"featured_media":39267,"template":"","meta":[],"product_brand":[],"product_cat":[157,162,206,222],"product_tag":[],"class_list":{"0":"post-39268","1":"product","2":"type-product","3":"status-publish","4":"has-post-thumbnail","6":"product_cat-artists-writings-en","7":"product_cat-french-en","8":"product_cat-philosophy-aesthetics-en","9":"product_cat-social-studies-en","11":"first","12":"instock","13":"taxable","14":"shipping-taxable","15":"purchasable","16":"product-type-simple"},"yoast_head":"<!-- This site is optimized with the Yoast SEO plugin v27.4 - https:\/\/yoast.com\/product\/yoast-seo-wordpress\/ -->\n<title>Avant-garde et contre culture - Books on the Move<\/title>\n<meta name=\"robots\" content=\"index, follow, max-snippet:-1, max-image-preview:large, max-video-preview:-1\" \/>\n<link rel=\"canonical\" href=\"https:\/\/www.booksonthemove.fr\/produit\/avant-garde-et-contre-culture\/\" \/>\n<meta property=\"og:locale\" content=\"en_US\" \/>\n<meta property=\"og:type\" content=\"article\" \/>\n<meta property=\"og:title\" content=\"Avant-garde et contre culture - Books on the Move\" \/>\n<meta property=\"og:description\" content=\"AUTEUR\u00b7ES : Charles Dreyfus Pechkoff, Antigone Mouchtouris &amp; Louis Ucciani EDITEUR : les presses du r\u00e9el (2023)  BROCH\u00c9 :\u00a076 pages LANGUE : Fran\u00e7ais ISBN13 : 978-2-37896-380-4\" \/>\n<meta property=\"og:url\" content=\"https:\/\/www.booksonthemove.fr\/produit\/avant-garde-et-contre-culture\/\" \/>\n<meta property=\"og:site_name\" content=\"Books on the Move\" \/>\n<meta property=\"article:publisher\" content=\"https:\/\/www.facebook.com\/Librairiebooksonthemove\/\" \/>\n<meta property=\"article:modified_time\" content=\"2025-02-17T09:20:33+00:00\" \/>\n<meta property=\"og:image\" content=\"https:\/\/www.booksonthemove.fr\/media\/bom_2628.jpg\" \/>\n\t<meta property=\"og:image:width\" content=\"886\" \/>\n\t<meta property=\"og:image:height\" content=\"1339\" \/>\n\t<meta property=\"og:image:type\" content=\"image\/jpeg\" \/>\n<meta name=\"twitter:card\" content=\"summary_large_image\" \/>\n<script type=\"application\/ld+json\" class=\"yoast-schema-graph\">{\"@context\":\"https:\\\/\\\/schema.org\",\"@graph\":[{\"@type\":\"WebPage\",\"@id\":\"https:\\\/\\\/www.booksonthemove.fr\\\/produit\\\/avant-garde-et-contre-culture\\\/\",\"url\":\"https:\\\/\\\/www.booksonthemove.fr\\\/produit\\\/avant-garde-et-contre-culture\\\/\",\"name\":\"Avant-garde et contre culture - Books on the Move\",\"isPartOf\":{\"@id\":\"https:\\\/\\\/www.booksonthemove.fr\\\/#website\"},\"primaryImageOfPage\":{\"@id\":\"https:\\\/\\\/www.booksonthemove.fr\\\/produit\\\/avant-garde-et-contre-culture\\\/#primaryimage\"},\"image\":{\"@id\":\"https:\\\/\\\/www.booksonthemove.fr\\\/produit\\\/avant-garde-et-contre-culture\\\/#primaryimage\"},\"thumbnailUrl\":\"https:\\\/\\\/www.booksonthemove.fr\\\/media\\\/bom_2628.jpg\",\"datePublished\":\"2023-10-17T21:00:37+00:00\",\"dateModified\":\"2025-02-17T09:20:33+00:00\",\"breadcrumb\":{\"@id\":\"https:\\\/\\\/www.booksonthemove.fr\\\/produit\\\/avant-garde-et-contre-culture\\\/#breadcrumb\"},\"inLanguage\":\"en-US\",\"potentialAction\":[{\"@type\":\"ReadAction\",\"target\":[\"https:\\\/\\\/www.booksonthemove.fr\\\/produit\\\/avant-garde-et-contre-culture\\\/\"]}]},{\"@type\":\"ImageObject\",\"inLanguage\":\"en-US\",\"@id\":\"https:\\\/\\\/www.booksonthemove.fr\\\/produit\\\/avant-garde-et-contre-culture\\\/#primaryimage\",\"url\":\"https:\\\/\\\/www.booksonthemove.fr\\\/media\\\/bom_2628.jpg\",\"contentUrl\":\"https:\\\/\\\/www.booksonthemove.fr\\\/media\\\/bom_2628.jpg\",\"width\":886,\"height\":1339},{\"@type\":\"BreadcrumbList\",\"@id\":\"https:\\\/\\\/www.booksonthemove.fr\\\/produit\\\/avant-garde-et-contre-culture\\\/#breadcrumb\",\"itemListElement\":[{\"@type\":\"ListItem\",\"position\":1,\"name\":\"Accueil\",\"item\":\"https:\\\/\\\/www.booksonthemove.fr\\\/en\\\/\"},{\"@type\":\"ListItem\",\"position\":2,\"name\":\"online store\",\"item\":\"https:\\\/\\\/www.booksonthemove.fr\\\/en\\\/online-shop\\\/\"},{\"@type\":\"ListItem\",\"position\":3,\"name\":\"Avant-garde et contre culture\"}]},{\"@type\":\"WebSite\",\"@id\":\"https:\\\/\\\/www.booksonthemove.fr\\\/#website\",\"url\":\"https:\\\/\\\/www.booksonthemove.fr\\\/\",\"name\":\"Books on the Move\",\"description\":\"librairie nomade - danse - mouvement - performance\",\"publisher\":{\"@id\":\"https:\\\/\\\/www.booksonthemove.fr\\\/#organization\"},\"potentialAction\":[{\"@type\":\"SearchAction\",\"target\":{\"@type\":\"EntryPoint\",\"urlTemplate\":\"https:\\\/\\\/www.booksonthemove.fr\\\/?s={search_term_string}\"},\"query-input\":{\"@type\":\"PropertyValueSpecification\",\"valueRequired\":true,\"valueName\":\"search_term_string\"}}],\"inLanguage\":\"en-US\"},{\"@type\":\"Organization\",\"@id\":\"https:\\\/\\\/www.booksonthemove.fr\\\/#organization\",\"name\":\"Books on the Move\",\"url\":\"https:\\\/\\\/www.booksonthemove.fr\\\/\",\"logo\":{\"@type\":\"ImageObject\",\"inLanguage\":\"en-US\",\"@id\":\"https:\\\/\\\/www.booksonthemove.fr\\\/#\\\/schema\\\/logo\\\/image\\\/\",\"url\":\"https:\\\/\\\/www.booksonthemove.fr\\\/media\\\/logo-NB-400.jpg\",\"contentUrl\":\"https:\\\/\\\/www.booksonthemove.fr\\\/media\\\/logo-NB-400.jpg\",\"width\":400,\"height\":143,\"caption\":\"Books on the Move\"},\"image\":{\"@id\":\"https:\\\/\\\/www.booksonthemove.fr\\\/#\\\/schema\\\/logo\\\/image\\\/\"},\"sameAs\":[\"https:\\\/\\\/www.facebook.com\\\/Librairiebooksonthemove\\\/\"]}]}<\/script>\n<!-- \/ Yoast SEO plugin. -->","yoast_head_json":{"title":"Avant-garde et contre culture - Books on the Move","robots":{"index":"index","follow":"follow","max-snippet":"max-snippet:-1","max-image-preview":"max-image-preview:large","max-video-preview":"max-video-preview:-1"},"canonical":"https:\/\/www.booksonthemove.fr\/produit\/avant-garde-et-contre-culture\/","og_locale":"en_US","og_type":"article","og_title":"Avant-garde et contre culture - Books on the Move","og_description":"AUTEUR\u00b7ES : Charles Dreyfus Pechkoff, Antigone Mouchtouris &amp; Louis Ucciani EDITEUR : les presses du r\u00e9el (2023)  BROCH\u00c9 :\u00a076 pages LANGUE : Fran\u00e7ais ISBN13 : 978-2-37896-380-4","og_url":"https:\/\/www.booksonthemove.fr\/produit\/avant-garde-et-contre-culture\/","og_site_name":"Books on the Move","article_publisher":"https:\/\/www.facebook.com\/Librairiebooksonthemove\/","article_modified_time":"2025-02-17T09:20:33+00:00","og_image":[{"width":886,"height":1339,"url":"https:\/\/www.booksonthemove.fr\/media\/bom_2628.jpg","type":"image\/jpeg"}],"twitter_card":"summary_large_image","schema":{"@context":"https:\/\/schema.org","@graph":[{"@type":"WebPage","@id":"https:\/\/www.booksonthemove.fr\/produit\/avant-garde-et-contre-culture\/","url":"https:\/\/www.booksonthemove.fr\/produit\/avant-garde-et-contre-culture\/","name":"Avant-garde et contre culture - Books on the Move","isPartOf":{"@id":"https:\/\/www.booksonthemove.fr\/#website"},"primaryImageOfPage":{"@id":"https:\/\/www.booksonthemove.fr\/produit\/avant-garde-et-contre-culture\/#primaryimage"},"image":{"@id":"https:\/\/www.booksonthemove.fr\/produit\/avant-garde-et-contre-culture\/#primaryimage"},"thumbnailUrl":"https:\/\/www.booksonthemove.fr\/media\/bom_2628.jpg","datePublished":"2023-10-17T21:00:37+00:00","dateModified":"2025-02-17T09:20:33+00:00","breadcrumb":{"@id":"https:\/\/www.booksonthemove.fr\/produit\/avant-garde-et-contre-culture\/#breadcrumb"},"inLanguage":"en-US","potentialAction":[{"@type":"ReadAction","target":["https:\/\/www.booksonthemove.fr\/produit\/avant-garde-et-contre-culture\/"]}]},{"@type":"ImageObject","inLanguage":"en-US","@id":"https:\/\/www.booksonthemove.fr\/produit\/avant-garde-et-contre-culture\/#primaryimage","url":"https:\/\/www.booksonthemove.fr\/media\/bom_2628.jpg","contentUrl":"https:\/\/www.booksonthemove.fr\/media\/bom_2628.jpg","width":886,"height":1339},{"@type":"BreadcrumbList","@id":"https:\/\/www.booksonthemove.fr\/produit\/avant-garde-et-contre-culture\/#breadcrumb","itemListElement":[{"@type":"ListItem","position":1,"name":"Accueil","item":"https:\/\/www.booksonthemove.fr\/en\/"},{"@type":"ListItem","position":2,"name":"online store","item":"https:\/\/www.booksonthemove.fr\/en\/online-shop\/"},{"@type":"ListItem","position":3,"name":"Avant-garde et contre culture"}]},{"@type":"WebSite","@id":"https:\/\/www.booksonthemove.fr\/#website","url":"https:\/\/www.booksonthemove.fr\/","name":"Books on the Move","description":"librairie nomade - danse - mouvement - performance","publisher":{"@id":"https:\/\/www.booksonthemove.fr\/#organization"},"potentialAction":[{"@type":"SearchAction","target":{"@type":"EntryPoint","urlTemplate":"https:\/\/www.booksonthemove.fr\/?s={search_term_string}"},"query-input":{"@type":"PropertyValueSpecification","valueRequired":true,"valueName":"search_term_string"}}],"inLanguage":"en-US"},{"@type":"Organization","@id":"https:\/\/www.booksonthemove.fr\/#organization","name":"Books on the Move","url":"https:\/\/www.booksonthemove.fr\/","logo":{"@type":"ImageObject","inLanguage":"en-US","@id":"https:\/\/www.booksonthemove.fr\/#\/schema\/logo\/image\/","url":"https:\/\/www.booksonthemove.fr\/media\/logo-NB-400.jpg","contentUrl":"https:\/\/www.booksonthemove.fr\/media\/logo-NB-400.jpg","width":400,"height":143,"caption":"Books on the Move"},"image":{"@id":"https:\/\/www.booksonthemove.fr\/#\/schema\/logo\/image\/"},"sameAs":["https:\/\/www.facebook.com\/Librairiebooksonthemove\/"]}]}},"_links":{"self":[{"href":"https:\/\/www.booksonthemove.fr\/en\/wp-json\/wp\/v2\/product\/39268","targetHints":{"allow":["GET"]}}],"collection":[{"href":"https:\/\/www.booksonthemove.fr\/en\/wp-json\/wp\/v2\/product"}],"about":[{"href":"https:\/\/www.booksonthemove.fr\/en\/wp-json\/wp\/v2\/types\/product"}],"wp:featuredmedia":[{"embeddable":true,"href":"https:\/\/www.booksonthemove.fr\/en\/wp-json\/wp\/v2\/media\/39267"}],"wp:attachment":[{"href":"https:\/\/www.booksonthemove.fr\/en\/wp-json\/wp\/v2\/media?parent=39268"}],"wp:term":[{"taxonomy":"product_brand","embeddable":true,"href":"https:\/\/www.booksonthemove.fr\/en\/wp-json\/wp\/v2\/product_brand?post=39268"},{"taxonomy":"product_cat","embeddable":true,"href":"https:\/\/www.booksonthemove.fr\/en\/wp-json\/wp\/v2\/product_cat?post=39268"},{"taxonomy":"product_tag","embeddable":true,"href":"https:\/\/www.booksonthemove.fr\/en\/wp-json\/wp\/v2\/product_tag?post=39268"}],"curies":[{"name":"wp","href":"https:\/\/api.w.org\/{rel}","templated":true}]}}

<div class="citation">Considérer l&#8217;avant-garde et la contre-culture, lorsque règne une platitude généralisée permet d&#8217;approfondir la compréhension de phénomènes sans recourir uniquement à des discours idéologiques. Cependant compte tenu du sujet il s&#8217;avère impossible de le traiter sans prendre parti de façon passionnée. Sans prendre de risque, sans déranger l&#8217;existant, point d&#8217;avant-garde. Pour ces trois auteurs l&#8217;avant-garde est un état d&#8217;esprit, une attitude de vie.<br />
Cet ouvrage démontre qu&#8217;entre l&#8217;avant-garde et la contre-culture existent des similitudes, mais également des différences : les uns construisent en se projetant davantage dans un futur utopiste, tandis que les autres adoptent une attitude de résistance qui privilégie l&#8217;ici et le maintenant.<br />
Lectures philosophique, sociologique et parole d&#8217;artiste contribuent à dessiner une méthode. Celle-ci, en croisant ces trois points de vue, tente de répondre à une question primordiale : qu&#8217;est-ce qu&#8217;un changement dans l&#8217;expression artistique ?<br />
Méthode qui interroge à la fois sur le milieu artistique et ses acteurs, le contenu de leurs œuvres et les ruptures que provoque leur imaginaire.</div>

<p><b>AUTEUR·ES : </b>Charles Dreyfus Pechkoff, Antigone Mouchtouris &amp; Louis Ucciani<br />
<b>EDITEUR : </b>les presses du réel (2023)</p>
<p><strong>BROCHÉ :</strong> 76 pages<br />
<b>LANGUE : </b>Français<br />
<strong>ISBN13 :</strong> 978-2-37896-380-4</p>

<!-- This site is optimized with the Yoast SEO plugin v27.4 - https://yoast.com/product/yoast-seo-wordpress/ -->
<title>Avant-garde et contre culture - Books on the Move</title>
<meta name="robots" content="index, follow, max-snippet:-1, max-image-preview:large, max-video-preview:-1" />
<link rel="canonical" href="https://www.booksonthemove.fr/produit/avant-garde-et-contre-culture/" />
<meta property="og:locale" content="en_US" />
<meta property="og:type" content="article" />
<meta property="og:title" content="Avant-garde et contre culture - Books on the Move" />
<meta property="og:description" content="AUTEUR·ES : Charles Dreyfus Pechkoff, Antigone Mouchtouris &amp; Louis Ucciani EDITEUR : les presses du réel (2023)  BROCHÉ : 76 pages LANGUE : Français ISBN13 : 978-2-37896-380-4" />
<meta property="og:url" content="https://www.booksonthemove.fr/produit/avant-garde-et-contre-culture/" />
<meta property="og:site_name" content="Books on the Move" />
<meta property="article:publisher" content="https://www.facebook.com/Librairiebooksonthemove/" />
<meta property="article:modified_time" content="2025-02-17T09:20:33+00:00" />
<meta property="og:image" content="https://www.booksonthemove.fr/media/bom_2628.jpg" />
	<meta property="og:image:width" content="886" />
	<meta property="og:image:height" content="1339" />
	<meta property="og:image:type" content="image/jpeg" />
<meta name="twitter:card" content="summary_large_image" />
<script type="application/ld+json" class="yoast-schema-graph">{"@context":"https:\/\/schema.org","@graph":[{"@type":"WebPage","@id":"https:\/\/www.booksonthemove.fr\/produit\/avant-garde-et-contre-culture\/","url":"https:\/\/www.booksonthemove.fr\/produit\/avant-garde-et-contre-culture\/","name":"Avant-garde et contre culture - Books on the Move","isPartOf":{"@id":"https:\/\/www.booksonthemove.fr\/#website"},"primaryImageOfPage":{"@id":"https:\/\/www.booksonthemove.fr\/produit\/avant-garde-et-contre-culture\/#primaryimage"},"image":{"@id":"https:\/\/www.booksonthemove.fr\/produit\/avant-garde-et-contre-culture\/#primaryimage"},"thumbnailUrl":"https:\/\/www.booksonthemove.fr\/media\/bom_2628.jpg","datePublished":"2023-10-17T21:00:37+00:00","dateModified":"2025-02-17T09:20:33+00:00","breadcrumb":{"@id":"https:\/\/www.booksonthemove.fr\/produit\/avant-garde-et-contre-culture\/#breadcrumb"},"inLanguage":"en-US","potentialAction":[{"@type":"ReadAction","target":["https:\/\/www.booksonthemove.fr\/produit\/avant-garde-et-contre-culture\/"]}]},{"@type":"ImageObject","inLanguage":"en-US","@id":"https:\/\/www.booksonthemove.fr\/produit\/avant-garde-et-contre-culture\/#primaryimage","url":"https:\/\/www.booksonthemove.fr\/media\/bom_2628.jpg","contentUrl":"https:\/\/www.booksonthemove.fr\/media\/bom_2628.jpg","width":886,"height":1339},{"@type":"BreadcrumbList","@id":"https:\/\/www.booksonthemove.fr\/produit\/avant-garde-et-contre-culture\/#breadcrumb","itemListElement":[{"@type":"ListItem","position":1,"name":"Accueil","item":"https:\/\/www.booksonthemove.fr\/en\/"},{"@type":"ListItem","position":2,"name":"online store","item":"https:\/\/www.booksonthemove.fr\/en\/online-shop\/"},{"@type":"ListItem","position":3,"name":"Avant-garde et contre culture"}]},{"@type":"WebSite","@id":"https:\/\/www.booksonthemove.fr\/#website","url":"https:\/\/www.booksonthemove.fr\/","name":"Books on the Move","description":"librairie nomade - danse - mouvement - performance","publisher":{"@id":"https:\/\/www.booksonthemove.fr\/#organization"},"potentialAction":[{"@type":"SearchAction","target":{"@type":"EntryPoint","urlTemplate":"https:\/\/www.booksonthemove.fr\/?s={search_term_string}"},"query-input":{"@type":"PropertyValueSpecification","valueRequired":true,"valueName":"search_term_string"}}],"inLanguage":"en-US"},{"@type":"Organization","@id":"https:\/\/www.booksonthemove.fr\/#organization","name":"Books on the Move","url":"https:\/\/www.booksonthemove.fr\/","logo":{"@type":"ImageObject","inLanguage":"en-US","@id":"https:\/\/www.booksonthemove.fr\/#\/schema\/logo\/image\/","url":"https:\/\/www.booksonthemove.fr\/media\/logo-NB-400.jpg","contentUrl":"https:\/\/www.booksonthemove.fr\/media\/logo-NB-400.jpg","width":400,"height":143,"caption":"Books on the Move"},"image":{"@id":"https:\/\/www.booksonthemove.fr\/#\/schema\/logo\/image\/"},"sameAs":["https:\/\/www.facebook.com\/Librairiebooksonthemove\/"]}]}</script>
<!-- / Yoast SEO plugin. -->

AUTEUR·ES : Charles Dreyfus Pechkoff, Antigone Mouchtouris &amp; Louis Ucciani EDITEUR : les presses du réel (2023)  BROCHÉ : 76 pages LANGUE : Français ISBN13 : 978-2-37896-380-4
