{"id":42560,"date":"2024-03-12T21:51:01","date_gmt":"2024-03-12T20:51:01","guid":{"rendered":"https:\/\/www.booksonthemove.fr\/produit\/um-ponto-que-danca\/"},"modified":"2024-10-08T10:33:27","modified_gmt":"2024-10-08T08:33:27","slug":"um-ponto-que-danca","status":"publish","type":"product","link":"https:\/\/www.booksonthemove.fr\/en\/produit\/um-ponto-que-danca\/","title":{"rendered":"Um ponto que dan\u00e7a"},"content":{"rendered":"<p>Quantas vezes nos sentimos um ponto no meio da imensid\u00e3o? E quantas vezes imaginamos que esse ponto est\u00e1 ligado a tudo \u00e0 nossa volta atrav\u00e9s de mil e um outros pontos? Um Ponto que Dan\u00e7a \u00e9 um livro que explora a imagina\u00e7\u00e3o figurativa e abstracta para contar o percurso e o movimento da vida de um ponto: conta as suas dan\u00e7as de pequeno at\u00e9 adulto, os desa\ufb01os para encontrar um lugar no mundo e \ufb01nalmente, a sua liberdade.<\/p>\n","protected":false},"excerpt":{"rendered":"<p><strong>AUTORAS:<\/strong> Texto: Sara Anjo, lustra\u00e7\u00e3o: <span class=\"wixui-rich-text__text\"><span class=\"color_37 wixui-rich-text__text\">Martina Many\u00e0, Design: S\u00edlvia Prud\u00eancio<\/span><\/span><br \/>\n<strong>UMA EDI\u00c7\u00c3O:<\/strong> Whilepaper (2018)<\/p>\n<p><strong>BROCHADO:<\/strong> Formato Leporello, 10 p\u00e1ginas<br \/>\n<strong>L\u00cdNGUAS:<\/strong> Portugu\u00eas<\/p>\n","protected":false},"featured_media":42562,"template":"","meta":[],"product_brand":[],"product_cat":[212,258,298],"product_tag":[],"class_list":{"0":"post-42560","1":"product","2":"type-product","3":"status-publish","4":"has-post-thumbnail","6":"product_cat-artists-books-en","7":"product_cat-other-languages","8":"product_cat-childrens-and-youth-books","10":"first","11":"instock","12":"taxable","13":"shipping-taxable","14":"purchasable","15":"product-type-simple"},"yoast_head":"<!-- This site is optimized with the Yoast SEO plugin v27.4 - https:\/\/yoast.com\/product\/yoast-seo-wordpress\/ -->\n<title>Um ponto que dan\u00e7a - Books on the Move<\/title>\n<meta name=\"robots\" content=\"index, follow, max-snippet:-1, max-image-preview:large, max-video-preview:-1\" \/>\n<link rel=\"canonical\" href=\"https:\/\/www.booksonthemove.fr\/produit\/um-ponto-que-danca\/\" \/>\n<meta property=\"og:locale\" content=\"en_US\" \/>\n<meta property=\"og:type\" content=\"article\" \/>\n<meta property=\"og:title\" content=\"Um ponto que dan\u00e7a - Books on the Move\" \/>\n<meta property=\"og:description\" content=\"AUTORAS: Texto: Sara Anjo, lustra\u00e7\u00e3o: Martina Many\u00e0, Design: S\u00edlvia Prud\u00eancio UMA EDI\u00c7\u00c3O: Whilepaper (2018)  BROCHADO: Formato Leporello, 10 p\u00e1ginas L\u00cdNGUAS: Portugu\u00eas\" \/>\n<meta property=\"og:url\" content=\"https:\/\/www.booksonthemove.fr\/produit\/um-ponto-que-danca\/\" \/>\n<meta property=\"og:site_name\" content=\"Books on the Move\" \/>\n<meta property=\"article:publisher\" content=\"https:\/\/www.facebook.com\/Librairiebooksonthemove\/\" \/>\n<meta property=\"article:modified_time\" content=\"2024-10-08T08:33:27+00:00\" \/>\n<meta property=\"og:image\" content=\"https:\/\/www.booksonthemove.fr\/media\/bom_2733.jpeg\" \/>\n\t<meta property=\"og:image:width\" content=\"809\" \/>\n\t<meta property=\"og:image:height\" content=\"1024\" \/>\n\t<meta property=\"og:image:type\" content=\"image\/jpeg\" \/>\n<meta name=\"twitter:card\" content=\"summary_large_image\" \/>\n<script type=\"application\/ld+json\" class=\"yoast-schema-graph\">{\"@context\":\"https:\\\/\\\/schema.org\",\"@graph\":[{\"@type\":\"WebPage\",\"@id\":\"https:\\\/\\\/www.booksonthemove.fr\\\/produit\\\/um-ponto-que-danca\\\/\",\"url\":\"https:\\\/\\\/www.booksonthemove.fr\\\/produit\\\/um-ponto-que-danca\\\/\",\"name\":\"Um ponto que dan\u00e7a - Books on the Move\",\"isPartOf\":{\"@id\":\"https:\\\/\\\/www.booksonthemove.fr\\\/#website\"},\"primaryImageOfPage\":{\"@id\":\"https:\\\/\\\/www.booksonthemove.fr\\\/produit\\\/um-ponto-que-danca\\\/#primaryimage\"},\"image\":{\"@id\":\"https:\\\/\\\/www.booksonthemove.fr\\\/produit\\\/um-ponto-que-danca\\\/#primaryimage\"},\"thumbnailUrl\":\"https:\\\/\\\/www.booksonthemove.fr\\\/media\\\/bom_2733.jpeg\",\"datePublished\":\"2024-03-12T20:51:01+00:00\",\"dateModified\":\"2024-10-08T08:33:27+00:00\",\"breadcrumb\":{\"@id\":\"https:\\\/\\\/www.booksonthemove.fr\\\/produit\\\/um-ponto-que-danca\\\/#breadcrumb\"},\"inLanguage\":\"en-US\",\"potentialAction\":[{\"@type\":\"ReadAction\",\"target\":[\"https:\\\/\\\/www.booksonthemove.fr\\\/produit\\\/um-ponto-que-danca\\\/\"]}]},{\"@type\":\"ImageObject\",\"inLanguage\":\"en-US\",\"@id\":\"https:\\\/\\\/www.booksonthemove.fr\\\/produit\\\/um-ponto-que-danca\\\/#primaryimage\",\"url\":\"https:\\\/\\\/www.booksonthemove.fr\\\/media\\\/bom_2733.jpeg\",\"contentUrl\":\"https:\\\/\\\/www.booksonthemove.fr\\\/media\\\/bom_2733.jpeg\",\"width\":809,\"height\":1024},{\"@type\":\"BreadcrumbList\",\"@id\":\"https:\\\/\\\/www.booksonthemove.fr\\\/produit\\\/um-ponto-que-danca\\\/#breadcrumb\",\"itemListElement\":[{\"@type\":\"ListItem\",\"position\":1,\"name\":\"Accueil\",\"item\":\"https:\\\/\\\/www.booksonthemove.fr\\\/en\\\/\"},{\"@type\":\"ListItem\",\"position\":2,\"name\":\"online store\",\"item\":\"https:\\\/\\\/www.booksonthemove.fr\\\/en\\\/online-shop\\\/\"},{\"@type\":\"ListItem\",\"position\":3,\"name\":\"Um ponto que dan\u00e7a\"}]},{\"@type\":\"WebSite\",\"@id\":\"https:\\\/\\\/www.booksonthemove.fr\\\/#website\",\"url\":\"https:\\\/\\\/www.booksonthemove.fr\\\/\",\"name\":\"Books on the Move\",\"description\":\"librairie nomade - danse - mouvement - performance\",\"publisher\":{\"@id\":\"https:\\\/\\\/www.booksonthemove.fr\\\/#organization\"},\"potentialAction\":[{\"@type\":\"SearchAction\",\"target\":{\"@type\":\"EntryPoint\",\"urlTemplate\":\"https:\\\/\\\/www.booksonthemove.fr\\\/?s={search_term_string}\"},\"query-input\":{\"@type\":\"PropertyValueSpecification\",\"valueRequired\":true,\"valueName\":\"search_term_string\"}}],\"inLanguage\":\"en-US\"},{\"@type\":\"Organization\",\"@id\":\"https:\\\/\\\/www.booksonthemove.fr\\\/#organization\",\"name\":\"Books on the Move\",\"url\":\"https:\\\/\\\/www.booksonthemove.fr\\\/\",\"logo\":{\"@type\":\"ImageObject\",\"inLanguage\":\"en-US\",\"@id\":\"https:\\\/\\\/www.booksonthemove.fr\\\/#\\\/schema\\\/logo\\\/image\\\/\",\"url\":\"https:\\\/\\\/www.booksonthemove.fr\\\/media\\\/logo-NB-400.jpg\",\"contentUrl\":\"https:\\\/\\\/www.booksonthemove.fr\\\/media\\\/logo-NB-400.jpg\",\"width\":400,\"height\":143,\"caption\":\"Books on the Move\"},\"image\":{\"@id\":\"https:\\\/\\\/www.booksonthemove.fr\\\/#\\\/schema\\\/logo\\\/image\\\/\"},\"sameAs\":[\"https:\\\/\\\/www.facebook.com\\\/Librairiebooksonthemove\\\/\"]}]}<\/script>\n<!-- \/ Yoast SEO plugin. -->","yoast_head_json":{"title":"Um ponto que dan\u00e7a - Books on the Move","robots":{"index":"index","follow":"follow","max-snippet":"max-snippet:-1","max-image-preview":"max-image-preview:large","max-video-preview":"max-video-preview:-1"},"canonical":"https:\/\/www.booksonthemove.fr\/produit\/um-ponto-que-danca\/","og_locale":"en_US","og_type":"article","og_title":"Um ponto que dan\u00e7a - Books on the Move","og_description":"AUTORAS: Texto: Sara Anjo, lustra\u00e7\u00e3o: Martina Many\u00e0, Design: S\u00edlvia Prud\u00eancio UMA EDI\u00c7\u00c3O: Whilepaper (2018)  BROCHADO: Formato Leporello, 10 p\u00e1ginas L\u00cdNGUAS: Portugu\u00eas","og_url":"https:\/\/www.booksonthemove.fr\/produit\/um-ponto-que-danca\/","og_site_name":"Books on the Move","article_publisher":"https:\/\/www.facebook.com\/Librairiebooksonthemove\/","article_modified_time":"2024-10-08T08:33:27+00:00","og_image":[{"width":809,"height":1024,"url":"https:\/\/www.booksonthemove.fr\/media\/bom_2733.jpeg","type":"image\/jpeg"}],"twitter_card":"summary_large_image","schema":{"@context":"https:\/\/schema.org","@graph":[{"@type":"WebPage","@id":"https:\/\/www.booksonthemove.fr\/produit\/um-ponto-que-danca\/","url":"https:\/\/www.booksonthemove.fr\/produit\/um-ponto-que-danca\/","name":"Um ponto que dan\u00e7a - Books on the Move","isPartOf":{"@id":"https:\/\/www.booksonthemove.fr\/#website"},"primaryImageOfPage":{"@id":"https:\/\/www.booksonthemove.fr\/produit\/um-ponto-que-danca\/#primaryimage"},"image":{"@id":"https:\/\/www.booksonthemove.fr\/produit\/um-ponto-que-danca\/#primaryimage"},"thumbnailUrl":"https:\/\/www.booksonthemove.fr\/media\/bom_2733.jpeg","datePublished":"2024-03-12T20:51:01+00:00","dateModified":"2024-10-08T08:33:27+00:00","breadcrumb":{"@id":"https:\/\/www.booksonthemove.fr\/produit\/um-ponto-que-danca\/#breadcrumb"},"inLanguage":"en-US","potentialAction":[{"@type":"ReadAction","target":["https:\/\/www.booksonthemove.fr\/produit\/um-ponto-que-danca\/"]}]},{"@type":"ImageObject","inLanguage":"en-US","@id":"https:\/\/www.booksonthemove.fr\/produit\/um-ponto-que-danca\/#primaryimage","url":"https:\/\/www.booksonthemove.fr\/media\/bom_2733.jpeg","contentUrl":"https:\/\/www.booksonthemove.fr\/media\/bom_2733.jpeg","width":809,"height":1024},{"@type":"BreadcrumbList","@id":"https:\/\/www.booksonthemove.fr\/produit\/um-ponto-que-danca\/#breadcrumb","itemListElement":[{"@type":"ListItem","position":1,"name":"Accueil","item":"https:\/\/www.booksonthemove.fr\/en\/"},{"@type":"ListItem","position":2,"name":"online store","item":"https:\/\/www.booksonthemove.fr\/en\/online-shop\/"},{"@type":"ListItem","position":3,"name":"Um ponto que dan\u00e7a"}]},{"@type":"WebSite","@id":"https:\/\/www.booksonthemove.fr\/#website","url":"https:\/\/www.booksonthemove.fr\/","name":"Books on the Move","description":"librairie nomade - danse - mouvement - performance","publisher":{"@id":"https:\/\/www.booksonthemove.fr\/#organization"},"potentialAction":[{"@type":"SearchAction","target":{"@type":"EntryPoint","urlTemplate":"https:\/\/www.booksonthemove.fr\/?s={search_term_string}"},"query-input":{"@type":"PropertyValueSpecification","valueRequired":true,"valueName":"search_term_string"}}],"inLanguage":"en-US"},{"@type":"Organization","@id":"https:\/\/www.booksonthemove.fr\/#organization","name":"Books on the Move","url":"https:\/\/www.booksonthemove.fr\/","logo":{"@type":"ImageObject","inLanguage":"en-US","@id":"https:\/\/www.booksonthemove.fr\/#\/schema\/logo\/image\/","url":"https:\/\/www.booksonthemove.fr\/media\/logo-NB-400.jpg","contentUrl":"https:\/\/www.booksonthemove.fr\/media\/logo-NB-400.jpg","width":400,"height":143,"caption":"Books on the Move"},"image":{"@id":"https:\/\/www.booksonthemove.fr\/#\/schema\/logo\/image\/"},"sameAs":["https:\/\/www.facebook.com\/Librairiebooksonthemove\/"]}]}},"_links":{"self":[{"href":"https:\/\/www.booksonthemove.fr\/en\/wp-json\/wp\/v2\/product\/42560","targetHints":{"allow":["GET"]}}],"collection":[{"href":"https:\/\/www.booksonthemove.fr\/en\/wp-json\/wp\/v2\/product"}],"about":[{"href":"https:\/\/www.booksonthemove.fr\/en\/wp-json\/wp\/v2\/types\/product"}],"wp:featuredmedia":[{"embeddable":true,"href":"https:\/\/www.booksonthemove.fr\/en\/wp-json\/wp\/v2\/media\/42562"}],"wp:attachment":[{"href":"https:\/\/www.booksonthemove.fr\/en\/wp-json\/wp\/v2\/media?parent=42560"}],"wp:term":[{"taxonomy":"product_brand","embeddable":true,"href":"https:\/\/www.booksonthemove.fr\/en\/wp-json\/wp\/v2\/product_brand?post=42560"},{"taxonomy":"product_cat","embeddable":true,"href":"https:\/\/www.booksonthemove.fr\/en\/wp-json\/wp\/v2\/product_cat?post=42560"},{"taxonomy":"product_tag","embeddable":true,"href":"https:\/\/www.booksonthemove.fr\/en\/wp-json\/wp\/v2\/product_tag?post=42560"}],"curies":[{"name":"wp","href":"https:\/\/api.w.org\/{rel}","templated":true}]}}

Um ponto que dança

<p>Quantas vezes nos sentimos um ponto no meio da imensidão? E quantas vezes imaginamos que esse ponto está ligado a tudo à nossa volta através de mil e um outros pontos? Um Ponto que Dança é um livro que explora a imaginação figurativa e abstracta para contar o percurso e o movimento da vida de um ponto: conta as suas danças de pequeno até adulto, os desaﬁos para encontrar um lugar no mundo e ﬁnalmente, a sua liberdade.</p>

<p><strong>AUTORAS:</strong> Texto: Sara Anjo, lustração: <span class="wixui-rich-text__text"><span class="color_37 wixui-rich-text__text">Martina Manyà, Design: Sílvia Prudêncio</span></span><br />
<strong>UMA EDIÇÃO:</strong> Whilepaper (2018)</p>
<p><strong>BROCHADO:</strong> Formato Leporello, 10 páginas<br />
<strong>LÍNGUAS:</strong> Português</p>

<!-- This site is optimized with the Yoast SEO plugin v27.4 - https://yoast.com/product/yoast-seo-wordpress/ -->
<title>Um ponto que dança - Books on the Move</title>
<meta name="robots" content="index, follow, max-snippet:-1, max-image-preview:large, max-video-preview:-1" />
<link rel="canonical" href="https://www.booksonthemove.fr/produit/um-ponto-que-danca/" />
<meta property="og:locale" content="en_US" />
<meta property="og:type" content="article" />
<meta property="og:title" content="Um ponto que dança - Books on the Move" />
<meta property="og:description" content="AUTORAS: Texto: Sara Anjo, lustração: Martina Manyà, Design: Sílvia Prudêncio UMA EDIÇÃO: Whilepaper (2018)  BROCHADO: Formato Leporello, 10 páginas LÍNGUAS: Português" />
<meta property="og:url" content="https://www.booksonthemove.fr/produit/um-ponto-que-danca/" />
<meta property="og:site_name" content="Books on the Move" />
<meta property="article:publisher" content="https://www.facebook.com/Librairiebooksonthemove/" />
<meta property="article:modified_time" content="2024-10-08T08:33:27+00:00" />
<meta property="og:image" content="https://www.booksonthemove.fr/media/bom_2733.jpeg" />
	<meta property="og:image:width" content="809" />
	<meta property="og:image:height" content="1024" />
	<meta property="og:image:type" content="image/jpeg" />
<meta name="twitter:card" content="summary_large_image" />
<script type="application/ld+json" class="yoast-schema-graph">{"@context":"https:\/\/schema.org","@graph":[{"@type":"WebPage","@id":"https:\/\/www.booksonthemove.fr\/produit\/um-ponto-que-danca\/","url":"https:\/\/www.booksonthemove.fr\/produit\/um-ponto-que-danca\/","name":"Um ponto que dança - Books on the Move","isPartOf":{"@id":"https:\/\/www.booksonthemove.fr\/#website"},"primaryImageOfPage":{"@id":"https:\/\/www.booksonthemove.fr\/produit\/um-ponto-que-danca\/#primaryimage"},"image":{"@id":"https:\/\/www.booksonthemove.fr\/produit\/um-ponto-que-danca\/#primaryimage"},"thumbnailUrl":"https:\/\/www.booksonthemove.fr\/media\/bom_2733.jpeg","datePublished":"2024-03-12T20:51:01+00:00","dateModified":"2024-10-08T08:33:27+00:00","breadcrumb":{"@id":"https:\/\/www.booksonthemove.fr\/produit\/um-ponto-que-danca\/#breadcrumb"},"inLanguage":"en-US","potentialAction":[{"@type":"ReadAction","target":["https:\/\/www.booksonthemove.fr\/produit\/um-ponto-que-danca\/"]}]},{"@type":"ImageObject","inLanguage":"en-US","@id":"https:\/\/www.booksonthemove.fr\/produit\/um-ponto-que-danca\/#primaryimage","url":"https:\/\/www.booksonthemove.fr\/media\/bom_2733.jpeg","contentUrl":"https:\/\/www.booksonthemove.fr\/media\/bom_2733.jpeg","width":809,"height":1024},{"@type":"BreadcrumbList","@id":"https:\/\/www.booksonthemove.fr\/produit\/um-ponto-que-danca\/#breadcrumb","itemListElement":[{"@type":"ListItem","position":1,"name":"Accueil","item":"https:\/\/www.booksonthemove.fr\/en\/"},{"@type":"ListItem","position":2,"name":"online store","item":"https:\/\/www.booksonthemove.fr\/en\/online-shop\/"},{"@type":"ListItem","position":3,"name":"Um ponto que dança"}]},{"@type":"WebSite","@id":"https:\/\/www.booksonthemove.fr\/#website","url":"https:\/\/www.booksonthemove.fr\/","name":"Books on the Move","description":"librairie nomade - danse - mouvement - performance","publisher":{"@id":"https:\/\/www.booksonthemove.fr\/#organization"},"potentialAction":[{"@type":"SearchAction","target":{"@type":"EntryPoint","urlTemplate":"https:\/\/www.booksonthemove.fr\/?s={search_term_string}"},"query-input":{"@type":"PropertyValueSpecification","valueRequired":true,"valueName":"search_term_string"}}],"inLanguage":"en-US"},{"@type":"Organization","@id":"https:\/\/www.booksonthemove.fr\/#organization","name":"Books on the Move","url":"https:\/\/www.booksonthemove.fr\/","logo":{"@type":"ImageObject","inLanguage":"en-US","@id":"https:\/\/www.booksonthemove.fr\/#\/schema\/logo\/image\/","url":"https:\/\/www.booksonthemove.fr\/media\/logo-NB-400.jpg","contentUrl":"https:\/\/www.booksonthemove.fr\/media\/logo-NB-400.jpg","width":400,"height":143,"caption":"Books on the Move"},"image":{"@id":"https:\/\/www.booksonthemove.fr\/#\/schema\/logo\/image\/"},"sameAs":["https:\/\/www.facebook.com\/Librairiebooksonthemove\/"]}]}</script>
<!-- / Yoast SEO plugin. -->

Um ponto que dança - Books on the Move

AUTORAS: Texto: Sara Anjo, lustração: Martina Manyà, Design: Sílvia Prudêncio UMA EDIÇÃO: Whilepaper (2018)  BROCHADO: Formato Leporello, 10 páginas LÍNGUAS: Português
