{"id":42575,"date":"2024-03-13T18:17:34","date_gmt":"2024-03-13T17:17:34","guid":{"rendered":"https:\/\/www.booksonthemove.fr\/produit\/campement-artistique-pour-littoral\/"},"modified":"2024-03-13T20:38:58","modified_gmt":"2024-03-13T19:38:58","slug":"campement-artistique-pour-littoral","status":"publish","type":"product","link":"https:\/\/www.booksonthemove.fr\/en\/produit\/campement-artistique-pour-littoral\/","title":{"rendered":"Campement artistique pour Littoral\u00a0"},"content":{"rendered":"<p>La publication \u00ab\u00a0Campement artistique pour Littoral\u00a02023 \u00bb est le prolongement d\u2019une exp\u00e9rimentation artistique qui s\u2019est d\u00e9roul\u00e9e en juin 2023 sur le Fort de Porh Puns, en Bretagne Sud, \u00e0 l\u2019initiative de la structure C.A.M.P bas\u00e9e \u00e0 Lorient.<br \/>\nSous la forme d\u2019un cahier, 11 textes r\u00e9unissant historienne en Patrimoine, artistes, habitant, \u00e9crivain, r\u00e9gisseur\u2026 nous replongent dans les souvenirs intimes, sensations et modes op\u00e9ratoires pour rendre compte de ce que la cohabitation a permis sur ce site sp\u00e9cifique\u00a0: un ancien fort militaire aujourd\u2019hui prot\u00e9g\u00e9.<br \/>\nDans un rapport direct avec le littoral et en prise avec le site et ses contingences, comment ce dispositif de campement artistique a op\u00e9r\u00e9 pour chacun.e\u00a0? Qu\u2019a-t-il intensifi\u00e9 pour certain.e.s\u00a0? Quelles traces a-t-il laiss\u00e9es\u00a0?<\/p>\n<p>Cette exp\u00e9rimentation prend la suite d\u2019un premier Campement artistique pour Littoral \u00e9tabli sur l\u2019ancien camping municipal de Locmiqu\u00e9lic \u00e0 l\u2019\u00e9t\u00e9 2022, dont un cahier d\u2019entretiens rend compte. Chaque fois, l\u2019enjeu du Campement artistique pour Littoral est de s\u2019installer temporairement dans un espace public avec une communaut\u00e9 d\u2019artistes en r\u00e9sidence, d\u2019y associer architectes, designers et autres personnalit\u00e9s pour construire (des gestes, des id\u00e9es, des espaces) en habitant et habiter en construisant.<\/p>\n<p>Contributeur\u00b7ices : Gilles Amalvi, Alain Guyonvarho, Soazig le H\u00e9nanff, Hyacinthe Maz\u00e9, Ma\u0161tabilo, Am\u00e9lie-Anne Chapelain, Quentin Rioual, Arianna Aragno, Mackenzy Bergile, Margot Plesse, Sylvain Marmugi.<\/p>\n","protected":false},"excerpt":{"rendered":"<p><b>AUTEUR\u00b7ES : <\/b>ouvrage collectif sous la direction de C.A.M.P.<span class=\"h3_elt\"><br \/>\n<\/span><b><\/b><b>EDITEUR : <\/b>C.A.M.P. (2024)<\/p>\n<p><strong>BROCH\u00c9 :<\/strong> 99 pages<br \/>\n<b>LANGUE : <\/b>Fran\u00e7ais<br \/>\n<strong>ISBN13 :<\/strong> 978-269578123-3-2<\/p>\n","protected":false},"featured_media":42577,"template":"","meta":[],"product_brand":[],"product_cat":[162,289],"product_tag":[],"class_list":{"0":"post-42575","1":"product","2":"type-product","3":"status-publish","4":"has-post-thumbnail","6":"product_cat-french-en","7":"product_cat-performance-venues-programming","9":"first","10":"instock","11":"taxable","12":"shipping-taxable","13":"purchasable","14":"product-type-simple"},"yoast_head":"<!-- This site is optimized with the Yoast SEO plugin v27.4 - https:\/\/yoast.com\/product\/yoast-seo-wordpress\/ -->\n<title>Campement artistique pour Littoral\u00a0 - Books on the Move<\/title>\n<meta name=\"robots\" content=\"index, follow, max-snippet:-1, max-image-preview:large, max-video-preview:-1\" \/>\n<link rel=\"canonical\" href=\"https:\/\/www.booksonthemove.fr\/en\/produit\/campement-artistique-pour-littoral\/\" \/>\n<meta property=\"og:locale\" content=\"en_US\" \/>\n<meta property=\"og:type\" content=\"article\" \/>\n<meta property=\"og:title\" content=\"Campement artistique pour Littoral\u00a0 - Books on the Move\" \/>\n<meta property=\"og:description\" content=\"AUTEUR\u00b7ES : ouvrage collectif sous la direction de C.A.M.P. EDITEUR : C.A.M.P. (2024)  BROCH\u00c9 : 99 pages LANGUE : Fran\u00e7ais ISBN13 : 978-269578123-3-2\" \/>\n<meta property=\"og:url\" content=\"https:\/\/www.booksonthemove.fr\/en\/produit\/campement-artistique-pour-littoral\/\" \/>\n<meta property=\"og:site_name\" content=\"Books on the Move\" \/>\n<meta property=\"article:publisher\" content=\"https:\/\/www.facebook.com\/Librairiebooksonthemove\/\" \/>\n<meta property=\"article:modified_time\" content=\"2024-03-13T19:38:58+00:00\" \/>\n<meta property=\"og:image\" content=\"https:\/\/www.booksonthemove.fr\/media\/bom_2745-scaled.jpeg\" \/>\n\t<meta property=\"og:image:width\" content=\"1799\" \/>\n\t<meta property=\"og:image:height\" content=\"2560\" \/>\n\t<meta property=\"og:image:type\" content=\"image\/jpeg\" \/>\n<meta name=\"twitter:card\" content=\"summary_large_image\" \/>\n<script type=\"application\/ld+json\" class=\"yoast-schema-graph\">{\"@context\":\"https:\\\/\\\/schema.org\",\"@graph\":[{\"@type\":\"WebPage\",\"@id\":\"https:\\\/\\\/www.booksonthemove.fr\\\/en\\\/produit\\\/campement-artistique-pour-littoral\\\/\",\"url\":\"https:\\\/\\\/www.booksonthemove.fr\\\/en\\\/produit\\\/campement-artistique-pour-littoral\\\/\",\"name\":\"Campement artistique pour Littoral\u00a0 - Books on the Move\",\"isPartOf\":{\"@id\":\"https:\\\/\\\/www.booksonthemove.fr\\\/#website\"},\"primaryImageOfPage\":{\"@id\":\"https:\\\/\\\/www.booksonthemove.fr\\\/en\\\/produit\\\/campement-artistique-pour-littoral\\\/#primaryimage\"},\"image\":{\"@id\":\"https:\\\/\\\/www.booksonthemove.fr\\\/en\\\/produit\\\/campement-artistique-pour-littoral\\\/#primaryimage\"},\"thumbnailUrl\":\"https:\\\/\\\/www.booksonthemove.fr\\\/media\\\/bom_2745-scaled.jpeg\",\"datePublished\":\"2024-03-13T17:17:34+00:00\",\"dateModified\":\"2024-03-13T19:38:58+00:00\",\"breadcrumb\":{\"@id\":\"https:\\\/\\\/www.booksonthemove.fr\\\/en\\\/produit\\\/campement-artistique-pour-littoral\\\/#breadcrumb\"},\"inLanguage\":\"en-US\",\"potentialAction\":[{\"@type\":\"ReadAction\",\"target\":[\"https:\\\/\\\/www.booksonthemove.fr\\\/en\\\/produit\\\/campement-artistique-pour-littoral\\\/\"]}]},{\"@type\":\"ImageObject\",\"inLanguage\":\"en-US\",\"@id\":\"https:\\\/\\\/www.booksonthemove.fr\\\/en\\\/produit\\\/campement-artistique-pour-littoral\\\/#primaryimage\",\"url\":\"https:\\\/\\\/www.booksonthemove.fr\\\/media\\\/bom_2745-scaled.jpeg\",\"contentUrl\":\"https:\\\/\\\/www.booksonthemove.fr\\\/media\\\/bom_2745-scaled.jpeg\",\"width\":1799,\"height\":2560},{\"@type\":\"BreadcrumbList\",\"@id\":\"https:\\\/\\\/www.booksonthemove.fr\\\/en\\\/produit\\\/campement-artistique-pour-littoral\\\/#breadcrumb\",\"itemListElement\":[{\"@type\":\"ListItem\",\"position\":1,\"name\":\"Accueil\",\"item\":\"https:\\\/\\\/www.booksonthemove.fr\\\/en\\\/\"},{\"@type\":\"ListItem\",\"position\":2,\"name\":\"online store\",\"item\":\"https:\\\/\\\/www.booksonthemove.fr\\\/en\\\/online-shop\\\/\"},{\"@type\":\"ListItem\",\"position\":3,\"name\":\"Campement artistique pour Littoral\u00a0\"}]},{\"@type\":\"WebSite\",\"@id\":\"https:\\\/\\\/www.booksonthemove.fr\\\/#website\",\"url\":\"https:\\\/\\\/www.booksonthemove.fr\\\/\",\"name\":\"Books on the Move\",\"description\":\"librairie nomade - danse - mouvement - performance\",\"publisher\":{\"@id\":\"https:\\\/\\\/www.booksonthemove.fr\\\/#organization\"},\"potentialAction\":[{\"@type\":\"SearchAction\",\"target\":{\"@type\":\"EntryPoint\",\"urlTemplate\":\"https:\\\/\\\/www.booksonthemove.fr\\\/?s={search_term_string}\"},\"query-input\":{\"@type\":\"PropertyValueSpecification\",\"valueRequired\":true,\"valueName\":\"search_term_string\"}}],\"inLanguage\":\"en-US\"},{\"@type\":\"Organization\",\"@id\":\"https:\\\/\\\/www.booksonthemove.fr\\\/#organization\",\"name\":\"Books on the Move\",\"url\":\"https:\\\/\\\/www.booksonthemove.fr\\\/\",\"logo\":{\"@type\":\"ImageObject\",\"inLanguage\":\"en-US\",\"@id\":\"https:\\\/\\\/www.booksonthemove.fr\\\/#\\\/schema\\\/logo\\\/image\\\/\",\"url\":\"https:\\\/\\\/www.booksonthemove.fr\\\/media\\\/logo-NB-400.jpg\",\"contentUrl\":\"https:\\\/\\\/www.booksonthemove.fr\\\/media\\\/logo-NB-400.jpg\",\"width\":400,\"height\":143,\"caption\":\"Books on the Move\"},\"image\":{\"@id\":\"https:\\\/\\\/www.booksonthemove.fr\\\/#\\\/schema\\\/logo\\\/image\\\/\"},\"sameAs\":[\"https:\\\/\\\/www.facebook.com\\\/Librairiebooksonthemove\\\/\"]}]}<\/script>\n<!-- \/ Yoast SEO plugin. -->","yoast_head_json":{"title":"Campement artistique pour Littoral\u00a0 - Books on the Move","robots":{"index":"index","follow":"follow","max-snippet":"max-snippet:-1","max-image-preview":"max-image-preview:large","max-video-preview":"max-video-preview:-1"},"canonical":"https:\/\/www.booksonthemove.fr\/en\/produit\/campement-artistique-pour-littoral\/","og_locale":"en_US","og_type":"article","og_title":"Campement artistique pour Littoral\u00a0 - Books on the Move","og_description":"AUTEUR\u00b7ES : ouvrage collectif sous la direction de C.A.M.P. EDITEUR : C.A.M.P. (2024)  BROCH\u00c9 : 99 pages LANGUE : Fran\u00e7ais ISBN13 : 978-269578123-3-2","og_url":"https:\/\/www.booksonthemove.fr\/en\/produit\/campement-artistique-pour-littoral\/","og_site_name":"Books on the Move","article_publisher":"https:\/\/www.facebook.com\/Librairiebooksonthemove\/","article_modified_time":"2024-03-13T19:38:58+00:00","og_image":[{"width":1799,"height":2560,"url":"https:\/\/www.booksonthemove.fr\/media\/bom_2745-scaled.jpeg","type":"image\/jpeg"}],"twitter_card":"summary_large_image","schema":{"@context":"https:\/\/schema.org","@graph":[{"@type":"WebPage","@id":"https:\/\/www.booksonthemove.fr\/en\/produit\/campement-artistique-pour-littoral\/","url":"https:\/\/www.booksonthemove.fr\/en\/produit\/campement-artistique-pour-littoral\/","name":"Campement artistique pour Littoral\u00a0 - Books on the Move","isPartOf":{"@id":"https:\/\/www.booksonthemove.fr\/#website"},"primaryImageOfPage":{"@id":"https:\/\/www.booksonthemove.fr\/en\/produit\/campement-artistique-pour-littoral\/#primaryimage"},"image":{"@id":"https:\/\/www.booksonthemove.fr\/en\/produit\/campement-artistique-pour-littoral\/#primaryimage"},"thumbnailUrl":"https:\/\/www.booksonthemove.fr\/media\/bom_2745-scaled.jpeg","datePublished":"2024-03-13T17:17:34+00:00","dateModified":"2024-03-13T19:38:58+00:00","breadcrumb":{"@id":"https:\/\/www.booksonthemove.fr\/en\/produit\/campement-artistique-pour-littoral\/#breadcrumb"},"inLanguage":"en-US","potentialAction":[{"@type":"ReadAction","target":["https:\/\/www.booksonthemove.fr\/en\/produit\/campement-artistique-pour-littoral\/"]}]},{"@type":"ImageObject","inLanguage":"en-US","@id":"https:\/\/www.booksonthemove.fr\/en\/produit\/campement-artistique-pour-littoral\/#primaryimage","url":"https:\/\/www.booksonthemove.fr\/media\/bom_2745-scaled.jpeg","contentUrl":"https:\/\/www.booksonthemove.fr\/media\/bom_2745-scaled.jpeg","width":1799,"height":2560},{"@type":"BreadcrumbList","@id":"https:\/\/www.booksonthemove.fr\/en\/produit\/campement-artistique-pour-littoral\/#breadcrumb","itemListElement":[{"@type":"ListItem","position":1,"name":"Accueil","item":"https:\/\/www.booksonthemove.fr\/en\/"},{"@type":"ListItem","position":2,"name":"online store","item":"https:\/\/www.booksonthemove.fr\/en\/online-shop\/"},{"@type":"ListItem","position":3,"name":"Campement artistique pour Littoral\u00a0"}]},{"@type":"WebSite","@id":"https:\/\/www.booksonthemove.fr\/#website","url":"https:\/\/www.booksonthemove.fr\/","name":"Books on the Move","description":"librairie nomade - danse - mouvement - performance","publisher":{"@id":"https:\/\/www.booksonthemove.fr\/#organization"},"potentialAction":[{"@type":"SearchAction","target":{"@type":"EntryPoint","urlTemplate":"https:\/\/www.booksonthemove.fr\/?s={search_term_string}"},"query-input":{"@type":"PropertyValueSpecification","valueRequired":true,"valueName":"search_term_string"}}],"inLanguage":"en-US"},{"@type":"Organization","@id":"https:\/\/www.booksonthemove.fr\/#organization","name":"Books on the Move","url":"https:\/\/www.booksonthemove.fr\/","logo":{"@type":"ImageObject","inLanguage":"en-US","@id":"https:\/\/www.booksonthemove.fr\/#\/schema\/logo\/image\/","url":"https:\/\/www.booksonthemove.fr\/media\/logo-NB-400.jpg","contentUrl":"https:\/\/www.booksonthemove.fr\/media\/logo-NB-400.jpg","width":400,"height":143,"caption":"Books on the Move"},"image":{"@id":"https:\/\/www.booksonthemove.fr\/#\/schema\/logo\/image\/"},"sameAs":["https:\/\/www.facebook.com\/Librairiebooksonthemove\/"]}]}},"_links":{"self":[{"href":"https:\/\/www.booksonthemove.fr\/en\/wp-json\/wp\/v2\/product\/42575","targetHints":{"allow":["GET"]}}],"collection":[{"href":"https:\/\/www.booksonthemove.fr\/en\/wp-json\/wp\/v2\/product"}],"about":[{"href":"https:\/\/www.booksonthemove.fr\/en\/wp-json\/wp\/v2\/types\/product"}],"wp:featuredmedia":[{"embeddable":true,"href":"https:\/\/www.booksonthemove.fr\/en\/wp-json\/wp\/v2\/media\/42577"}],"wp:attachment":[{"href":"https:\/\/www.booksonthemove.fr\/en\/wp-json\/wp\/v2\/media?parent=42575"}],"wp:term":[{"taxonomy":"product_brand","embeddable":true,"href":"https:\/\/www.booksonthemove.fr\/en\/wp-json\/wp\/v2\/product_brand?post=42575"},{"taxonomy":"product_cat","embeddable":true,"href":"https:\/\/www.booksonthemove.fr\/en\/wp-json\/wp\/v2\/product_cat?post=42575"},{"taxonomy":"product_tag","embeddable":true,"href":"https:\/\/www.booksonthemove.fr\/en\/wp-json\/wp\/v2\/product_tag?post=42575"}],"curies":[{"name":"wp","href":"https:\/\/api.w.org\/{rel}","templated":true}]}}

<p>La publication « Campement artistique pour Littoral 2023 » est le prolongement d’une expérimentation artistique qui s’est déroulée en juin 2023 sur le Fort de Porh Puns, en Bretagne Sud, à l’initiative de la structure C.A.M.P basée à Lorient.<br />
Sous la forme d’un cahier, 11 textes réunissant historienne en Patrimoine, artistes, habitant, écrivain, régisseur… nous replongent dans les souvenirs intimes, sensations et modes opératoires pour rendre compte de ce que la cohabitation a permis sur ce site spécifique : un ancien fort militaire aujourd’hui protégé.<br />
Dans un rapport direct avec le littoral et en prise avec le site et ses contingences, comment ce dispositif de campement artistique a opéré pour chacun.e ? Qu’a-t-il intensifié pour certain.e.s ? Quelles traces a-t-il laissées ?</p>
<p>Cette expérimentation prend la suite d’un premier Campement artistique pour Littoral établi sur l’ancien camping municipal de Locmiquélic à l’été 2022, dont un cahier d’entretiens rend compte. Chaque fois, l’enjeu du Campement artistique pour Littoral est de s’installer temporairement dans un espace public avec une communauté d’artistes en résidence, d’y associer architectes, designers et autres personnalités pour construire (des gestes, des idées, des espaces) en habitant et habiter en construisant.</p>
<p>Contributeur·ices : Gilles Amalvi, Alain Guyonvarho, Soazig le Hénanff, Hyacinthe Mazé, Maštabilo, Amélie-Anne Chapelain, Quentin Rioual, Arianna Aragno, Mackenzy Bergile, Margot Plesse, Sylvain Marmugi.</p>

<p><b>AUTEUR·ES : </b>ouvrage collectif sous la direction de C.A.M.P.<span class="h3_elt"><br />
</span><b></b><b>EDITEUR : </b>C.A.M.P. (2024)</p>
<p><strong>BROCHÉ :</strong> 99 pages<br />
<b>LANGUE : </b>Français<br />
<strong>ISBN13 :</strong> 978-269578123-3-2</p>

<!-- This site is optimized with the Yoast SEO plugin v27.4 - https://yoast.com/product/yoast-seo-wordpress/ -->
<title>Campement artistique pour Littoral  - Books on the Move</title>
<meta name="robots" content="index, follow, max-snippet:-1, max-image-preview:large, max-video-preview:-1" />
<link rel="canonical" href="https://www.booksonthemove.fr/en/produit/campement-artistique-pour-littoral/" />
<meta property="og:locale" content="en_US" />
<meta property="og:type" content="article" />
<meta property="og:title" content="Campement artistique pour Littoral  - Books on the Move" />
<meta property="og:description" content="AUTEUR·ES : ouvrage collectif sous la direction de C.A.M.P. EDITEUR : C.A.M.P. (2024)  BROCHÉ : 99 pages LANGUE : Français ISBN13 : 978-269578123-3-2" />
<meta property="og:url" content="https://www.booksonthemove.fr/en/produit/campement-artistique-pour-littoral/" />
<meta property="og:site_name" content="Books on the Move" />
<meta property="article:publisher" content="https://www.facebook.com/Librairiebooksonthemove/" />
<meta property="article:modified_time" content="2024-03-13T19:38:58+00:00" />
<meta property="og:image" content="https://www.booksonthemove.fr/media/bom_2745-scaled.jpeg" />
	<meta property="og:image:width" content="1799" />
	<meta property="og:image:height" content="2560" />
	<meta property="og:image:type" content="image/jpeg" />
<meta name="twitter:card" content="summary_large_image" />
<script type="application/ld+json" class="yoast-schema-graph">{"@context":"https:\/\/schema.org","@graph":[{"@type":"WebPage","@id":"https:\/\/www.booksonthemove.fr\/en\/produit\/campement-artistique-pour-littoral\/","url":"https:\/\/www.booksonthemove.fr\/en\/produit\/campement-artistique-pour-littoral\/","name":"Campement artistique pour Littoral  - Books on the Move","isPartOf":{"@id":"https:\/\/www.booksonthemove.fr\/#website"},"primaryImageOfPage":{"@id":"https:\/\/www.booksonthemove.fr\/en\/produit\/campement-artistique-pour-littoral\/#primaryimage"},"image":{"@id":"https:\/\/www.booksonthemove.fr\/en\/produit\/campement-artistique-pour-littoral\/#primaryimage"},"thumbnailUrl":"https:\/\/www.booksonthemove.fr\/media\/bom_2745-scaled.jpeg","datePublished":"2024-03-13T17:17:34+00:00","dateModified":"2024-03-13T19:38:58+00:00","breadcrumb":{"@id":"https:\/\/www.booksonthemove.fr\/en\/produit\/campement-artistique-pour-littoral\/#breadcrumb"},"inLanguage":"en-US","potentialAction":[{"@type":"ReadAction","target":["https:\/\/www.booksonthemove.fr\/en\/produit\/campement-artistique-pour-littoral\/"]}]},{"@type":"ImageObject","inLanguage":"en-US","@id":"https:\/\/www.booksonthemove.fr\/en\/produit\/campement-artistique-pour-littoral\/#primaryimage","url":"https:\/\/www.booksonthemove.fr\/media\/bom_2745-scaled.jpeg","contentUrl":"https:\/\/www.booksonthemove.fr\/media\/bom_2745-scaled.jpeg","width":1799,"height":2560},{"@type":"BreadcrumbList","@id":"https:\/\/www.booksonthemove.fr\/en\/produit\/campement-artistique-pour-littoral\/#breadcrumb","itemListElement":[{"@type":"ListItem","position":1,"name":"Accueil","item":"https:\/\/www.booksonthemove.fr\/en\/"},{"@type":"ListItem","position":2,"name":"online store","item":"https:\/\/www.booksonthemove.fr\/en\/online-shop\/"},{"@type":"ListItem","position":3,"name":"Campement artistique pour Littoral "}]},{"@type":"WebSite","@id":"https:\/\/www.booksonthemove.fr\/#website","url":"https:\/\/www.booksonthemove.fr\/","name":"Books on the Move","description":"librairie nomade - danse - mouvement - performance","publisher":{"@id":"https:\/\/www.booksonthemove.fr\/#organization"},"potentialAction":[{"@type":"SearchAction","target":{"@type":"EntryPoint","urlTemplate":"https:\/\/www.booksonthemove.fr\/?s={search_term_string}"},"query-input":{"@type":"PropertyValueSpecification","valueRequired":true,"valueName":"search_term_string"}}],"inLanguage":"en-US"},{"@type":"Organization","@id":"https:\/\/www.booksonthemove.fr\/#organization","name":"Books on the Move","url":"https:\/\/www.booksonthemove.fr\/","logo":{"@type":"ImageObject","inLanguage":"en-US","@id":"https:\/\/www.booksonthemove.fr\/#\/schema\/logo\/image\/","url":"https:\/\/www.booksonthemove.fr\/media\/logo-NB-400.jpg","contentUrl":"https:\/\/www.booksonthemove.fr\/media\/logo-NB-400.jpg","width":400,"height":143,"caption":"Books on the Move"},"image":{"@id":"https:\/\/www.booksonthemove.fr\/#\/schema\/logo\/image\/"},"sameAs":["https:\/\/www.facebook.com\/Librairiebooksonthemove\/"]}]}</script>
<!-- / Yoast SEO plugin. -->

AUTEUR·ES : ouvrage collectif sous la direction de C.A.M.P. EDITEUR : C.A.M.P. (2024)  BROCHÉ : 99 pages LANGUE : Français ISBN13 : 978-269578123-3-2
