{"id":45182,"date":"2025-04-11T17:53:23","date_gmt":"2025-04-11T15:53:23","guid":{"rendered":"https:\/\/www.booksonthemove.fr\/produit\/danser-une-histoire-100-ans-de-danse-en-belgique\/"},"modified":"2025-05-29T11:31:07","modified_gmt":"2025-05-29T09:31:07","slug":"danser-une-histoire-100-ans-de-danse-en-belgique","status":"publish","type":"product","link":"https:\/\/www.booksonthemove.fr\/en\/produit\/danser-une-histoire-100-ans-de-danse-en-belgique\/","title":{"rendered":"Danser, une histoire &#8211; 100 ans de danse en Belgique"},"content":{"rendered":"<p>Le XX si\u00e8cle marque l\u2019essor de la danse en Belgique. De l\u2019audace d\u2019Akarova \u00e0 l\u2019h\u00e9ritage de Maurice B\u00e9jart, du ballet classique \u00e0 la diversit\u00e9 des danses pr\u00e9sentes sur la sc\u00e8ne contemporaine, cet ouvrage retrace un si\u00e8cle d\u2019histoires. Il r\u00e9v\u00e8le comment le paysage chor\u00e9graphique s\u2019est construit au fil des d\u00e9cennies, fa\u00e7onn\u00e9 par les artistes, l\u2019enseignement, la diffusion, les r\u00e9seaux associatifs et la politique.<br \/>\nAbondamment illustr\u00e9, <i>Danser, une histoire<\/i> est une plong\u00e9e dans les esth\u00e9tiques et courants qui ont marqu\u00e9 chaque \u00e9poque. Il remonte aux origines de la danse moderne tout en mettant en lumi\u00e8re les enjeux actuels, offrant une lecture captivante \u00e0 celles et ceux qui s\u2019int\u00e9ressent au d\u00e9veloppement de la danse en Belgique et \u00e0 sa m\u00e9moire.<br \/>\nVivant et \u00e9ph\u00e9m\u00e8re, cet art s\u2019est enrichi d\u2019un patrimoine qui lui permet aujourd\u2019hui de dialoguer avec son histoire et de continuer \u00e0 se r\u00e9inventer.<\/p>\n","protected":false},"excerpt":{"rendered":"<p><strong>AUTEUR\u00b7ES :<\/strong> Ouvrage collectif, sous la direction de Baptiste Andrien et Florence Corin<br \/>\n<strong>EDITEUR :<\/strong> \u00c9ditions Contredanse (2025)<\/p>\n<p><strong>BROCH\u00c9 :<\/strong>\u00a0176 pages<br \/>\n<strong>LANGUE :<\/strong> Fran\u00e7ais<br \/>\n<strong>ISBN13 :<\/strong> 9 782930 146 478<\/p>\n","protected":false},"featured_media":45181,"template":"","meta":[],"product_brand":[],"product_cat":[210,168,240,149,162,136],"product_tag":[],"class_list":{"0":"post-45182","1":"product","2":"type-product","3":"status-publish","4":"has-post-thumbnail","6":"product_cat-archivesdocumentation-en","7":"product_cat-belgium-en","8":"product_cat-choreography-en","9":"product_cat-contemporary-dance-en","10":"product_cat-french-en","11":"product_cat-histoire-en","13":"first","14":"instock","15":"taxable","16":"shipping-taxable","17":"purchasable","18":"product-type-simple"},"yoast_head":"<!-- This site is optimized with the Yoast SEO plugin v27.4 - https:\/\/yoast.com\/product\/yoast-seo-wordpress\/ -->\n<title>Danser, une histoire - 100 ans de danse en Belgique - Books on the Move<\/title>\n<meta name=\"robots\" content=\"index, follow, max-snippet:-1, max-image-preview:large, max-video-preview:-1\" \/>\n<link rel=\"canonical\" href=\"https:\/\/www.booksonthemove.fr\/produit\/danser-une-histoire-100-ans-de-danse-en-belgique\/\" \/>\n<meta property=\"og:locale\" content=\"en_US\" \/>\n<meta property=\"og:type\" content=\"article\" \/>\n<meta property=\"og:title\" content=\"Danser, une histoire - 100 ans de danse en Belgique - Books on the Move\" \/>\n<meta property=\"og:description\" content=\"AUTEUR\u00b7ES : Ouvrage collectif, sous la direction de Baptiste Andrien et Florence Corin EDITEUR : \u00c9ditions Contredanse (2025)  BROCH\u00c9 :\u00a0176 pages LANGUE : Fran\u00e7ais ISBN13 : 9 782930 146 478\" \/>\n<meta property=\"og:url\" content=\"https:\/\/www.booksonthemove.fr\/produit\/danser-une-histoire-100-ans-de-danse-en-belgique\/\" \/>\n<meta property=\"og:site_name\" content=\"Books on the Move\" \/>\n<meta property=\"article:publisher\" content=\"https:\/\/www.facebook.com\/Librairiebooksonthemove\/\" \/>\n<meta property=\"article:modified_time\" content=\"2025-05-29T09:31:07+00:00\" \/>\n<meta property=\"og:image\" content=\"https:\/\/www.booksonthemove.fr\/media\/bom_2919.jpg\" \/>\n\t<meta property=\"og:image:width\" content=\"636\" \/>\n\t<meta property=\"og:image:height\" content=\"900\" \/>\n\t<meta property=\"og:image:type\" content=\"image\/jpeg\" \/>\n<meta name=\"twitter:card\" content=\"summary_large_image\" \/>\n<script type=\"application\/ld+json\" class=\"yoast-schema-graph\">{\"@context\":\"https:\\\/\\\/schema.org\",\"@graph\":[{\"@type\":\"WebPage\",\"@id\":\"https:\\\/\\\/www.booksonthemove.fr\\\/produit\\\/danser-une-histoire-100-ans-de-danse-en-belgique\\\/\",\"url\":\"https:\\\/\\\/www.booksonthemove.fr\\\/produit\\\/danser-une-histoire-100-ans-de-danse-en-belgique\\\/\",\"name\":\"Danser, une histoire - 100 ans de danse en Belgique - Books on the Move\",\"isPartOf\":{\"@id\":\"https:\\\/\\\/www.booksonthemove.fr\\\/#website\"},\"primaryImageOfPage\":{\"@id\":\"https:\\\/\\\/www.booksonthemove.fr\\\/produit\\\/danser-une-histoire-100-ans-de-danse-en-belgique\\\/#primaryimage\"},\"image\":{\"@id\":\"https:\\\/\\\/www.booksonthemove.fr\\\/produit\\\/danser-une-histoire-100-ans-de-danse-en-belgique\\\/#primaryimage\"},\"thumbnailUrl\":\"https:\\\/\\\/www.booksonthemove.fr\\\/media\\\/bom_2919.jpg\",\"datePublished\":\"2025-04-11T15:53:23+00:00\",\"dateModified\":\"2025-05-29T09:31:07+00:00\",\"breadcrumb\":{\"@id\":\"https:\\\/\\\/www.booksonthemove.fr\\\/produit\\\/danser-une-histoire-100-ans-de-danse-en-belgique\\\/#breadcrumb\"},\"inLanguage\":\"en-US\",\"potentialAction\":[{\"@type\":\"ReadAction\",\"target\":[\"https:\\\/\\\/www.booksonthemove.fr\\\/produit\\\/danser-une-histoire-100-ans-de-danse-en-belgique\\\/\"]}]},{\"@type\":\"ImageObject\",\"inLanguage\":\"en-US\",\"@id\":\"https:\\\/\\\/www.booksonthemove.fr\\\/produit\\\/danser-une-histoire-100-ans-de-danse-en-belgique\\\/#primaryimage\",\"url\":\"https:\\\/\\\/www.booksonthemove.fr\\\/media\\\/bom_2919.jpg\",\"contentUrl\":\"https:\\\/\\\/www.booksonthemove.fr\\\/media\\\/bom_2919.jpg\",\"width\":636,\"height\":900},{\"@type\":\"BreadcrumbList\",\"@id\":\"https:\\\/\\\/www.booksonthemove.fr\\\/produit\\\/danser-une-histoire-100-ans-de-danse-en-belgique\\\/#breadcrumb\",\"itemListElement\":[{\"@type\":\"ListItem\",\"position\":1,\"name\":\"Accueil\",\"item\":\"https:\\\/\\\/www.booksonthemove.fr\\\/en\\\/\"},{\"@type\":\"ListItem\",\"position\":2,\"name\":\"online store\",\"item\":\"https:\\\/\\\/www.booksonthemove.fr\\\/en\\\/online-shop\\\/\"},{\"@type\":\"ListItem\",\"position\":3,\"name\":\"Danser, une histoire &#8211; 100 ans de danse en Belgique\"}]},{\"@type\":\"WebSite\",\"@id\":\"https:\\\/\\\/www.booksonthemove.fr\\\/#website\",\"url\":\"https:\\\/\\\/www.booksonthemove.fr\\\/\",\"name\":\"Books on the Move\",\"description\":\"librairie nomade - danse - mouvement - performance\",\"publisher\":{\"@id\":\"https:\\\/\\\/www.booksonthemove.fr\\\/#organization\"},\"potentialAction\":[{\"@type\":\"SearchAction\",\"target\":{\"@type\":\"EntryPoint\",\"urlTemplate\":\"https:\\\/\\\/www.booksonthemove.fr\\\/?s={search_term_string}\"},\"query-input\":{\"@type\":\"PropertyValueSpecification\",\"valueRequired\":true,\"valueName\":\"search_term_string\"}}],\"inLanguage\":\"en-US\"},{\"@type\":\"Organization\",\"@id\":\"https:\\\/\\\/www.booksonthemove.fr\\\/#organization\",\"name\":\"Books on the Move\",\"url\":\"https:\\\/\\\/www.booksonthemove.fr\\\/\",\"logo\":{\"@type\":\"ImageObject\",\"inLanguage\":\"en-US\",\"@id\":\"https:\\\/\\\/www.booksonthemove.fr\\\/#\\\/schema\\\/logo\\\/image\\\/\",\"url\":\"https:\\\/\\\/www.booksonthemove.fr\\\/media\\\/logo-NB-400.jpg\",\"contentUrl\":\"https:\\\/\\\/www.booksonthemove.fr\\\/media\\\/logo-NB-400.jpg\",\"width\":400,\"height\":143,\"caption\":\"Books on the Move\"},\"image\":{\"@id\":\"https:\\\/\\\/www.booksonthemove.fr\\\/#\\\/schema\\\/logo\\\/image\\\/\"},\"sameAs\":[\"https:\\\/\\\/www.facebook.com\\\/Librairiebooksonthemove\\\/\"]}]}<\/script>\n<!-- \/ Yoast SEO plugin. -->","yoast_head_json":{"title":"Danser, une histoire - 100 ans de danse en Belgique - Books on the Move","robots":{"index":"index","follow":"follow","max-snippet":"max-snippet:-1","max-image-preview":"max-image-preview:large","max-video-preview":"max-video-preview:-1"},"canonical":"https:\/\/www.booksonthemove.fr\/produit\/danser-une-histoire-100-ans-de-danse-en-belgique\/","og_locale":"en_US","og_type":"article","og_title":"Danser, une histoire - 100 ans de danse en Belgique - Books on the Move","og_description":"AUTEUR\u00b7ES : Ouvrage collectif, sous la direction de Baptiste Andrien et Florence Corin EDITEUR : \u00c9ditions Contredanse (2025)  BROCH\u00c9 :\u00a0176 pages LANGUE : Fran\u00e7ais ISBN13 : 9 782930 146 478","og_url":"https:\/\/www.booksonthemove.fr\/produit\/danser-une-histoire-100-ans-de-danse-en-belgique\/","og_site_name":"Books on the Move","article_publisher":"https:\/\/www.facebook.com\/Librairiebooksonthemove\/","article_modified_time":"2025-05-29T09:31:07+00:00","og_image":[{"width":636,"height":900,"url":"https:\/\/www.booksonthemove.fr\/media\/bom_2919.jpg","type":"image\/jpeg"}],"twitter_card":"summary_large_image","schema":{"@context":"https:\/\/schema.org","@graph":[{"@type":"WebPage","@id":"https:\/\/www.booksonthemove.fr\/produit\/danser-une-histoire-100-ans-de-danse-en-belgique\/","url":"https:\/\/www.booksonthemove.fr\/produit\/danser-une-histoire-100-ans-de-danse-en-belgique\/","name":"Danser, une histoire - 100 ans de danse en Belgique - Books on the Move","isPartOf":{"@id":"https:\/\/www.booksonthemove.fr\/#website"},"primaryImageOfPage":{"@id":"https:\/\/www.booksonthemove.fr\/produit\/danser-une-histoire-100-ans-de-danse-en-belgique\/#primaryimage"},"image":{"@id":"https:\/\/www.booksonthemove.fr\/produit\/danser-une-histoire-100-ans-de-danse-en-belgique\/#primaryimage"},"thumbnailUrl":"https:\/\/www.booksonthemove.fr\/media\/bom_2919.jpg","datePublished":"2025-04-11T15:53:23+00:00","dateModified":"2025-05-29T09:31:07+00:00","breadcrumb":{"@id":"https:\/\/www.booksonthemove.fr\/produit\/danser-une-histoire-100-ans-de-danse-en-belgique\/#breadcrumb"},"inLanguage":"en-US","potentialAction":[{"@type":"ReadAction","target":["https:\/\/www.booksonthemove.fr\/produit\/danser-une-histoire-100-ans-de-danse-en-belgique\/"]}]},{"@type":"ImageObject","inLanguage":"en-US","@id":"https:\/\/www.booksonthemove.fr\/produit\/danser-une-histoire-100-ans-de-danse-en-belgique\/#primaryimage","url":"https:\/\/www.booksonthemove.fr\/media\/bom_2919.jpg","contentUrl":"https:\/\/www.booksonthemove.fr\/media\/bom_2919.jpg","width":636,"height":900},{"@type":"BreadcrumbList","@id":"https:\/\/www.booksonthemove.fr\/produit\/danser-une-histoire-100-ans-de-danse-en-belgique\/#breadcrumb","itemListElement":[{"@type":"ListItem","position":1,"name":"Accueil","item":"https:\/\/www.booksonthemove.fr\/en\/"},{"@type":"ListItem","position":2,"name":"online store","item":"https:\/\/www.booksonthemove.fr\/en\/online-shop\/"},{"@type":"ListItem","position":3,"name":"Danser, une histoire &#8211; 100 ans de danse en Belgique"}]},{"@type":"WebSite","@id":"https:\/\/www.booksonthemove.fr\/#website","url":"https:\/\/www.booksonthemove.fr\/","name":"Books on the Move","description":"librairie nomade - danse - mouvement - performance","publisher":{"@id":"https:\/\/www.booksonthemove.fr\/#organization"},"potentialAction":[{"@type":"SearchAction","target":{"@type":"EntryPoint","urlTemplate":"https:\/\/www.booksonthemove.fr\/?s={search_term_string}"},"query-input":{"@type":"PropertyValueSpecification","valueRequired":true,"valueName":"search_term_string"}}],"inLanguage":"en-US"},{"@type":"Organization","@id":"https:\/\/www.booksonthemove.fr\/#organization","name":"Books on the Move","url":"https:\/\/www.booksonthemove.fr\/","logo":{"@type":"ImageObject","inLanguage":"en-US","@id":"https:\/\/www.booksonthemove.fr\/#\/schema\/logo\/image\/","url":"https:\/\/www.booksonthemove.fr\/media\/logo-NB-400.jpg","contentUrl":"https:\/\/www.booksonthemove.fr\/media\/logo-NB-400.jpg","width":400,"height":143,"caption":"Books on the Move"},"image":{"@id":"https:\/\/www.booksonthemove.fr\/#\/schema\/logo\/image\/"},"sameAs":["https:\/\/www.facebook.com\/Librairiebooksonthemove\/"]}]}},"_links":{"self":[{"href":"https:\/\/www.booksonthemove.fr\/en\/wp-json\/wp\/v2\/product\/45182","targetHints":{"allow":["GET"]}}],"collection":[{"href":"https:\/\/www.booksonthemove.fr\/en\/wp-json\/wp\/v2\/product"}],"about":[{"href":"https:\/\/www.booksonthemove.fr\/en\/wp-json\/wp\/v2\/types\/product"}],"wp:featuredmedia":[{"embeddable":true,"href":"https:\/\/www.booksonthemove.fr\/en\/wp-json\/wp\/v2\/media\/45181"}],"wp:attachment":[{"href":"https:\/\/www.booksonthemove.fr\/en\/wp-json\/wp\/v2\/media?parent=45182"}],"wp:term":[{"taxonomy":"product_brand","embeddable":true,"href":"https:\/\/www.booksonthemove.fr\/en\/wp-json\/wp\/v2\/product_brand?post=45182"},{"taxonomy":"product_cat","embeddable":true,"href":"https:\/\/www.booksonthemove.fr\/en\/wp-json\/wp\/v2\/product_cat?post=45182"},{"taxonomy":"product_tag","embeddable":true,"href":"https:\/\/www.booksonthemove.fr\/en\/wp-json\/wp\/v2\/product_tag?post=45182"}],"curies":[{"name":"wp","href":"https:\/\/api.w.org\/{rel}","templated":true}]}}

<p>Le XX siècle marque l’essor de la danse en Belgique. De l’audace d’Akarova à l’héritage de Maurice Béjart, du ballet classique à la diversité des danses présentes sur la scène contemporaine, cet ouvrage retrace un siècle d’histoires. Il révèle comment le paysage chorégraphique s’est construit au fil des décennies, façonné par les artistes, l’enseignement, la diffusion, les réseaux associatifs et la politique.<br />
Abondamment illustré, <i>Danser, une histoire</i> est une plongée dans les esthétiques et courants qui ont marqué chaque époque. Il remonte aux origines de la danse moderne tout en mettant en lumière les enjeux actuels, offrant une lecture captivante à celles et ceux qui s’intéressent au développement de la danse en Belgique et à sa mémoire.<br />
Vivant et éphémère, cet art s’est enrichi d’un patrimoine qui lui permet aujourd’hui de dialoguer avec son histoire et de continuer à se réinventer.</p>

<p><strong>AUTEUR·ES :</strong> Ouvrage collectif, sous la direction de Baptiste Andrien et Florence Corin<br />
<strong>EDITEUR :</strong> Éditions Contredanse (2025)</p>
<p><strong>BROCHÉ :</strong> 176 pages<br />
<strong>LANGUE :</strong> Français<br />
<strong>ISBN13 :</strong> 9 782930 146 478</p>

<!-- This site is optimized with the Yoast SEO plugin v27.4 - https://yoast.com/product/yoast-seo-wordpress/ -->
<title>Danser, une histoire - 100 ans de danse en Belgique - Books on the Move</title>
<meta name="robots" content="index, follow, max-snippet:-1, max-image-preview:large, max-video-preview:-1" />
<link rel="canonical" href="https://www.booksonthemove.fr/produit/danser-une-histoire-100-ans-de-danse-en-belgique/" />
<meta property="og:locale" content="en_US" />
<meta property="og:type" content="article" />
<meta property="og:title" content="Danser, une histoire - 100 ans de danse en Belgique - Books on the Move" />
<meta property="og:description" content="AUTEUR·ES : Ouvrage collectif, sous la direction de Baptiste Andrien et Florence Corin EDITEUR : Éditions Contredanse (2025)  BROCHÉ : 176 pages LANGUE : Français ISBN13 : 9 782930 146 478" />
<meta property="og:url" content="https://www.booksonthemove.fr/produit/danser-une-histoire-100-ans-de-danse-en-belgique/" />
<meta property="og:site_name" content="Books on the Move" />
<meta property="article:publisher" content="https://www.facebook.com/Librairiebooksonthemove/" />
<meta property="article:modified_time" content="2025-05-29T09:31:07+00:00" />
<meta property="og:image" content="https://www.booksonthemove.fr/media/bom_2919.jpg" />
	<meta property="og:image:width" content="636" />
	<meta property="og:image:height" content="900" />
	<meta property="og:image:type" content="image/jpeg" />
<meta name="twitter:card" content="summary_large_image" />
<script type="application/ld+json" class="yoast-schema-graph">{"@context":"https:\/\/schema.org","@graph":[{"@type":"WebPage","@id":"https:\/\/www.booksonthemove.fr\/produit\/danser-une-histoire-100-ans-de-danse-en-belgique\/","url":"https:\/\/www.booksonthemove.fr\/produit\/danser-une-histoire-100-ans-de-danse-en-belgique\/","name":"Danser, une histoire - 100 ans de danse en Belgique - Books on the Move","isPartOf":{"@id":"https:\/\/www.booksonthemove.fr\/#website"},"primaryImageOfPage":{"@id":"https:\/\/www.booksonthemove.fr\/produit\/danser-une-histoire-100-ans-de-danse-en-belgique\/#primaryimage"},"image":{"@id":"https:\/\/www.booksonthemove.fr\/produit\/danser-une-histoire-100-ans-de-danse-en-belgique\/#primaryimage"},"thumbnailUrl":"https:\/\/www.booksonthemove.fr\/media\/bom_2919.jpg","datePublished":"2025-04-11T15:53:23+00:00","dateModified":"2025-05-29T09:31:07+00:00","breadcrumb":{"@id":"https:\/\/www.booksonthemove.fr\/produit\/danser-une-histoire-100-ans-de-danse-en-belgique\/#breadcrumb"},"inLanguage":"en-US","potentialAction":[{"@type":"ReadAction","target":["https:\/\/www.booksonthemove.fr\/produit\/danser-une-histoire-100-ans-de-danse-en-belgique\/"]}]},{"@type":"ImageObject","inLanguage":"en-US","@id":"https:\/\/www.booksonthemove.fr\/produit\/danser-une-histoire-100-ans-de-danse-en-belgique\/#primaryimage","url":"https:\/\/www.booksonthemove.fr\/media\/bom_2919.jpg","contentUrl":"https:\/\/www.booksonthemove.fr\/media\/bom_2919.jpg","width":636,"height":900},{"@type":"BreadcrumbList","@id":"https:\/\/www.booksonthemove.fr\/produit\/danser-une-histoire-100-ans-de-danse-en-belgique\/#breadcrumb","itemListElement":[{"@type":"ListItem","position":1,"name":"Accueil","item":"https:\/\/www.booksonthemove.fr\/en\/"},{"@type":"ListItem","position":2,"name":"online store","item":"https:\/\/www.booksonthemove.fr\/en\/online-shop\/"},{"@type":"ListItem","position":3,"name":"Danser, une histoire &#8211; 100 ans de danse en Belgique"}]},{"@type":"WebSite","@id":"https:\/\/www.booksonthemove.fr\/#website","url":"https:\/\/www.booksonthemove.fr\/","name":"Books on the Move","description":"librairie nomade - danse - mouvement - performance","publisher":{"@id":"https:\/\/www.booksonthemove.fr\/#organization"},"potentialAction":[{"@type":"SearchAction","target":{"@type":"EntryPoint","urlTemplate":"https:\/\/www.booksonthemove.fr\/?s={search_term_string}"},"query-input":{"@type":"PropertyValueSpecification","valueRequired":true,"valueName":"search_term_string"}}],"inLanguage":"en-US"},{"@type":"Organization","@id":"https:\/\/www.booksonthemove.fr\/#organization","name":"Books on the Move","url":"https:\/\/www.booksonthemove.fr\/","logo":{"@type":"ImageObject","inLanguage":"en-US","@id":"https:\/\/www.booksonthemove.fr\/#\/schema\/logo\/image\/","url":"https:\/\/www.booksonthemove.fr\/media\/logo-NB-400.jpg","contentUrl":"https:\/\/www.booksonthemove.fr\/media\/logo-NB-400.jpg","width":400,"height":143,"caption":"Books on the Move"},"image":{"@id":"https:\/\/www.booksonthemove.fr\/#\/schema\/logo\/image\/"},"sameAs":["https:\/\/www.facebook.com\/Librairiebooksonthemove\/"]}]}</script>
<!-- / Yoast SEO plugin. -->

AUTEUR·ES : Ouvrage collectif, sous la direction de Baptiste Andrien et Florence Corin EDITEUR : Éditions Contredanse (2025)  BROCHÉ : 176 pages LANGUE : Français ISBN13 : 9 782930 146 478
