{"id":45211,"date":"2025-05-14T10:18:15","date_gmt":"2025-05-14T08:18:15","guid":{"rendered":"https:\/\/www.booksonthemove.fr\/produit\/le-geste-dapres\/"},"modified":"2025-05-23T10:29:56","modified_gmt":"2025-05-23T08:29:56","slug":"le-geste-dapres","status":"publish","type":"product","link":"https:\/\/www.booksonthemove.fr\/en\/produit\/le-geste-dapres\/","title":{"rendered":"Le Geste d&#8217;apr\u00e8s"},"content":{"rendered":"<p>Le texte a d\u00e9j\u00e0 commenc\u00e9. Il continue.<br \/>\nIl regarde comment s\u2019arrondissent les \u00e9paules au passage des portes, note attentivement le vol des oiseaux, ou la terre sous les ongles, les danses internes, le cahier de coloriage.<br \/>\nIl occupe les cordons dunaires, les bords de rivi\u00e8re, les for\u00eats (lisi\u00e8res) et se tient au milieu des carrefours.<br \/>\nLe silence fait partie de la partition. Interstices, intervalles, fragments.<br \/>\nLe r\u00e9el est pris litt\u00e9ralement, ou brutalement, \u00e0 mains nues.<br \/>\nLes immeubles tombent mais,\u00a0\u00ab\u00a0non,\u00a0ce n\u2019\u00e9tait pas la pluie\u00a0\u00bb.<br \/>\nLa lumi\u00e8re est mate, les robes tournent, depuis l\u2019\u00e2ge de sept ans chercher \u00e0 devenir sable.<br \/>\nIl s\u2019agit d\u00e9sormais de \u00ab\u00a0passer par sous l\u2019eau\u00a0\u00bb.<\/p>\n<p>&nbsp;<\/p>\n","protected":false},"excerpt":{"rendered":"<p class=\"bodytext\"><strong>AUTEURE :<\/strong>\u00a0C\u00e9cile Sans<br \/>\n<strong>\u00c9DITEUR :<\/strong>\u00a0s\u00e9rie discr\u00e8te (2024)<\/p>\n<p><strong>BROCH\u00c9 :<\/strong>\u00a088 pages<br \/>\n<strong>LANGUE :<\/strong> Fran\u00e7ais<br \/>\n<strong>ISBN :<\/strong> 978-2-9553391-7-6<\/p>\n","protected":false},"featured_media":45210,"template":"","meta":[],"product_brand":[],"product_cat":[162,199],"product_tag":[],"class_list":{"0":"post-45211","1":"product","2":"type-product","3":"status-publish","4":"has-post-thumbnail","6":"product_cat-french-en","7":"product_cat-poetry-en","9":"first","10":"instock","11":"taxable","12":"shipping-taxable","13":"purchasable","14":"product-type-simple"},"yoast_head":"<!-- This site is optimized with the Yoast SEO plugin v27.4 - https:\/\/yoast.com\/product\/yoast-seo-wordpress\/ -->\n<title>Le Geste d&#039;apr\u00e8s - Books on the Move<\/title>\n<meta name=\"robots\" content=\"index, follow, max-snippet:-1, max-image-preview:large, max-video-preview:-1\" \/>\n<link rel=\"canonical\" href=\"https:\/\/www.booksonthemove.fr\/produit\/le-geste-dapres\/\" \/>\n<meta property=\"og:locale\" content=\"en_US\" \/>\n<meta property=\"og:type\" content=\"article\" \/>\n<meta property=\"og:title\" content=\"Le Geste d&#039;apr\u00e8s - Books on the Move\" \/>\n<meta property=\"og:description\" content=\"AUTEURE :\u00a0C\u00e9cile Sans \u00c9DITEUR :\u00a0s\u00e9rie discr\u00e8te (2024) BROCH\u00c9 :\u00a088 pages LANGUE : Fran\u00e7ais ISBN : 978-2-9553391-7-6\" \/>\n<meta property=\"og:url\" content=\"https:\/\/www.booksonthemove.fr\/produit\/le-geste-dapres\/\" \/>\n<meta property=\"og:site_name\" content=\"Books on the Move\" \/>\n<meta property=\"article:publisher\" content=\"https:\/\/www.facebook.com\/Librairiebooksonthemove\/\" \/>\n<meta property=\"article:modified_time\" content=\"2025-05-23T08:29:56+00:00\" \/>\n<meta property=\"og:image\" content=\"https:\/\/www.booksonthemove.fr\/media\/bom_2929.jpeg\" \/>\n\t<meta property=\"og:image:width\" content=\"633\" \/>\n\t<meta property=\"og:image:height\" content=\"900\" \/>\n\t<meta property=\"og:image:type\" content=\"image\/jpeg\" \/>\n<meta name=\"twitter:card\" content=\"summary_large_image\" \/>\n<script type=\"application\/ld+json\" class=\"yoast-schema-graph\">{\"@context\":\"https:\\\/\\\/schema.org\",\"@graph\":[{\"@type\":\"WebPage\",\"@id\":\"https:\\\/\\\/www.booksonthemove.fr\\\/produit\\\/le-geste-dapres\\\/\",\"url\":\"https:\\\/\\\/www.booksonthemove.fr\\\/produit\\\/le-geste-dapres\\\/\",\"name\":\"Le Geste d'apr\u00e8s - Books on the Move\",\"isPartOf\":{\"@id\":\"https:\\\/\\\/www.booksonthemove.fr\\\/#website\"},\"primaryImageOfPage\":{\"@id\":\"https:\\\/\\\/www.booksonthemove.fr\\\/produit\\\/le-geste-dapres\\\/#primaryimage\"},\"image\":{\"@id\":\"https:\\\/\\\/www.booksonthemove.fr\\\/produit\\\/le-geste-dapres\\\/#primaryimage\"},\"thumbnailUrl\":\"https:\\\/\\\/www.booksonthemove.fr\\\/media\\\/bom_2929.jpeg\",\"datePublished\":\"2025-05-14T08:18:15+00:00\",\"dateModified\":\"2025-05-23T08:29:56+00:00\",\"breadcrumb\":{\"@id\":\"https:\\\/\\\/www.booksonthemove.fr\\\/produit\\\/le-geste-dapres\\\/#breadcrumb\"},\"inLanguage\":\"en-US\",\"potentialAction\":[{\"@type\":\"ReadAction\",\"target\":[\"https:\\\/\\\/www.booksonthemove.fr\\\/produit\\\/le-geste-dapres\\\/\"]}]},{\"@type\":\"ImageObject\",\"inLanguage\":\"en-US\",\"@id\":\"https:\\\/\\\/www.booksonthemove.fr\\\/produit\\\/le-geste-dapres\\\/#primaryimage\",\"url\":\"https:\\\/\\\/www.booksonthemove.fr\\\/media\\\/bom_2929.jpeg\",\"contentUrl\":\"https:\\\/\\\/www.booksonthemove.fr\\\/media\\\/bom_2929.jpeg\",\"width\":633,\"height\":900},{\"@type\":\"BreadcrumbList\",\"@id\":\"https:\\\/\\\/www.booksonthemove.fr\\\/produit\\\/le-geste-dapres\\\/#breadcrumb\",\"itemListElement\":[{\"@type\":\"ListItem\",\"position\":1,\"name\":\"Accueil\",\"item\":\"https:\\\/\\\/www.booksonthemove.fr\\\/en\\\/\"},{\"@type\":\"ListItem\",\"position\":2,\"name\":\"online store\",\"item\":\"https:\\\/\\\/www.booksonthemove.fr\\\/en\\\/online-shop\\\/\"},{\"@type\":\"ListItem\",\"position\":3,\"name\":\"Le Geste d&rsquo;apr\u00e8s\"}]},{\"@type\":\"WebSite\",\"@id\":\"https:\\\/\\\/www.booksonthemove.fr\\\/#website\",\"url\":\"https:\\\/\\\/www.booksonthemove.fr\\\/\",\"name\":\"Books on the Move\",\"description\":\"librairie nomade - danse - mouvement - performance\",\"publisher\":{\"@id\":\"https:\\\/\\\/www.booksonthemove.fr\\\/#organization\"},\"potentialAction\":[{\"@type\":\"SearchAction\",\"target\":{\"@type\":\"EntryPoint\",\"urlTemplate\":\"https:\\\/\\\/www.booksonthemove.fr\\\/?s={search_term_string}\"},\"query-input\":{\"@type\":\"PropertyValueSpecification\",\"valueRequired\":true,\"valueName\":\"search_term_string\"}}],\"inLanguage\":\"en-US\"},{\"@type\":\"Organization\",\"@id\":\"https:\\\/\\\/www.booksonthemove.fr\\\/#organization\",\"name\":\"Books on the Move\",\"url\":\"https:\\\/\\\/www.booksonthemove.fr\\\/\",\"logo\":{\"@type\":\"ImageObject\",\"inLanguage\":\"en-US\",\"@id\":\"https:\\\/\\\/www.booksonthemove.fr\\\/#\\\/schema\\\/logo\\\/image\\\/\",\"url\":\"https:\\\/\\\/www.booksonthemove.fr\\\/media\\\/logo-NB-400.jpg\",\"contentUrl\":\"https:\\\/\\\/www.booksonthemove.fr\\\/media\\\/logo-NB-400.jpg\",\"width\":400,\"height\":143,\"caption\":\"Books on the Move\"},\"image\":{\"@id\":\"https:\\\/\\\/www.booksonthemove.fr\\\/#\\\/schema\\\/logo\\\/image\\\/\"},\"sameAs\":[\"https:\\\/\\\/www.facebook.com\\\/Librairiebooksonthemove\\\/\"]}]}<\/script>\n<!-- \/ Yoast SEO plugin. -->","yoast_head_json":{"title":"Le Geste d'apr\u00e8s - Books on the Move","robots":{"index":"index","follow":"follow","max-snippet":"max-snippet:-1","max-image-preview":"max-image-preview:large","max-video-preview":"max-video-preview:-1"},"canonical":"https:\/\/www.booksonthemove.fr\/produit\/le-geste-dapres\/","og_locale":"en_US","og_type":"article","og_title":"Le Geste d'apr\u00e8s - Books on the Move","og_description":"AUTEURE :\u00a0C\u00e9cile Sans \u00c9DITEUR :\u00a0s\u00e9rie discr\u00e8te (2024) BROCH\u00c9 :\u00a088 pages LANGUE : Fran\u00e7ais ISBN : 978-2-9553391-7-6","og_url":"https:\/\/www.booksonthemove.fr\/produit\/le-geste-dapres\/","og_site_name":"Books on the Move","article_publisher":"https:\/\/www.facebook.com\/Librairiebooksonthemove\/","article_modified_time":"2025-05-23T08:29:56+00:00","og_image":[{"width":633,"height":900,"url":"https:\/\/www.booksonthemove.fr\/media\/bom_2929.jpeg","type":"image\/jpeg"}],"twitter_card":"summary_large_image","schema":{"@context":"https:\/\/schema.org","@graph":[{"@type":"WebPage","@id":"https:\/\/www.booksonthemove.fr\/produit\/le-geste-dapres\/","url":"https:\/\/www.booksonthemove.fr\/produit\/le-geste-dapres\/","name":"Le Geste d'apr\u00e8s - Books on the Move","isPartOf":{"@id":"https:\/\/www.booksonthemove.fr\/#website"},"primaryImageOfPage":{"@id":"https:\/\/www.booksonthemove.fr\/produit\/le-geste-dapres\/#primaryimage"},"image":{"@id":"https:\/\/www.booksonthemove.fr\/produit\/le-geste-dapres\/#primaryimage"},"thumbnailUrl":"https:\/\/www.booksonthemove.fr\/media\/bom_2929.jpeg","datePublished":"2025-05-14T08:18:15+00:00","dateModified":"2025-05-23T08:29:56+00:00","breadcrumb":{"@id":"https:\/\/www.booksonthemove.fr\/produit\/le-geste-dapres\/#breadcrumb"},"inLanguage":"en-US","potentialAction":[{"@type":"ReadAction","target":["https:\/\/www.booksonthemove.fr\/produit\/le-geste-dapres\/"]}]},{"@type":"ImageObject","inLanguage":"en-US","@id":"https:\/\/www.booksonthemove.fr\/produit\/le-geste-dapres\/#primaryimage","url":"https:\/\/www.booksonthemove.fr\/media\/bom_2929.jpeg","contentUrl":"https:\/\/www.booksonthemove.fr\/media\/bom_2929.jpeg","width":633,"height":900},{"@type":"BreadcrumbList","@id":"https:\/\/www.booksonthemove.fr\/produit\/le-geste-dapres\/#breadcrumb","itemListElement":[{"@type":"ListItem","position":1,"name":"Accueil","item":"https:\/\/www.booksonthemove.fr\/en\/"},{"@type":"ListItem","position":2,"name":"online store","item":"https:\/\/www.booksonthemove.fr\/en\/online-shop\/"},{"@type":"ListItem","position":3,"name":"Le Geste d&rsquo;apr\u00e8s"}]},{"@type":"WebSite","@id":"https:\/\/www.booksonthemove.fr\/#website","url":"https:\/\/www.booksonthemove.fr\/","name":"Books on the Move","description":"librairie nomade - danse - mouvement - performance","publisher":{"@id":"https:\/\/www.booksonthemove.fr\/#organization"},"potentialAction":[{"@type":"SearchAction","target":{"@type":"EntryPoint","urlTemplate":"https:\/\/www.booksonthemove.fr\/?s={search_term_string}"},"query-input":{"@type":"PropertyValueSpecification","valueRequired":true,"valueName":"search_term_string"}}],"inLanguage":"en-US"},{"@type":"Organization","@id":"https:\/\/www.booksonthemove.fr\/#organization","name":"Books on the Move","url":"https:\/\/www.booksonthemove.fr\/","logo":{"@type":"ImageObject","inLanguage":"en-US","@id":"https:\/\/www.booksonthemove.fr\/#\/schema\/logo\/image\/","url":"https:\/\/www.booksonthemove.fr\/media\/logo-NB-400.jpg","contentUrl":"https:\/\/www.booksonthemove.fr\/media\/logo-NB-400.jpg","width":400,"height":143,"caption":"Books on the Move"},"image":{"@id":"https:\/\/www.booksonthemove.fr\/#\/schema\/logo\/image\/"},"sameAs":["https:\/\/www.facebook.com\/Librairiebooksonthemove\/"]}]}},"_links":{"self":[{"href":"https:\/\/www.booksonthemove.fr\/en\/wp-json\/wp\/v2\/product\/45211","targetHints":{"allow":["GET"]}}],"collection":[{"href":"https:\/\/www.booksonthemove.fr\/en\/wp-json\/wp\/v2\/product"}],"about":[{"href":"https:\/\/www.booksonthemove.fr\/en\/wp-json\/wp\/v2\/types\/product"}],"wp:featuredmedia":[{"embeddable":true,"href":"https:\/\/www.booksonthemove.fr\/en\/wp-json\/wp\/v2\/media\/45210"}],"wp:attachment":[{"href":"https:\/\/www.booksonthemove.fr\/en\/wp-json\/wp\/v2\/media?parent=45211"}],"wp:term":[{"taxonomy":"product_brand","embeddable":true,"href":"https:\/\/www.booksonthemove.fr\/en\/wp-json\/wp\/v2\/product_brand?post=45211"},{"taxonomy":"product_cat","embeddable":true,"href":"https:\/\/www.booksonthemove.fr\/en\/wp-json\/wp\/v2\/product_cat?post=45211"},{"taxonomy":"product_tag","embeddable":true,"href":"https:\/\/www.booksonthemove.fr\/en\/wp-json\/wp\/v2\/product_tag?post=45211"}],"curies":[{"name":"wp","href":"https:\/\/api.w.org\/{rel}","templated":true}]}}

Le Geste d&#8217;après

<p>Le texte a déjà commencé. Il continue.<br />
Il regarde comment s’arrondissent les épaules au passage des portes, note attentivement le vol des oiseaux, ou la terre sous les ongles, les danses internes, le cahier de coloriage.<br />
Il occupe les cordons dunaires, les bords de rivière, les forêts (lisières) et se tient au milieu des carrefours.<br />
Le silence fait partie de la partition. Interstices, intervalles, fragments.<br />
Le réel est pris littéralement, ou brutalement, à mains nues.<br />
Les immeubles tombent mais, « non, ce n’était pas la pluie ».<br />
La lumière est mate, les robes tournent, depuis l’âge de sept ans chercher à devenir sable.<br />
Il s’agit désormais de « passer par sous l’eau ».</p>
<p>&nbsp;</p>

<p class="bodytext"><strong>AUTEURE :</strong> Cécile Sans<br />
<strong>ÉDITEUR :</strong> série discrète (2024)</p>
<p><strong>BROCHÉ :</strong> 88 pages<br />
<strong>LANGUE :</strong> Français<br />
<strong>ISBN :</strong> 978-2-9553391-7-6</p>

<!-- This site is optimized with the Yoast SEO plugin v27.4 - https://yoast.com/product/yoast-seo-wordpress/ -->
<title>Le Geste d&#039;après - Books on the Move</title>
<meta name="robots" content="index, follow, max-snippet:-1, max-image-preview:large, max-video-preview:-1" />
<link rel="canonical" href="https://www.booksonthemove.fr/produit/le-geste-dapres/" />
<meta property="og:locale" content="en_US" />
<meta property="og:type" content="article" />
<meta property="og:title" content="Le Geste d&#039;après - Books on the Move" />
<meta property="og:description" content="AUTEURE : Cécile Sans ÉDITEUR : série discrète (2024) BROCHÉ : 88 pages LANGUE : Français ISBN : 978-2-9553391-7-6" />
<meta property="og:url" content="https://www.booksonthemove.fr/produit/le-geste-dapres/" />
<meta property="og:site_name" content="Books on the Move" />
<meta property="article:publisher" content="https://www.facebook.com/Librairiebooksonthemove/" />
<meta property="article:modified_time" content="2025-05-23T08:29:56+00:00" />
<meta property="og:image" content="https://www.booksonthemove.fr/media/bom_2929.jpeg" />
	<meta property="og:image:width" content="633" />
	<meta property="og:image:height" content="900" />
	<meta property="og:image:type" content="image/jpeg" />
<meta name="twitter:card" content="summary_large_image" />
<script type="application/ld+json" class="yoast-schema-graph">{"@context":"https:\/\/schema.org","@graph":[{"@type":"WebPage","@id":"https:\/\/www.booksonthemove.fr\/produit\/le-geste-dapres\/","url":"https:\/\/www.booksonthemove.fr\/produit\/le-geste-dapres\/","name":"Le Geste d'après - Books on the Move","isPartOf":{"@id":"https:\/\/www.booksonthemove.fr\/#website"},"primaryImageOfPage":{"@id":"https:\/\/www.booksonthemove.fr\/produit\/le-geste-dapres\/#primaryimage"},"image":{"@id":"https:\/\/www.booksonthemove.fr\/produit\/le-geste-dapres\/#primaryimage"},"thumbnailUrl":"https:\/\/www.booksonthemove.fr\/media\/bom_2929.jpeg","datePublished":"2025-05-14T08:18:15+00:00","dateModified":"2025-05-23T08:29:56+00:00","breadcrumb":{"@id":"https:\/\/www.booksonthemove.fr\/produit\/le-geste-dapres\/#breadcrumb"},"inLanguage":"en-US","potentialAction":[{"@type":"ReadAction","target":["https:\/\/www.booksonthemove.fr\/produit\/le-geste-dapres\/"]}]},{"@type":"ImageObject","inLanguage":"en-US","@id":"https:\/\/www.booksonthemove.fr\/produit\/le-geste-dapres\/#primaryimage","url":"https:\/\/www.booksonthemove.fr\/media\/bom_2929.jpeg","contentUrl":"https:\/\/www.booksonthemove.fr\/media\/bom_2929.jpeg","width":633,"height":900},{"@type":"BreadcrumbList","@id":"https:\/\/www.booksonthemove.fr\/produit\/le-geste-dapres\/#breadcrumb","itemListElement":[{"@type":"ListItem","position":1,"name":"Accueil","item":"https:\/\/www.booksonthemove.fr\/en\/"},{"@type":"ListItem","position":2,"name":"online store","item":"https:\/\/www.booksonthemove.fr\/en\/online-shop\/"},{"@type":"ListItem","position":3,"name":"Le Geste d&rsquo;après"}]},{"@type":"WebSite","@id":"https:\/\/www.booksonthemove.fr\/#website","url":"https:\/\/www.booksonthemove.fr\/","name":"Books on the Move","description":"librairie nomade - danse - mouvement - performance","publisher":{"@id":"https:\/\/www.booksonthemove.fr\/#organization"},"potentialAction":[{"@type":"SearchAction","target":{"@type":"EntryPoint","urlTemplate":"https:\/\/www.booksonthemove.fr\/?s={search_term_string}"},"query-input":{"@type":"PropertyValueSpecification","valueRequired":true,"valueName":"search_term_string"}}],"inLanguage":"en-US"},{"@type":"Organization","@id":"https:\/\/www.booksonthemove.fr\/#organization","name":"Books on the Move","url":"https:\/\/www.booksonthemove.fr\/","logo":{"@type":"ImageObject","inLanguage":"en-US","@id":"https:\/\/www.booksonthemove.fr\/#\/schema\/logo\/image\/","url":"https:\/\/www.booksonthemove.fr\/media\/logo-NB-400.jpg","contentUrl":"https:\/\/www.booksonthemove.fr\/media\/logo-NB-400.jpg","width":400,"height":143,"caption":"Books on the Move"},"image":{"@id":"https:\/\/www.booksonthemove.fr\/#\/schema\/logo\/image\/"},"sameAs":["https:\/\/www.facebook.com\/Librairiebooksonthemove\/"]}]}</script>
<!-- / Yoast SEO plugin. -->

Le Geste d'après - Books on the Move

AUTEURE : Cécile Sans ÉDITEUR : série discrète (2024) BROCHÉ : 88 pages LANGUE : Français ISBN : 978-2-9553391-7-6

Le Geste d&rsquo;après
