{"id":45248,"date":"2025-04-11T17:50:19","date_gmt":"2025-04-11T15:50:19","guid":{"rendered":"https:\/\/www.booksonthemove.fr\/produit\/de-lair-a-elle\/"},"modified":"2025-10-21T17:44:05","modified_gmt":"2025-10-21T15:44:05","slug":"de-lair-a-elle","status":"publish","type":"product","link":"https:\/\/www.booksonthemove.fr\/en\/produit\/de-lair-a-elle\/","title":{"rendered":"De l&#8217;air \u00e0 elle"},"content":{"rendered":"<p>Danse, yoga, il est question de mouvement, de respiration, d&#8217;espace et d&#8217;amiti\u00e9.<br \/>\nDepuis plusieurs ann\u00e9es, je dessine \u00c9lise Auger en train de danser, il s&#8217;agit de croquis sur le vif, Amandine Marembert a \u00e9crit les po\u00e8mes en regardant les dessins.<\/p>\n<p>Cette collection, imprim\u00e9e sur un doux papier recycl\u00e9 se pr\u00e9sente sous la forme de huit volets recto-verso reli\u00e9s en accord\u00e9on, avec des images d&#8217;un c\u00f4t\u00e9 et des textes de l&#8217;autre.<br \/>\nPour tous les \u00e2ges.<\/p>\n","protected":false},"excerpt":{"rendered":"<p><b>AUTEURES : <\/b>Amandine Marembert &amp; Val\u00e9rie Linder<span class=\"h3_elt\"><br \/>\n<\/span><b><\/b><b>EDITEUR : <\/b>d\u00e8s ce matin\/\u00e9ditions (r\u00e9\u00e9dition 2025)<\/p>\n<p><strong>BROCH\u00c9 :<\/strong> Leporello de 8 pages<br \/>\n<b>LANGUE : <\/b>Fran\u00e7ais<br \/>\n<strong>ISBN13 :<\/strong> 978-2-956-36254-8<\/p>\n","protected":false},"featured_media":45247,"template":"","meta":[],"product_brand":[],"product_cat":[212,301,213,162,199],"product_tag":[],"class_list":{"0":"post-45248","1":"product","2":"type-product","3":"status-publish","4":"has-post-thumbnail","6":"product_cat-artists-books-en","7":"product_cat-arts-plastiques-en","8":"product_cat-comics-en","9":"product_cat-french-en","10":"product_cat-poetry-en","12":"first","13":"instock","14":"taxable","15":"shipping-taxable","16":"purchasable","17":"product-type-simple"},"yoast_head":"<!-- This site is optimized with the Yoast SEO plugin v27.4 - https:\/\/yoast.com\/product\/yoast-seo-wordpress\/ -->\n<title>De l&#039;air \u00e0 elle - Books on the Move<\/title>\n<meta name=\"robots\" content=\"index, follow, max-snippet:-1, max-image-preview:large, max-video-preview:-1\" \/>\n<link rel=\"canonical\" href=\"https:\/\/www.booksonthemove.fr\/en\/produit\/de-lair-a-elle\/\" \/>\n<meta property=\"og:locale\" content=\"en_US\" \/>\n<meta property=\"og:type\" content=\"article\" \/>\n<meta property=\"og:title\" content=\"De l&#039;air \u00e0 elle - Books on the Move\" \/>\n<meta property=\"og:description\" content=\"AUTEURES : Amandine Marembert &amp; Val\u00e9rie Linder EDITEUR : d\u00e8s ce matin\/\u00e9ditions (r\u00e9\u00e9dition 2025)  BROCH\u00c9 : Leporello de 8 pages LANGUE : Fran\u00e7ais ISBN13 : 978-2-956-36254-8\" \/>\n<meta property=\"og:url\" content=\"https:\/\/www.booksonthemove.fr\/en\/produit\/de-lair-a-elle\/\" \/>\n<meta property=\"og:site_name\" content=\"Books on the Move\" \/>\n<meta property=\"article:publisher\" content=\"https:\/\/www.facebook.com\/Librairiebooksonthemove\/\" \/>\n<meta property=\"article:modified_time\" content=\"2025-10-21T15:44:05+00:00\" \/>\n<meta property=\"og:image\" content=\"https:\/\/www.booksonthemove.fr\/media\/bom_2908.jpg\" \/>\n\t<meta property=\"og:image:width\" content=\"429\" \/>\n\t<meta property=\"og:image:height\" content=\"609\" \/>\n\t<meta property=\"og:image:type\" content=\"image\/jpeg\" \/>\n<meta name=\"twitter:card\" content=\"summary_large_image\" \/>\n<script type=\"application\/ld+json\" class=\"yoast-schema-graph\">{\"@context\":\"https:\\\/\\\/schema.org\",\"@graph\":[{\"@type\":\"WebPage\",\"@id\":\"https:\\\/\\\/www.booksonthemove.fr\\\/en\\\/produit\\\/de-lair-a-elle\\\/\",\"url\":\"https:\\\/\\\/www.booksonthemove.fr\\\/en\\\/produit\\\/de-lair-a-elle\\\/\",\"name\":\"De l'air \u00e0 elle - Books on the Move\",\"isPartOf\":{\"@id\":\"https:\\\/\\\/www.booksonthemove.fr\\\/#website\"},\"primaryImageOfPage\":{\"@id\":\"https:\\\/\\\/www.booksonthemove.fr\\\/en\\\/produit\\\/de-lair-a-elle\\\/#primaryimage\"},\"image\":{\"@id\":\"https:\\\/\\\/www.booksonthemove.fr\\\/en\\\/produit\\\/de-lair-a-elle\\\/#primaryimage\"},\"thumbnailUrl\":\"https:\\\/\\\/www.booksonthemove.fr\\\/media\\\/bom_2908.jpg\",\"datePublished\":\"2025-04-11T15:50:19+00:00\",\"dateModified\":\"2025-10-21T15:44:05+00:00\",\"breadcrumb\":{\"@id\":\"https:\\\/\\\/www.booksonthemove.fr\\\/en\\\/produit\\\/de-lair-a-elle\\\/#breadcrumb\"},\"inLanguage\":\"en-US\",\"potentialAction\":[{\"@type\":\"ReadAction\",\"target\":[\"https:\\\/\\\/www.booksonthemove.fr\\\/en\\\/produit\\\/de-lair-a-elle\\\/\"]}]},{\"@type\":\"ImageObject\",\"inLanguage\":\"en-US\",\"@id\":\"https:\\\/\\\/www.booksonthemove.fr\\\/en\\\/produit\\\/de-lair-a-elle\\\/#primaryimage\",\"url\":\"https:\\\/\\\/www.booksonthemove.fr\\\/media\\\/bom_2908.jpg\",\"contentUrl\":\"https:\\\/\\\/www.booksonthemove.fr\\\/media\\\/bom_2908.jpg\",\"width\":429,\"height\":609},{\"@type\":\"BreadcrumbList\",\"@id\":\"https:\\\/\\\/www.booksonthemove.fr\\\/en\\\/produit\\\/de-lair-a-elle\\\/#breadcrumb\",\"itemListElement\":[{\"@type\":\"ListItem\",\"position\":1,\"name\":\"Accueil\",\"item\":\"https:\\\/\\\/www.booksonthemove.fr\\\/en\\\/\"},{\"@type\":\"ListItem\",\"position\":2,\"name\":\"online store\",\"item\":\"https:\\\/\\\/www.booksonthemove.fr\\\/en\\\/online-shop\\\/\"},{\"@type\":\"ListItem\",\"position\":3,\"name\":\"De l&rsquo;air \u00e0 elle\"}]},{\"@type\":\"WebSite\",\"@id\":\"https:\\\/\\\/www.booksonthemove.fr\\\/#website\",\"url\":\"https:\\\/\\\/www.booksonthemove.fr\\\/\",\"name\":\"Books on the Move\",\"description\":\"librairie nomade - danse - mouvement - performance\",\"publisher\":{\"@id\":\"https:\\\/\\\/www.booksonthemove.fr\\\/#organization\"},\"potentialAction\":[{\"@type\":\"SearchAction\",\"target\":{\"@type\":\"EntryPoint\",\"urlTemplate\":\"https:\\\/\\\/www.booksonthemove.fr\\\/?s={search_term_string}\"},\"query-input\":{\"@type\":\"PropertyValueSpecification\",\"valueRequired\":true,\"valueName\":\"search_term_string\"}}],\"inLanguage\":\"en-US\"},{\"@type\":\"Organization\",\"@id\":\"https:\\\/\\\/www.booksonthemove.fr\\\/#organization\",\"name\":\"Books on the Move\",\"url\":\"https:\\\/\\\/www.booksonthemove.fr\\\/\",\"logo\":{\"@type\":\"ImageObject\",\"inLanguage\":\"en-US\",\"@id\":\"https:\\\/\\\/www.booksonthemove.fr\\\/#\\\/schema\\\/logo\\\/image\\\/\",\"url\":\"https:\\\/\\\/www.booksonthemove.fr\\\/media\\\/logo-NB-400.jpg\",\"contentUrl\":\"https:\\\/\\\/www.booksonthemove.fr\\\/media\\\/logo-NB-400.jpg\",\"width\":400,\"height\":143,\"caption\":\"Books on the Move\"},\"image\":{\"@id\":\"https:\\\/\\\/www.booksonthemove.fr\\\/#\\\/schema\\\/logo\\\/image\\\/\"},\"sameAs\":[\"https:\\\/\\\/www.facebook.com\\\/Librairiebooksonthemove\\\/\"]}]}<\/script>\n<!-- \/ Yoast SEO plugin. -->","yoast_head_json":{"title":"De l'air \u00e0 elle - Books on the Move","robots":{"index":"index","follow":"follow","max-snippet":"max-snippet:-1","max-image-preview":"max-image-preview:large","max-video-preview":"max-video-preview:-1"},"canonical":"https:\/\/www.booksonthemove.fr\/en\/produit\/de-lair-a-elle\/","og_locale":"en_US","og_type":"article","og_title":"De l'air \u00e0 elle - Books on the Move","og_description":"AUTEURES : Amandine Marembert &amp; Val\u00e9rie Linder EDITEUR : d\u00e8s ce matin\/\u00e9ditions (r\u00e9\u00e9dition 2025)  BROCH\u00c9 : Leporello de 8 pages LANGUE : Fran\u00e7ais ISBN13 : 978-2-956-36254-8","og_url":"https:\/\/www.booksonthemove.fr\/en\/produit\/de-lair-a-elle\/","og_site_name":"Books on the Move","article_publisher":"https:\/\/www.facebook.com\/Librairiebooksonthemove\/","article_modified_time":"2025-10-21T15:44:05+00:00","og_image":[{"width":429,"height":609,"url":"https:\/\/www.booksonthemove.fr\/media\/bom_2908.jpg","type":"image\/jpeg"}],"twitter_card":"summary_large_image","schema":{"@context":"https:\/\/schema.org","@graph":[{"@type":"WebPage","@id":"https:\/\/www.booksonthemove.fr\/en\/produit\/de-lair-a-elle\/","url":"https:\/\/www.booksonthemove.fr\/en\/produit\/de-lair-a-elle\/","name":"De l'air \u00e0 elle - Books on the Move","isPartOf":{"@id":"https:\/\/www.booksonthemove.fr\/#website"},"primaryImageOfPage":{"@id":"https:\/\/www.booksonthemove.fr\/en\/produit\/de-lair-a-elle\/#primaryimage"},"image":{"@id":"https:\/\/www.booksonthemove.fr\/en\/produit\/de-lair-a-elle\/#primaryimage"},"thumbnailUrl":"https:\/\/www.booksonthemove.fr\/media\/bom_2908.jpg","datePublished":"2025-04-11T15:50:19+00:00","dateModified":"2025-10-21T15:44:05+00:00","breadcrumb":{"@id":"https:\/\/www.booksonthemove.fr\/en\/produit\/de-lair-a-elle\/#breadcrumb"},"inLanguage":"en-US","potentialAction":[{"@type":"ReadAction","target":["https:\/\/www.booksonthemove.fr\/en\/produit\/de-lair-a-elle\/"]}]},{"@type":"ImageObject","inLanguage":"en-US","@id":"https:\/\/www.booksonthemove.fr\/en\/produit\/de-lair-a-elle\/#primaryimage","url":"https:\/\/www.booksonthemove.fr\/media\/bom_2908.jpg","contentUrl":"https:\/\/www.booksonthemove.fr\/media\/bom_2908.jpg","width":429,"height":609},{"@type":"BreadcrumbList","@id":"https:\/\/www.booksonthemove.fr\/en\/produit\/de-lair-a-elle\/#breadcrumb","itemListElement":[{"@type":"ListItem","position":1,"name":"Accueil","item":"https:\/\/www.booksonthemove.fr\/en\/"},{"@type":"ListItem","position":2,"name":"online store","item":"https:\/\/www.booksonthemove.fr\/en\/online-shop\/"},{"@type":"ListItem","position":3,"name":"De l&rsquo;air \u00e0 elle"}]},{"@type":"WebSite","@id":"https:\/\/www.booksonthemove.fr\/#website","url":"https:\/\/www.booksonthemove.fr\/","name":"Books on the Move","description":"librairie nomade - danse - mouvement - performance","publisher":{"@id":"https:\/\/www.booksonthemove.fr\/#organization"},"potentialAction":[{"@type":"SearchAction","target":{"@type":"EntryPoint","urlTemplate":"https:\/\/www.booksonthemove.fr\/?s={search_term_string}"},"query-input":{"@type":"PropertyValueSpecification","valueRequired":true,"valueName":"search_term_string"}}],"inLanguage":"en-US"},{"@type":"Organization","@id":"https:\/\/www.booksonthemove.fr\/#organization","name":"Books on the Move","url":"https:\/\/www.booksonthemove.fr\/","logo":{"@type":"ImageObject","inLanguage":"en-US","@id":"https:\/\/www.booksonthemove.fr\/#\/schema\/logo\/image\/","url":"https:\/\/www.booksonthemove.fr\/media\/logo-NB-400.jpg","contentUrl":"https:\/\/www.booksonthemove.fr\/media\/logo-NB-400.jpg","width":400,"height":143,"caption":"Books on the Move"},"image":{"@id":"https:\/\/www.booksonthemove.fr\/#\/schema\/logo\/image\/"},"sameAs":["https:\/\/www.facebook.com\/Librairiebooksonthemove\/"]}]}},"_links":{"self":[{"href":"https:\/\/www.booksonthemove.fr\/en\/wp-json\/wp\/v2\/product\/45248","targetHints":{"allow":["GET"]}}],"collection":[{"href":"https:\/\/www.booksonthemove.fr\/en\/wp-json\/wp\/v2\/product"}],"about":[{"href":"https:\/\/www.booksonthemove.fr\/en\/wp-json\/wp\/v2\/types\/product"}],"wp:featuredmedia":[{"embeddable":true,"href":"https:\/\/www.booksonthemove.fr\/en\/wp-json\/wp\/v2\/media\/45247"}],"wp:attachment":[{"href":"https:\/\/www.booksonthemove.fr\/en\/wp-json\/wp\/v2\/media?parent=45248"}],"wp:term":[{"taxonomy":"product_brand","embeddable":true,"href":"https:\/\/www.booksonthemove.fr\/en\/wp-json\/wp\/v2\/product_brand?post=45248"},{"taxonomy":"product_cat","embeddable":true,"href":"https:\/\/www.booksonthemove.fr\/en\/wp-json\/wp\/v2\/product_cat?post=45248"},{"taxonomy":"product_tag","embeddable":true,"href":"https:\/\/www.booksonthemove.fr\/en\/wp-json\/wp\/v2\/product_tag?post=45248"}],"curies":[{"name":"wp","href":"https:\/\/api.w.org\/{rel}","templated":true}]}}

De l&#8217;air à elle

<p>Danse, yoga, il est question de mouvement, de respiration, d&#8217;espace et d&#8217;amitié.<br />
Depuis plusieurs années, je dessine Élise Auger en train de danser, il s&#8217;agit de croquis sur le vif, Amandine Marembert a écrit les poèmes en regardant les dessins.</p>
<p>Cette collection, imprimée sur un doux papier recyclé se présente sous la forme de huit volets recto-verso reliés en accordéon, avec des images d&#8217;un côté et des textes de l&#8217;autre.<br />
Pour tous les âges.</p>

<p><b>AUTEURES : </b>Amandine Marembert &amp; Valérie Linder<span class="h3_elt"><br />
</span><b></b><b>EDITEUR : </b>dès ce matin/éditions (réédition 2025)</p>
<p><strong>BROCHÉ :</strong> Leporello de 8 pages<br />
<b>LANGUE : </b>Français<br />
<strong>ISBN13 :</strong> 978-2-956-36254-8</p>

<!-- This site is optimized with the Yoast SEO plugin v27.4 - https://yoast.com/product/yoast-seo-wordpress/ -->
<title>De l&#039;air à elle - Books on the Move</title>
<meta name="robots" content="index, follow, max-snippet:-1, max-image-preview:large, max-video-preview:-1" />
<link rel="canonical" href="https://www.booksonthemove.fr/en/produit/de-lair-a-elle/" />
<meta property="og:locale" content="en_US" />
<meta property="og:type" content="article" />
<meta property="og:title" content="De l&#039;air à elle - Books on the Move" />
<meta property="og:description" content="AUTEURES : Amandine Marembert &amp; Valérie Linder EDITEUR : dès ce matin/éditions (réédition 2025)  BROCHÉ : Leporello de 8 pages LANGUE : Français ISBN13 : 978-2-956-36254-8" />
<meta property="og:url" content="https://www.booksonthemove.fr/en/produit/de-lair-a-elle/" />
<meta property="og:site_name" content="Books on the Move" />
<meta property="article:publisher" content="https://www.facebook.com/Librairiebooksonthemove/" />
<meta property="article:modified_time" content="2025-10-21T15:44:05+00:00" />
<meta property="og:image" content="https://www.booksonthemove.fr/media/bom_2908.jpg" />
	<meta property="og:image:width" content="429" />
	<meta property="og:image:height" content="609" />
	<meta property="og:image:type" content="image/jpeg" />
<meta name="twitter:card" content="summary_large_image" />
<script type="application/ld+json" class="yoast-schema-graph">{"@context":"https:\/\/schema.org","@graph":[{"@type":"WebPage","@id":"https:\/\/www.booksonthemove.fr\/en\/produit\/de-lair-a-elle\/","url":"https:\/\/www.booksonthemove.fr\/en\/produit\/de-lair-a-elle\/","name":"De l'air à elle - Books on the Move","isPartOf":{"@id":"https:\/\/www.booksonthemove.fr\/#website"},"primaryImageOfPage":{"@id":"https:\/\/www.booksonthemove.fr\/en\/produit\/de-lair-a-elle\/#primaryimage"},"image":{"@id":"https:\/\/www.booksonthemove.fr\/en\/produit\/de-lair-a-elle\/#primaryimage"},"thumbnailUrl":"https:\/\/www.booksonthemove.fr\/media\/bom_2908.jpg","datePublished":"2025-04-11T15:50:19+00:00","dateModified":"2025-10-21T15:44:05+00:00","breadcrumb":{"@id":"https:\/\/www.booksonthemove.fr\/en\/produit\/de-lair-a-elle\/#breadcrumb"},"inLanguage":"en-US","potentialAction":[{"@type":"ReadAction","target":["https:\/\/www.booksonthemove.fr\/en\/produit\/de-lair-a-elle\/"]}]},{"@type":"ImageObject","inLanguage":"en-US","@id":"https:\/\/www.booksonthemove.fr\/en\/produit\/de-lair-a-elle\/#primaryimage","url":"https:\/\/www.booksonthemove.fr\/media\/bom_2908.jpg","contentUrl":"https:\/\/www.booksonthemove.fr\/media\/bom_2908.jpg","width":429,"height":609},{"@type":"BreadcrumbList","@id":"https:\/\/www.booksonthemove.fr\/en\/produit\/de-lair-a-elle\/#breadcrumb","itemListElement":[{"@type":"ListItem","position":1,"name":"Accueil","item":"https:\/\/www.booksonthemove.fr\/en\/"},{"@type":"ListItem","position":2,"name":"online store","item":"https:\/\/www.booksonthemove.fr\/en\/online-shop\/"},{"@type":"ListItem","position":3,"name":"De l&rsquo;air à elle"}]},{"@type":"WebSite","@id":"https:\/\/www.booksonthemove.fr\/#website","url":"https:\/\/www.booksonthemove.fr\/","name":"Books on the Move","description":"librairie nomade - danse - mouvement - performance","publisher":{"@id":"https:\/\/www.booksonthemove.fr\/#organization"},"potentialAction":[{"@type":"SearchAction","target":{"@type":"EntryPoint","urlTemplate":"https:\/\/www.booksonthemove.fr\/?s={search_term_string}"},"query-input":{"@type":"PropertyValueSpecification","valueRequired":true,"valueName":"search_term_string"}}],"inLanguage":"en-US"},{"@type":"Organization","@id":"https:\/\/www.booksonthemove.fr\/#organization","name":"Books on the Move","url":"https:\/\/www.booksonthemove.fr\/","logo":{"@type":"ImageObject","inLanguage":"en-US","@id":"https:\/\/www.booksonthemove.fr\/#\/schema\/logo\/image\/","url":"https:\/\/www.booksonthemove.fr\/media\/logo-NB-400.jpg","contentUrl":"https:\/\/www.booksonthemove.fr\/media\/logo-NB-400.jpg","width":400,"height":143,"caption":"Books on the Move"},"image":{"@id":"https:\/\/www.booksonthemove.fr\/#\/schema\/logo\/image\/"},"sameAs":["https:\/\/www.facebook.com\/Librairiebooksonthemove\/"]}]}</script>
<!-- / Yoast SEO plugin. -->

De l'air à elle - Books on the Move

AUTEURES : Amandine Marembert &amp; Valérie Linder EDITEUR : dès ce matin/éditions (réédition 2025)  BROCHÉ : Leporello de 8 pages LANGUE : Français ISBN13 : 978-2-956-36254-8

De l&rsquo;air à elle
