{"id":45775,"date":"2025-09-15T17:31:10","date_gmt":"2025-09-15T15:31:10","guid":{"rendered":"https:\/\/www.booksonthemove.fr\/produit\/valentine-de-saint-point-lardeur-et-la-conquete\/"},"modified":"2025-12-16T09:04:34","modified_gmt":"2025-12-16T08:04:34","slug":"valentine-de-saint-point-lardeur-et-la-conquete","status":"publish","type":"product","link":"https:\/\/www.booksonthemove.fr\/en\/produit\/valentine-de-saint-point-lardeur-et-la-conquete\/","title":{"rendered":"Valentine de Saint-Point &#8211;  L&#8217;ardeur et la conqu\u00eate"},"content":{"rendered":"<div class=\"accroche\">Une s\u00e9lection de textes de Valentine de Saint-Point embl\u00e9matiques \u00e0 la fois de la Belle \u00c9poque et de sa p\u00e9riode militante anticolonialiste, accompagn\u00e9e d&#8217;un appareil critique substantiel d&#8217;Alexandra Destais\u00a0et de Claire Tencin.<\/div>\n<div class=\"citation\">L&#8217;ouvrage rassemble, entre autres, les subversifs <em>Manifeste de la femme futuriste<\/em>et <em>Manifeste futuriste de la luxure<\/em>, <em>La M\u00e9tachorie, <\/em>texte pionnier comment\u00e9 par la chor\u00e9graphe Karine Saporta lors d&#8217;un entretien, ainsi que des articles totalement in\u00e9dits de la revue anticolonialiste <em>Le Ph\u0153nix<\/em>.<\/div>\n<div><\/div>\n<div>Valentine de Saint-Point (1875-1953), surnomm\u00e9e la \u00ab\u00a0Muse pourpre\u00a0\u00bb ou encore \u00ab\u00a0l&#8217;Amazone\u00a0\u00bb, a \u00e9t\u00e9 une figure majeure de l&#8217;avant-garde de la Belle \u00c9poque avant de s&#8217;exiler en \u00c9gypte en 1924, sur les pas de son grand-oncle Alphonse de Lamartine. D\u00e8s son arriv\u00e9e, elle a cr\u00e9\u00e9 sa revue <em>Le<\/em> <em>Ph\u0153nix<\/em> et milit\u00e9 contre le colonialisme. Romanci\u00e8re, po\u00e8te, dramaturge, peintre, critique d&#8217;art, chor\u00e9graphe et journaliste, elle a \u00e9t\u00e9 novatrice dans tous ces genres. F\u00e9ministe, connue pour \u00eatre la premi\u00e8re femme \u00e0 avoir r\u00e9dig\u00e9 un manifeste futuriste, consid\u00e9r\u00e9e comme \u00e9tant \u00e0 l&#8217;origine de la performance, elle est aussi sans doute la premi\u00e8re femme \u00e0 avoir os\u00e9 s&#8217;\u00e9riger contre les Empires coloniaux en Orient.<\/div>\n<div><\/div>\n<div>Textes de Valentine de Saint-Point, Claire Tencin, Alexandra Destais, Karine Saporta.<\/div>\n","protected":false},"excerpt":{"rendered":"<p><strong>AUTEURES :<\/strong>\u00a0\u00e9dit\u00e9 par Claire Tencin et Alexandra Destais<br \/>\n<strong>\u00c9DITEUR :<\/strong> ardemment \u00e9ditions (2025)<\/p>\n<p><strong>BROCH\u00c9 :<\/strong> 208 pages<br \/>\n<strong>LANGUE :<\/strong> Fran\u00e7ais<br \/>\n<strong>ISBN :<\/strong> 978-2-9574314-7-2<\/p>\n","protected":false},"featured_media":45774,"template":"","meta":[],"product_brand":[],"product_cat":[226,727,157,202,162,163,160,219,152],"product_tag":[],"class_list":{"0":"post-45775","1":"product","2":"type-product","3":"status-publish","4":"has-post-thumbnail","6":"product_cat-anthologies-en","7":"product_cat-anti-postcolonialism-en","8":"product_cat-artists-writings-en","9":"product_cat-feminism-en","10":"product_cat-french-en","11":"product_cat-france-en","12":"product_cat-happenings-en","13":"product_cat-literature-en","14":"product_cat-performance-en","16":"first","17":"instock","18":"taxable","19":"shipping-taxable","20":"purchasable","21":"product-type-simple"},"yoast_head":"<!-- This site is optimized with the Yoast SEO plugin v27.4 - https:\/\/yoast.com\/product\/yoast-seo-wordpress\/ -->\n<title>Valentine de Saint-Point - L&#039;ardeur et la conqu\u00eate - Books on the Move<\/title>\n<meta name=\"robots\" content=\"index, follow, max-snippet:-1, max-image-preview:large, max-video-preview:-1\" \/>\n<link rel=\"canonical\" href=\"https:\/\/www.booksonthemove.fr\/en\/produit\/valentine-de-saint-point-lardeur-et-la-conquete\/\" \/>\n<meta property=\"og:locale\" content=\"en_US\" \/>\n<meta property=\"og:type\" content=\"article\" \/>\n<meta property=\"og:title\" content=\"Valentine de Saint-Point - L&#039;ardeur et la conqu\u00eate - Books on the Move\" \/>\n<meta property=\"og:description\" content=\"AUTEURES :\u00a0\u00e9dit\u00e9 par Claire Tencin et Alexandra Destais \u00c9DITEUR : ardemment \u00e9ditions (2025)  BROCH\u00c9 : 208 pages LANGUE : Fran\u00e7ais ISBN : 978-2-9574314-7-2\" \/>\n<meta property=\"og:url\" content=\"https:\/\/www.booksonthemove.fr\/en\/produit\/valentine-de-saint-point-lardeur-et-la-conquete\/\" \/>\n<meta property=\"og:site_name\" content=\"Books on the Move\" \/>\n<meta property=\"article:publisher\" content=\"https:\/\/www.facebook.com\/Librairiebooksonthemove\/\" \/>\n<meta property=\"article:modified_time\" content=\"2025-12-16T08:04:34+00:00\" \/>\n<meta property=\"og:image\" content=\"https:\/\/www.booksonthemove.fr\/media\/bom_2979.jpg\" \/>\n\t<meta property=\"og:image:width\" content=\"1054\" \/>\n\t<meta property=\"og:image:height\" content=\"1457\" \/>\n\t<meta property=\"og:image:type\" content=\"image\/jpeg\" \/>\n<meta name=\"twitter:card\" content=\"summary_large_image\" \/>\n<script type=\"application\/ld+json\" class=\"yoast-schema-graph\">{\"@context\":\"https:\\\/\\\/schema.org\",\"@graph\":[{\"@type\":\"WebPage\",\"@id\":\"https:\\\/\\\/www.booksonthemove.fr\\\/en\\\/produit\\\/valentine-de-saint-point-lardeur-et-la-conquete\\\/\",\"url\":\"https:\\\/\\\/www.booksonthemove.fr\\\/en\\\/produit\\\/valentine-de-saint-point-lardeur-et-la-conquete\\\/\",\"name\":\"Valentine de Saint-Point - L'ardeur et la conqu\u00eate - Books on the Move\",\"isPartOf\":{\"@id\":\"https:\\\/\\\/www.booksonthemove.fr\\\/#website\"},\"primaryImageOfPage\":{\"@id\":\"https:\\\/\\\/www.booksonthemove.fr\\\/en\\\/produit\\\/valentine-de-saint-point-lardeur-et-la-conquete\\\/#primaryimage\"},\"image\":{\"@id\":\"https:\\\/\\\/www.booksonthemove.fr\\\/en\\\/produit\\\/valentine-de-saint-point-lardeur-et-la-conquete\\\/#primaryimage\"},\"thumbnailUrl\":\"https:\\\/\\\/www.booksonthemove.fr\\\/media\\\/bom_2979.jpg\",\"datePublished\":\"2025-09-15T15:31:10+00:00\",\"dateModified\":\"2025-12-16T08:04:34+00:00\",\"breadcrumb\":{\"@id\":\"https:\\\/\\\/www.booksonthemove.fr\\\/en\\\/produit\\\/valentine-de-saint-point-lardeur-et-la-conquete\\\/#breadcrumb\"},\"inLanguage\":\"en-US\",\"potentialAction\":[{\"@type\":\"ReadAction\",\"target\":[\"https:\\\/\\\/www.booksonthemove.fr\\\/en\\\/produit\\\/valentine-de-saint-point-lardeur-et-la-conquete\\\/\"]}]},{\"@type\":\"ImageObject\",\"inLanguage\":\"en-US\",\"@id\":\"https:\\\/\\\/www.booksonthemove.fr\\\/en\\\/produit\\\/valentine-de-saint-point-lardeur-et-la-conquete\\\/#primaryimage\",\"url\":\"https:\\\/\\\/www.booksonthemove.fr\\\/media\\\/bom_2979.jpg\",\"contentUrl\":\"https:\\\/\\\/www.booksonthemove.fr\\\/media\\\/bom_2979.jpg\",\"width\":1054,\"height\":1457},{\"@type\":\"BreadcrumbList\",\"@id\":\"https:\\\/\\\/www.booksonthemove.fr\\\/en\\\/produit\\\/valentine-de-saint-point-lardeur-et-la-conquete\\\/#breadcrumb\",\"itemListElement\":[{\"@type\":\"ListItem\",\"position\":1,\"name\":\"Accueil\",\"item\":\"https:\\\/\\\/www.booksonthemove.fr\\\/en\\\/\"},{\"@type\":\"ListItem\",\"position\":2,\"name\":\"online store\",\"item\":\"https:\\\/\\\/www.booksonthemove.fr\\\/en\\\/online-shop\\\/\"},{\"@type\":\"ListItem\",\"position\":3,\"name\":\"Valentine de Saint-Point &#8211; L&rsquo;ardeur et la conqu\u00eate\"}]},{\"@type\":\"WebSite\",\"@id\":\"https:\\\/\\\/www.booksonthemove.fr\\\/#website\",\"url\":\"https:\\\/\\\/www.booksonthemove.fr\\\/\",\"name\":\"Books on the Move\",\"description\":\"librairie nomade - danse - mouvement - performance\",\"publisher\":{\"@id\":\"https:\\\/\\\/www.booksonthemove.fr\\\/#organization\"},\"potentialAction\":[{\"@type\":\"SearchAction\",\"target\":{\"@type\":\"EntryPoint\",\"urlTemplate\":\"https:\\\/\\\/www.booksonthemove.fr\\\/?s={search_term_string}\"},\"query-input\":{\"@type\":\"PropertyValueSpecification\",\"valueRequired\":true,\"valueName\":\"search_term_string\"}}],\"inLanguage\":\"en-US\"},{\"@type\":\"Organization\",\"@id\":\"https:\\\/\\\/www.booksonthemove.fr\\\/#organization\",\"name\":\"Books on the Move\",\"url\":\"https:\\\/\\\/www.booksonthemove.fr\\\/\",\"logo\":{\"@type\":\"ImageObject\",\"inLanguage\":\"en-US\",\"@id\":\"https:\\\/\\\/www.booksonthemove.fr\\\/#\\\/schema\\\/logo\\\/image\\\/\",\"url\":\"https:\\\/\\\/www.booksonthemove.fr\\\/media\\\/logo-NB-400.jpg\",\"contentUrl\":\"https:\\\/\\\/www.booksonthemove.fr\\\/media\\\/logo-NB-400.jpg\",\"width\":400,\"height\":143,\"caption\":\"Books on the Move\"},\"image\":{\"@id\":\"https:\\\/\\\/www.booksonthemove.fr\\\/#\\\/schema\\\/logo\\\/image\\\/\"},\"sameAs\":[\"https:\\\/\\\/www.facebook.com\\\/Librairiebooksonthemove\\\/\"]}]}<\/script>\n<!-- \/ Yoast SEO plugin. -->","yoast_head_json":{"title":"Valentine de Saint-Point - L'ardeur et la conqu\u00eate - Books on the Move","robots":{"index":"index","follow":"follow","max-snippet":"max-snippet:-1","max-image-preview":"max-image-preview:large","max-video-preview":"max-video-preview:-1"},"canonical":"https:\/\/www.booksonthemove.fr\/en\/produit\/valentine-de-saint-point-lardeur-et-la-conquete\/","og_locale":"en_US","og_type":"article","og_title":"Valentine de Saint-Point - L'ardeur et la conqu\u00eate - Books on the Move","og_description":"AUTEURES :\u00a0\u00e9dit\u00e9 par Claire Tencin et Alexandra Destais \u00c9DITEUR : ardemment \u00e9ditions (2025)  BROCH\u00c9 : 208 pages LANGUE : Fran\u00e7ais ISBN : 978-2-9574314-7-2","og_url":"https:\/\/www.booksonthemove.fr\/en\/produit\/valentine-de-saint-point-lardeur-et-la-conquete\/","og_site_name":"Books on the Move","article_publisher":"https:\/\/www.facebook.com\/Librairiebooksonthemove\/","article_modified_time":"2025-12-16T08:04:34+00:00","og_image":[{"width":1054,"height":1457,"url":"https:\/\/www.booksonthemove.fr\/media\/bom_2979.jpg","type":"image\/jpeg"}],"twitter_card":"summary_large_image","schema":{"@context":"https:\/\/schema.org","@graph":[{"@type":"WebPage","@id":"https:\/\/www.booksonthemove.fr\/en\/produit\/valentine-de-saint-point-lardeur-et-la-conquete\/","url":"https:\/\/www.booksonthemove.fr\/en\/produit\/valentine-de-saint-point-lardeur-et-la-conquete\/","name":"Valentine de Saint-Point - L'ardeur et la conqu\u00eate - Books on the Move","isPartOf":{"@id":"https:\/\/www.booksonthemove.fr\/#website"},"primaryImageOfPage":{"@id":"https:\/\/www.booksonthemove.fr\/en\/produit\/valentine-de-saint-point-lardeur-et-la-conquete\/#primaryimage"},"image":{"@id":"https:\/\/www.booksonthemove.fr\/en\/produit\/valentine-de-saint-point-lardeur-et-la-conquete\/#primaryimage"},"thumbnailUrl":"https:\/\/www.booksonthemove.fr\/media\/bom_2979.jpg","datePublished":"2025-09-15T15:31:10+00:00","dateModified":"2025-12-16T08:04:34+00:00","breadcrumb":{"@id":"https:\/\/www.booksonthemove.fr\/en\/produit\/valentine-de-saint-point-lardeur-et-la-conquete\/#breadcrumb"},"inLanguage":"en-US","potentialAction":[{"@type":"ReadAction","target":["https:\/\/www.booksonthemove.fr\/en\/produit\/valentine-de-saint-point-lardeur-et-la-conquete\/"]}]},{"@type":"ImageObject","inLanguage":"en-US","@id":"https:\/\/www.booksonthemove.fr\/en\/produit\/valentine-de-saint-point-lardeur-et-la-conquete\/#primaryimage","url":"https:\/\/www.booksonthemove.fr\/media\/bom_2979.jpg","contentUrl":"https:\/\/www.booksonthemove.fr\/media\/bom_2979.jpg","width":1054,"height":1457},{"@type":"BreadcrumbList","@id":"https:\/\/www.booksonthemove.fr\/en\/produit\/valentine-de-saint-point-lardeur-et-la-conquete\/#breadcrumb","itemListElement":[{"@type":"ListItem","position":1,"name":"Accueil","item":"https:\/\/www.booksonthemove.fr\/en\/"},{"@type":"ListItem","position":2,"name":"online store","item":"https:\/\/www.booksonthemove.fr\/en\/online-shop\/"},{"@type":"ListItem","position":3,"name":"Valentine de Saint-Point &#8211; L&rsquo;ardeur et la conqu\u00eate"}]},{"@type":"WebSite","@id":"https:\/\/www.booksonthemove.fr\/#website","url":"https:\/\/www.booksonthemove.fr\/","name":"Books on the Move","description":"librairie nomade - danse - mouvement - performance","publisher":{"@id":"https:\/\/www.booksonthemove.fr\/#organization"},"potentialAction":[{"@type":"SearchAction","target":{"@type":"EntryPoint","urlTemplate":"https:\/\/www.booksonthemove.fr\/?s={search_term_string}"},"query-input":{"@type":"PropertyValueSpecification","valueRequired":true,"valueName":"search_term_string"}}],"inLanguage":"en-US"},{"@type":"Organization","@id":"https:\/\/www.booksonthemove.fr\/#organization","name":"Books on the Move","url":"https:\/\/www.booksonthemove.fr\/","logo":{"@type":"ImageObject","inLanguage":"en-US","@id":"https:\/\/www.booksonthemove.fr\/#\/schema\/logo\/image\/","url":"https:\/\/www.booksonthemove.fr\/media\/logo-NB-400.jpg","contentUrl":"https:\/\/www.booksonthemove.fr\/media\/logo-NB-400.jpg","width":400,"height":143,"caption":"Books on the Move"},"image":{"@id":"https:\/\/www.booksonthemove.fr\/#\/schema\/logo\/image\/"},"sameAs":["https:\/\/www.facebook.com\/Librairiebooksonthemove\/"]}]}},"_links":{"self":[{"href":"https:\/\/www.booksonthemove.fr\/en\/wp-json\/wp\/v2\/product\/45775","targetHints":{"allow":["GET"]}}],"collection":[{"href":"https:\/\/www.booksonthemove.fr\/en\/wp-json\/wp\/v2\/product"}],"about":[{"href":"https:\/\/www.booksonthemove.fr\/en\/wp-json\/wp\/v2\/types\/product"}],"wp:featuredmedia":[{"embeddable":true,"href":"https:\/\/www.booksonthemove.fr\/en\/wp-json\/wp\/v2\/media\/45774"}],"wp:attachment":[{"href":"https:\/\/www.booksonthemove.fr\/en\/wp-json\/wp\/v2\/media?parent=45775"}],"wp:term":[{"taxonomy":"product_brand","embeddable":true,"href":"https:\/\/www.booksonthemove.fr\/en\/wp-json\/wp\/v2\/product_brand?post=45775"},{"taxonomy":"product_cat","embeddable":true,"href":"https:\/\/www.booksonthemove.fr\/en\/wp-json\/wp\/v2\/product_cat?post=45775"},{"taxonomy":"product_tag","embeddable":true,"href":"https:\/\/www.booksonthemove.fr\/en\/wp-json\/wp\/v2\/product_tag?post=45775"}],"curies":[{"name":"wp","href":"https:\/\/api.w.org\/{rel}","templated":true}]}}

Valentine de Saint-Point &#8211;  L&#8217;ardeur et la conquête

<div class="accroche">Une sélection de textes de Valentine de Saint-Point emblématiques à la fois de la Belle Époque et de sa période militante anticolonialiste, accompagnée d&#8217;un appareil critique substantiel d&#8217;Alexandra Destais et de Claire Tencin.</div>
<div class="citation">L&#8217;ouvrage rassemble, entre autres, les subversifs <em>Manifeste de la femme futuriste</em>et <em>Manifeste futuriste de la luxure</em>, <em>La Métachorie, </em>texte pionnier commenté par la chorégraphe Karine Saporta lors d&#8217;un entretien, ainsi que des articles totalement inédits de la revue anticolonialiste <em>Le Phœnix</em>.</div>
<div></div>
<div>Valentine de Saint-Point (1875-1953), surnommée la « Muse pourpre » ou encore « l&#8217;Amazone », a été une figure majeure de l&#8217;avant-garde de la Belle Époque avant de s&#8217;exiler en Égypte en 1924, sur les pas de son grand-oncle Alphonse de Lamartine. Dès son arrivée, elle a créé sa revue <em>Le</em> <em>Phœnix</em> et milité contre le colonialisme. Romancière, poète, dramaturge, peintre, critique d&#8217;art, chorégraphe et journaliste, elle a été novatrice dans tous ces genres. Féministe, connue pour être la première femme à avoir rédigé un manifeste futuriste, considérée comme étant à l&#8217;origine de la performance, elle est aussi sans doute la première femme à avoir osé s&#8217;ériger contre les Empires coloniaux en Orient.</div>
<div></div>
<div>Textes de Valentine de Saint-Point, Claire Tencin, Alexandra Destais, Karine Saporta.</div>

<p><strong>AUTEURES :</strong> édité par Claire Tencin et Alexandra Destais<br />
<strong>ÉDITEUR :</strong> ardemment éditions (2025)</p>
<p><strong>BROCHÉ :</strong> 208 pages<br />
<strong>LANGUE :</strong> Français<br />
<strong>ISBN :</strong> 978-2-9574314-7-2</p>

<!-- This site is optimized with the Yoast SEO plugin v27.4 - https://yoast.com/product/yoast-seo-wordpress/ -->
<title>Valentine de Saint-Point - L&#039;ardeur et la conquête - Books on the Move</title>
<meta name="robots" content="index, follow, max-snippet:-1, max-image-preview:large, max-video-preview:-1" />
<link rel="canonical" href="https://www.booksonthemove.fr/en/produit/valentine-de-saint-point-lardeur-et-la-conquete/" />
<meta property="og:locale" content="en_US" />
<meta property="og:type" content="article" />
<meta property="og:title" content="Valentine de Saint-Point - L&#039;ardeur et la conquête - Books on the Move" />
<meta property="og:description" content="AUTEURES : édité par Claire Tencin et Alexandra Destais ÉDITEUR : ardemment éditions (2025)  BROCHÉ : 208 pages LANGUE : Français ISBN : 978-2-9574314-7-2" />
<meta property="og:url" content="https://www.booksonthemove.fr/en/produit/valentine-de-saint-point-lardeur-et-la-conquete/" />
<meta property="og:site_name" content="Books on the Move" />
<meta property="article:publisher" content="https://www.facebook.com/Librairiebooksonthemove/" />
<meta property="article:modified_time" content="2025-12-16T08:04:34+00:00" />
<meta property="og:image" content="https://www.booksonthemove.fr/media/bom_2979.jpg" />
	<meta property="og:image:width" content="1054" />
	<meta property="og:image:height" content="1457" />
	<meta property="og:image:type" content="image/jpeg" />
<meta name="twitter:card" content="summary_large_image" />
<script type="application/ld+json" class="yoast-schema-graph">{"@context":"https:\/\/schema.org","@graph":[{"@type":"WebPage","@id":"https:\/\/www.booksonthemove.fr\/en\/produit\/valentine-de-saint-point-lardeur-et-la-conquete\/","url":"https:\/\/www.booksonthemove.fr\/en\/produit\/valentine-de-saint-point-lardeur-et-la-conquete\/","name":"Valentine de Saint-Point - L'ardeur et la conquête - Books on the Move","isPartOf":{"@id":"https:\/\/www.booksonthemove.fr\/#website"},"primaryImageOfPage":{"@id":"https:\/\/www.booksonthemove.fr\/en\/produit\/valentine-de-saint-point-lardeur-et-la-conquete\/#primaryimage"},"image":{"@id":"https:\/\/www.booksonthemove.fr\/en\/produit\/valentine-de-saint-point-lardeur-et-la-conquete\/#primaryimage"},"thumbnailUrl":"https:\/\/www.booksonthemove.fr\/media\/bom_2979.jpg","datePublished":"2025-09-15T15:31:10+00:00","dateModified":"2025-12-16T08:04:34+00:00","breadcrumb":{"@id":"https:\/\/www.booksonthemove.fr\/en\/produit\/valentine-de-saint-point-lardeur-et-la-conquete\/#breadcrumb"},"inLanguage":"en-US","potentialAction":[{"@type":"ReadAction","target":["https:\/\/www.booksonthemove.fr\/en\/produit\/valentine-de-saint-point-lardeur-et-la-conquete\/"]}]},{"@type":"ImageObject","inLanguage":"en-US","@id":"https:\/\/www.booksonthemove.fr\/en\/produit\/valentine-de-saint-point-lardeur-et-la-conquete\/#primaryimage","url":"https:\/\/www.booksonthemove.fr\/media\/bom_2979.jpg","contentUrl":"https:\/\/www.booksonthemove.fr\/media\/bom_2979.jpg","width":1054,"height":1457},{"@type":"BreadcrumbList","@id":"https:\/\/www.booksonthemove.fr\/en\/produit\/valentine-de-saint-point-lardeur-et-la-conquete\/#breadcrumb","itemListElement":[{"@type":"ListItem","position":1,"name":"Accueil","item":"https:\/\/www.booksonthemove.fr\/en\/"},{"@type":"ListItem","position":2,"name":"online store","item":"https:\/\/www.booksonthemove.fr\/en\/online-shop\/"},{"@type":"ListItem","position":3,"name":"Valentine de Saint-Point &#8211; L&rsquo;ardeur et la conquête"}]},{"@type":"WebSite","@id":"https:\/\/www.booksonthemove.fr\/#website","url":"https:\/\/www.booksonthemove.fr\/","name":"Books on the Move","description":"librairie nomade - danse - mouvement - performance","publisher":{"@id":"https:\/\/www.booksonthemove.fr\/#organization"},"potentialAction":[{"@type":"SearchAction","target":{"@type":"EntryPoint","urlTemplate":"https:\/\/www.booksonthemove.fr\/?s={search_term_string}"},"query-input":{"@type":"PropertyValueSpecification","valueRequired":true,"valueName":"search_term_string"}}],"inLanguage":"en-US"},{"@type":"Organization","@id":"https:\/\/www.booksonthemove.fr\/#organization","name":"Books on the Move","url":"https:\/\/www.booksonthemove.fr\/","logo":{"@type":"ImageObject","inLanguage":"en-US","@id":"https:\/\/www.booksonthemove.fr\/#\/schema\/logo\/image\/","url":"https:\/\/www.booksonthemove.fr\/media\/logo-NB-400.jpg","contentUrl":"https:\/\/www.booksonthemove.fr\/media\/logo-NB-400.jpg","width":400,"height":143,"caption":"Books on the Move"},"image":{"@id":"https:\/\/www.booksonthemove.fr\/#\/schema\/logo\/image\/"},"sameAs":["https:\/\/www.facebook.com\/Librairiebooksonthemove\/"]}]}</script>
<!-- / Yoast SEO plugin. -->

Valentine de Saint-Point - L'ardeur et la conquête - Books on the Move

AUTEURES : édité par Claire Tencin et Alexandra Destais ÉDITEUR : ardemment éditions (2025)  BROCHÉ : 208 pages LANGUE : Français ISBN : 978-2-9574314-7-2

Valentine de Saint-Point &#8211; L&rsquo;ardeur et la conquête
