{"id":45933,"date":"2025-09-30T14:54:12","date_gmt":"2025-09-30T12:54:12","guid":{"rendered":"https:\/\/www.booksonthemove.fr\/produit\/quand-elle-danse\/"},"modified":"2025-10-14T18:40:03","modified_gmt":"2025-10-14T16:40:03","slug":"quand-elle-danse","status":"publish","type":"product","link":"https:\/\/www.booksonthemove.fr\/en\/produit\/quand-elle-danse\/","title":{"rendered":"Quand elle danse"},"content":{"rendered":"<p>Pourquoi tant de petites filles veulent-elles devenir danseuse ? Que signifie danser ? Est-ce c\u00e9l\u00e9brer la vie ? Partager son id\u00e9e de la beaut\u00e9 ? Rechercher, dans ses ressorts les plus intimes, ce que peut et ce que veut notre corps ?<\/p>\n<p>Toutes ces questions, j\u2019ai eu la chance de pouvoir les poser \u00e0 Anne Teresa De Keersmaeker qui, pendant deux ans, m\u2019a ouvert ses r\u00e9p\u00e9titions, ses archives et donn\u00e9 de son temps pour expliquer comment elle travaille, pourquoi elle travaille et comment ce travail la rend heureuse et lumineuse.<\/p>\n<p>L. A.<\/p>\n","protected":false},"excerpt":{"rendered":"<p><b>AUTRICES :<\/b> Laure Adler &amp; Anne Teresa De Keersmaeker<br \/>\n<b>\u00c9DITEUR :<\/b> Seuil (2014)<br \/>\n<strong>COLLECTION :\u00a0<\/strong>Fiction &amp; Cie<\/p>\n<p><b>BROCH\u00c9 :<\/b> 240 pages<br \/>\n<b>LANGUE :<\/b>\u00a0fran\u00e7ais<br \/>\n<strong>ISBN:<\/strong> 978-2-021-58455-4<\/p>\n","protected":false},"featured_media":45932,"template":"","meta":[],"product_brand":[],"product_cat":[162,169,170,139],"product_tag":[],"class_list":{"0":"post-45933","1":"product","2":"type-product","3":"status-publish","4":"has-post-thumbnail","6":"product_cat-french-en","7":"product_cat-interviews-conversations-en","8":"product_cat-artists-career-en","9":"product_cat-work-process-en","11":"first","12":"instock","13":"taxable","14":"shipping-taxable","15":"purchasable","16":"product-type-simple"},"yoast_head":"<!-- This site is optimized with the Yoast SEO plugin v27.4 - https:\/\/yoast.com\/product\/yoast-seo-wordpress\/ -->\n<title>Quand elle danse - Books on the Move<\/title>\n<meta name=\"robots\" content=\"index, follow, max-snippet:-1, max-image-preview:large, max-video-preview:-1\" \/>\n<link rel=\"canonical\" href=\"https:\/\/www.booksonthemove.fr\/en\/produit\/quand-elle-danse\/\" \/>\n<meta property=\"og:locale\" content=\"en_US\" \/>\n<meta property=\"og:type\" content=\"article\" \/>\n<meta property=\"og:title\" content=\"Quand elle danse - Books on the Move\" \/>\n<meta property=\"og:description\" content=\"AUTRICES : Laure Adler &amp; Anne Teresa De Keersmaeker \u00c9DITEUR : Seuil (2014) COLLECTION :\u00a0Fiction &amp; Cie  BROCH\u00c9 : 240 pages LANGUE :\u00a0fran\u00e7ais ISBN: 978-2-021-58455-4\" \/>\n<meta property=\"og:url\" content=\"https:\/\/www.booksonthemove.fr\/en\/produit\/quand-elle-danse\/\" \/>\n<meta property=\"og:site_name\" content=\"Books on the Move\" \/>\n<meta property=\"article:publisher\" content=\"https:\/\/www.facebook.com\/Librairiebooksonthemove\/\" \/>\n<meta property=\"article:modified_time\" content=\"2025-10-14T16:40:03+00:00\" \/>\n<meta property=\"og:image\" content=\"https:\/\/www.booksonthemove.fr\/media\/bom_2991.jpg\" \/>\n\t<meta property=\"og:image:width\" content=\"409\" \/>\n\t<meta property=\"og:image:height\" content=\"600\" \/>\n\t<meta property=\"og:image:type\" content=\"image\/jpeg\" \/>\n<meta name=\"twitter:card\" content=\"summary_large_image\" \/>\n<script type=\"application\/ld+json\" class=\"yoast-schema-graph\">{\"@context\":\"https:\\\/\\\/schema.org\",\"@graph\":[{\"@type\":\"WebPage\",\"@id\":\"https:\\\/\\\/www.booksonthemove.fr\\\/en\\\/produit\\\/quand-elle-danse\\\/\",\"url\":\"https:\\\/\\\/www.booksonthemove.fr\\\/en\\\/produit\\\/quand-elle-danse\\\/\",\"name\":\"Quand elle danse - Books on the Move\",\"isPartOf\":{\"@id\":\"https:\\\/\\\/www.booksonthemove.fr\\\/#website\"},\"primaryImageOfPage\":{\"@id\":\"https:\\\/\\\/www.booksonthemove.fr\\\/en\\\/produit\\\/quand-elle-danse\\\/#primaryimage\"},\"image\":{\"@id\":\"https:\\\/\\\/www.booksonthemove.fr\\\/en\\\/produit\\\/quand-elle-danse\\\/#primaryimage\"},\"thumbnailUrl\":\"https:\\\/\\\/www.booksonthemove.fr\\\/media\\\/bom_2991.jpg\",\"datePublished\":\"2025-09-30T12:54:12+00:00\",\"dateModified\":\"2025-10-14T16:40:03+00:00\",\"breadcrumb\":{\"@id\":\"https:\\\/\\\/www.booksonthemove.fr\\\/en\\\/produit\\\/quand-elle-danse\\\/#breadcrumb\"},\"inLanguage\":\"en-US\",\"potentialAction\":[{\"@type\":\"ReadAction\",\"target\":[\"https:\\\/\\\/www.booksonthemove.fr\\\/en\\\/produit\\\/quand-elle-danse\\\/\"]}]},{\"@type\":\"ImageObject\",\"inLanguage\":\"en-US\",\"@id\":\"https:\\\/\\\/www.booksonthemove.fr\\\/en\\\/produit\\\/quand-elle-danse\\\/#primaryimage\",\"url\":\"https:\\\/\\\/www.booksonthemove.fr\\\/media\\\/bom_2991.jpg\",\"contentUrl\":\"https:\\\/\\\/www.booksonthemove.fr\\\/media\\\/bom_2991.jpg\",\"width\":409,\"height\":600},{\"@type\":\"BreadcrumbList\",\"@id\":\"https:\\\/\\\/www.booksonthemove.fr\\\/en\\\/produit\\\/quand-elle-danse\\\/#breadcrumb\",\"itemListElement\":[{\"@type\":\"ListItem\",\"position\":1,\"name\":\"Accueil\",\"item\":\"https:\\\/\\\/www.booksonthemove.fr\\\/en\\\/\"},{\"@type\":\"ListItem\",\"position\":2,\"name\":\"online store\",\"item\":\"https:\\\/\\\/www.booksonthemove.fr\\\/en\\\/online-shop\\\/\"},{\"@type\":\"ListItem\",\"position\":3,\"name\":\"Quand elle danse\"}]},{\"@type\":\"WebSite\",\"@id\":\"https:\\\/\\\/www.booksonthemove.fr\\\/#website\",\"url\":\"https:\\\/\\\/www.booksonthemove.fr\\\/\",\"name\":\"Books on the Move\",\"description\":\"librairie nomade - danse - mouvement - performance\",\"publisher\":{\"@id\":\"https:\\\/\\\/www.booksonthemove.fr\\\/#organization\"},\"potentialAction\":[{\"@type\":\"SearchAction\",\"target\":{\"@type\":\"EntryPoint\",\"urlTemplate\":\"https:\\\/\\\/www.booksonthemove.fr\\\/?s={search_term_string}\"},\"query-input\":{\"@type\":\"PropertyValueSpecification\",\"valueRequired\":true,\"valueName\":\"search_term_string\"}}],\"inLanguage\":\"en-US\"},{\"@type\":\"Organization\",\"@id\":\"https:\\\/\\\/www.booksonthemove.fr\\\/#organization\",\"name\":\"Books on the Move\",\"url\":\"https:\\\/\\\/www.booksonthemove.fr\\\/\",\"logo\":{\"@type\":\"ImageObject\",\"inLanguage\":\"en-US\",\"@id\":\"https:\\\/\\\/www.booksonthemove.fr\\\/#\\\/schema\\\/logo\\\/image\\\/\",\"url\":\"https:\\\/\\\/www.booksonthemove.fr\\\/media\\\/logo-NB-400.jpg\",\"contentUrl\":\"https:\\\/\\\/www.booksonthemove.fr\\\/media\\\/logo-NB-400.jpg\",\"width\":400,\"height\":143,\"caption\":\"Books on the Move\"},\"image\":{\"@id\":\"https:\\\/\\\/www.booksonthemove.fr\\\/#\\\/schema\\\/logo\\\/image\\\/\"},\"sameAs\":[\"https:\\\/\\\/www.facebook.com\\\/Librairiebooksonthemove\\\/\"]}]}<\/script>\n<!-- \/ Yoast SEO plugin. -->","yoast_head_json":{"title":"Quand elle danse - Books on the Move","robots":{"index":"index","follow":"follow","max-snippet":"max-snippet:-1","max-image-preview":"max-image-preview:large","max-video-preview":"max-video-preview:-1"},"canonical":"https:\/\/www.booksonthemove.fr\/en\/produit\/quand-elle-danse\/","og_locale":"en_US","og_type":"article","og_title":"Quand elle danse - Books on the Move","og_description":"AUTRICES : Laure Adler &amp; Anne Teresa De Keersmaeker \u00c9DITEUR : Seuil (2014) COLLECTION :\u00a0Fiction &amp; Cie  BROCH\u00c9 : 240 pages LANGUE :\u00a0fran\u00e7ais ISBN: 978-2-021-58455-4","og_url":"https:\/\/www.booksonthemove.fr\/en\/produit\/quand-elle-danse\/","og_site_name":"Books on the Move","article_publisher":"https:\/\/www.facebook.com\/Librairiebooksonthemove\/","article_modified_time":"2025-10-14T16:40:03+00:00","og_image":[{"width":409,"height":600,"url":"https:\/\/www.booksonthemove.fr\/media\/bom_2991.jpg","type":"image\/jpeg"}],"twitter_card":"summary_large_image","schema":{"@context":"https:\/\/schema.org","@graph":[{"@type":"WebPage","@id":"https:\/\/www.booksonthemove.fr\/en\/produit\/quand-elle-danse\/","url":"https:\/\/www.booksonthemove.fr\/en\/produit\/quand-elle-danse\/","name":"Quand elle danse - Books on the Move","isPartOf":{"@id":"https:\/\/www.booksonthemove.fr\/#website"},"primaryImageOfPage":{"@id":"https:\/\/www.booksonthemove.fr\/en\/produit\/quand-elle-danse\/#primaryimage"},"image":{"@id":"https:\/\/www.booksonthemove.fr\/en\/produit\/quand-elle-danse\/#primaryimage"},"thumbnailUrl":"https:\/\/www.booksonthemove.fr\/media\/bom_2991.jpg","datePublished":"2025-09-30T12:54:12+00:00","dateModified":"2025-10-14T16:40:03+00:00","breadcrumb":{"@id":"https:\/\/www.booksonthemove.fr\/en\/produit\/quand-elle-danse\/#breadcrumb"},"inLanguage":"en-US","potentialAction":[{"@type":"ReadAction","target":["https:\/\/www.booksonthemove.fr\/en\/produit\/quand-elle-danse\/"]}]},{"@type":"ImageObject","inLanguage":"en-US","@id":"https:\/\/www.booksonthemove.fr\/en\/produit\/quand-elle-danse\/#primaryimage","url":"https:\/\/www.booksonthemove.fr\/media\/bom_2991.jpg","contentUrl":"https:\/\/www.booksonthemove.fr\/media\/bom_2991.jpg","width":409,"height":600},{"@type":"BreadcrumbList","@id":"https:\/\/www.booksonthemove.fr\/en\/produit\/quand-elle-danse\/#breadcrumb","itemListElement":[{"@type":"ListItem","position":1,"name":"Accueil","item":"https:\/\/www.booksonthemove.fr\/en\/"},{"@type":"ListItem","position":2,"name":"online store","item":"https:\/\/www.booksonthemove.fr\/en\/online-shop\/"},{"@type":"ListItem","position":3,"name":"Quand elle danse"}]},{"@type":"WebSite","@id":"https:\/\/www.booksonthemove.fr\/#website","url":"https:\/\/www.booksonthemove.fr\/","name":"Books on the Move","description":"librairie nomade - danse - mouvement - performance","publisher":{"@id":"https:\/\/www.booksonthemove.fr\/#organization"},"potentialAction":[{"@type":"SearchAction","target":{"@type":"EntryPoint","urlTemplate":"https:\/\/www.booksonthemove.fr\/?s={search_term_string}"},"query-input":{"@type":"PropertyValueSpecification","valueRequired":true,"valueName":"search_term_string"}}],"inLanguage":"en-US"},{"@type":"Organization","@id":"https:\/\/www.booksonthemove.fr\/#organization","name":"Books on the Move","url":"https:\/\/www.booksonthemove.fr\/","logo":{"@type":"ImageObject","inLanguage":"en-US","@id":"https:\/\/www.booksonthemove.fr\/#\/schema\/logo\/image\/","url":"https:\/\/www.booksonthemove.fr\/media\/logo-NB-400.jpg","contentUrl":"https:\/\/www.booksonthemove.fr\/media\/logo-NB-400.jpg","width":400,"height":143,"caption":"Books on the Move"},"image":{"@id":"https:\/\/www.booksonthemove.fr\/#\/schema\/logo\/image\/"},"sameAs":["https:\/\/www.facebook.com\/Librairiebooksonthemove\/"]}]}},"_links":{"self":[{"href":"https:\/\/www.booksonthemove.fr\/en\/wp-json\/wp\/v2\/product\/45933","targetHints":{"allow":["GET"]}}],"collection":[{"href":"https:\/\/www.booksonthemove.fr\/en\/wp-json\/wp\/v2\/product"}],"about":[{"href":"https:\/\/www.booksonthemove.fr\/en\/wp-json\/wp\/v2\/types\/product"}],"wp:featuredmedia":[{"embeddable":true,"href":"https:\/\/www.booksonthemove.fr\/en\/wp-json\/wp\/v2\/media\/45932"}],"wp:attachment":[{"href":"https:\/\/www.booksonthemove.fr\/en\/wp-json\/wp\/v2\/media?parent=45933"}],"wp:term":[{"taxonomy":"product_brand","embeddable":true,"href":"https:\/\/www.booksonthemove.fr\/en\/wp-json\/wp\/v2\/product_brand?post=45933"},{"taxonomy":"product_cat","embeddable":true,"href":"https:\/\/www.booksonthemove.fr\/en\/wp-json\/wp\/v2\/product_cat?post=45933"},{"taxonomy":"product_tag","embeddable":true,"href":"https:\/\/www.booksonthemove.fr\/en\/wp-json\/wp\/v2\/product_tag?post=45933"}],"curies":[{"name":"wp","href":"https:\/\/api.w.org\/{rel}","templated":true}]}}

<p>Pourquoi tant de petites filles veulent-elles devenir danseuse ? Que signifie danser ? Est-ce célébrer la vie ? Partager son idée de la beauté ? Rechercher, dans ses ressorts les plus intimes, ce que peut et ce que veut notre corps ?</p>
<p>Toutes ces questions, j’ai eu la chance de pouvoir les poser à Anne Teresa De Keersmaeker qui, pendant deux ans, m’a ouvert ses répétitions, ses archives et donné de son temps pour expliquer comment elle travaille, pourquoi elle travaille et comment ce travail la rend heureuse et lumineuse.</p>
<p>L. A.</p>

<p><b>AUTRICES :</b> Laure Adler &amp; Anne Teresa De Keersmaeker<br />
<b>ÉDITEUR :</b> Seuil (2014)<br />
<strong>COLLECTION : </strong>Fiction &amp; Cie</p>
<p><b>BROCHÉ :</b> 240 pages<br />
<b>LANGUE :</b> français<br />
<strong>ISBN:</strong> 978-2-021-58455-4</p>

<!-- This site is optimized with the Yoast SEO plugin v27.4 - https://yoast.com/product/yoast-seo-wordpress/ -->
<title>Quand elle danse - Books on the Move</title>
<meta name="robots" content="index, follow, max-snippet:-1, max-image-preview:large, max-video-preview:-1" />
<link rel="canonical" href="https://www.booksonthemove.fr/en/produit/quand-elle-danse/" />
<meta property="og:locale" content="en_US" />
<meta property="og:type" content="article" />
<meta property="og:title" content="Quand elle danse - Books on the Move" />
<meta property="og:description" content="AUTRICES : Laure Adler &amp; Anne Teresa De Keersmaeker ÉDITEUR : Seuil (2014) COLLECTION : Fiction &amp; Cie  BROCHÉ : 240 pages LANGUE : français ISBN: 978-2-021-58455-4" />
<meta property="og:url" content="https://www.booksonthemove.fr/en/produit/quand-elle-danse/" />
<meta property="og:site_name" content="Books on the Move" />
<meta property="article:publisher" content="https://www.facebook.com/Librairiebooksonthemove/" />
<meta property="article:modified_time" content="2025-10-14T16:40:03+00:00" />
<meta property="og:image" content="https://www.booksonthemove.fr/media/bom_2991.jpg" />
	<meta property="og:image:width" content="409" />
	<meta property="og:image:height" content="600" />
	<meta property="og:image:type" content="image/jpeg" />
<meta name="twitter:card" content="summary_large_image" />
<script type="application/ld+json" class="yoast-schema-graph">{"@context":"https:\/\/schema.org","@graph":[{"@type":"WebPage","@id":"https:\/\/www.booksonthemove.fr\/en\/produit\/quand-elle-danse\/","url":"https:\/\/www.booksonthemove.fr\/en\/produit\/quand-elle-danse\/","name":"Quand elle danse - Books on the Move","isPartOf":{"@id":"https:\/\/www.booksonthemove.fr\/#website"},"primaryImageOfPage":{"@id":"https:\/\/www.booksonthemove.fr\/en\/produit\/quand-elle-danse\/#primaryimage"},"image":{"@id":"https:\/\/www.booksonthemove.fr\/en\/produit\/quand-elle-danse\/#primaryimage"},"thumbnailUrl":"https:\/\/www.booksonthemove.fr\/media\/bom_2991.jpg","datePublished":"2025-09-30T12:54:12+00:00","dateModified":"2025-10-14T16:40:03+00:00","breadcrumb":{"@id":"https:\/\/www.booksonthemove.fr\/en\/produit\/quand-elle-danse\/#breadcrumb"},"inLanguage":"en-US","potentialAction":[{"@type":"ReadAction","target":["https:\/\/www.booksonthemove.fr\/en\/produit\/quand-elle-danse\/"]}]},{"@type":"ImageObject","inLanguage":"en-US","@id":"https:\/\/www.booksonthemove.fr\/en\/produit\/quand-elle-danse\/#primaryimage","url":"https:\/\/www.booksonthemove.fr\/media\/bom_2991.jpg","contentUrl":"https:\/\/www.booksonthemove.fr\/media\/bom_2991.jpg","width":409,"height":600},{"@type":"BreadcrumbList","@id":"https:\/\/www.booksonthemove.fr\/en\/produit\/quand-elle-danse\/#breadcrumb","itemListElement":[{"@type":"ListItem","position":1,"name":"Accueil","item":"https:\/\/www.booksonthemove.fr\/en\/"},{"@type":"ListItem","position":2,"name":"online store","item":"https:\/\/www.booksonthemove.fr\/en\/online-shop\/"},{"@type":"ListItem","position":3,"name":"Quand elle danse"}]},{"@type":"WebSite","@id":"https:\/\/www.booksonthemove.fr\/#website","url":"https:\/\/www.booksonthemove.fr\/","name":"Books on the Move","description":"librairie nomade - danse - mouvement - performance","publisher":{"@id":"https:\/\/www.booksonthemove.fr\/#organization"},"potentialAction":[{"@type":"SearchAction","target":{"@type":"EntryPoint","urlTemplate":"https:\/\/www.booksonthemove.fr\/?s={search_term_string}"},"query-input":{"@type":"PropertyValueSpecification","valueRequired":true,"valueName":"search_term_string"}}],"inLanguage":"en-US"},{"@type":"Organization","@id":"https:\/\/www.booksonthemove.fr\/#organization","name":"Books on the Move","url":"https:\/\/www.booksonthemove.fr\/","logo":{"@type":"ImageObject","inLanguage":"en-US","@id":"https:\/\/www.booksonthemove.fr\/#\/schema\/logo\/image\/","url":"https:\/\/www.booksonthemove.fr\/media\/logo-NB-400.jpg","contentUrl":"https:\/\/www.booksonthemove.fr\/media\/logo-NB-400.jpg","width":400,"height":143,"caption":"Books on the Move"},"image":{"@id":"https:\/\/www.booksonthemove.fr\/#\/schema\/logo\/image\/"},"sameAs":["https:\/\/www.facebook.com\/Librairiebooksonthemove\/"]}]}</script>
<!-- / Yoast SEO plugin. -->

AUTRICES : Laure Adler &amp; Anne Teresa De Keersmaeker ÉDITEUR : Seuil (2014) COLLECTION : Fiction &amp; Cie  BROCHÉ : 240 pages LANGUE : français ISBN: 978-2-021-58455-4
