{"id":46388,"date":"2025-11-08T19:28:56","date_gmt":"2025-11-08T18:28:56","guid":{"rendered":"https:\/\/www.booksonthemove.fr\/produit\/du-droit-de-deambuler\/"},"modified":"2026-02-25T17:07:25","modified_gmt":"2026-02-25T16:07:25","slug":"du-droit-de-deambuler","status":"publish","type":"product","link":"https:\/\/www.booksonthemove.fr\/en\/produit\/du-droit-de-deambuler\/","title":{"rendered":"Du droit de d\u00e9ambuler"},"content":{"rendered":"<p>Quiconque tente aujourd\u2019hui de traverser la M\u00e9diterran\u00e9e ou m\u00eame de voyager \u00e0 pied, \u00e0 v\u00e9lo ou \u00e0 cheval le constatera\u00a0: le territoire se ferme, tant sous l\u2019effet de son am\u00e9nagement physique que de la loi.<\/p>\n<p>Ce mouvement s\u2019inscrit dans une tendance multis\u00e9culaire. Depuis l\u2019aube de la modernit\u00e9, a\u00a0\u00e9t\u00e9 mise en place une interdiction progressive du droit de vagabonder et de subsister librement sur le territoire.<\/p>\n<p>D\u2019un point de vue \u00e9cologique et \u00e9thique, il est pourtant vital de retrouver un monde poreux et traversable, tant pour les humains que pour les autres \u00eatres vivants.<\/p>\n<p>La notion m\u00eame du droit \u2013 le <em>nomos<\/em> grec \u2013, qui renvoie \u00e0 une espace de p\u00e2turage, a \u00e9t\u00e9 interpr\u00e9t\u00e9e \u00e0 l\u2019\u00e9poque moderne comme enclos. Mais il est tout aussi l\u00e9gitime de le concevoir comme espace partag\u00e9, commun.<\/p>\n<p>Sous l\u2019\u00e9gide du dieu Herm\u00e8s, ce recueil libre nous emm\u00e8ne dans les bourgs et campagnes m\u00e9di\u00e9vaux, sur le GR2013 \u00e0 Marseille, \u00e0 la villa Borghese \u00e0 Rome \u2013 en \u00e9cho \u00e0 un essai photographique de Geoffroy Mathieu.<\/p>\n","protected":false},"excerpt":{"rendered":"<p><strong>AUTEUR\u00b7ES :\u00a0<\/strong>Sarah Vanuxem, photos : Geoffroy Mathieu<br \/>\n<strong>EDITEURS :<\/strong> \u00c9ditions Wildproject (2025)<\/p>\n<p><strong>BROCH\u00c9 :<\/strong> 232 pages<br \/>\n<strong>LANGUE :<\/strong> Fran\u00e7ais<br \/>\n<strong>ISBN13 :<\/strong> 978-2-381140-827<\/p>\n","protected":false},"featured_media":46387,"template":"","meta":[],"product_brand":[],"product_cat":[227,162,352,205],"product_tag":[],"class_list":{"0":"post-46388","1":"product","2":"type-product","3":"status-publish","4":"has-post-thumbnail","6":"product_cat-essays-en","7":"product_cat-french-en","8":"product_cat-la-marche-en","9":"product_cat-photography-en","11":"first","12":"outofstock","13":"taxable","14":"shipping-taxable","15":"purchasable","16":"product-type-simple"},"yoast_head":"<!-- This site is optimized with the Yoast SEO plugin v27.4 - https:\/\/yoast.com\/product\/yoast-seo-wordpress\/ -->\n<title>Du droit de d\u00e9ambuler - Books on the Move<\/title>\n<meta name=\"robots\" content=\"index, follow, max-snippet:-1, max-image-preview:large, max-video-preview:-1\" \/>\n<link rel=\"canonical\" href=\"https:\/\/www.booksonthemove.fr\/en\/produit\/du-droit-de-deambuler\/\" \/>\n<meta property=\"og:locale\" content=\"en_US\" \/>\n<meta property=\"og:type\" content=\"article\" \/>\n<meta property=\"og:title\" content=\"Du droit de d\u00e9ambuler - Books on the Move\" \/>\n<meta property=\"og:description\" content=\"AUTEUR\u00b7ES :\u00a0Sarah Vanuxem, photos : Geoffroy Mathieu EDITEURS : \u00c9ditions Wildproject (2025)  BROCH\u00c9 : 232 pages LANGUE : Fran\u00e7ais ISBN13 : 978-2-381140-827\" \/>\n<meta property=\"og:url\" content=\"https:\/\/www.booksonthemove.fr\/en\/produit\/du-droit-de-deambuler\/\" \/>\n<meta property=\"og:site_name\" content=\"Books on the Move\" \/>\n<meta property=\"article:publisher\" content=\"https:\/\/www.facebook.com\/Librairiebooksonthemove\/\" \/>\n<meta property=\"article:modified_time\" content=\"2026-02-25T16:07:25+00:00\" \/>\n<meta property=\"og:image\" content=\"https:\/\/www.booksonthemove.fr\/media\/bom_2998.jpg\" \/>\n\t<meta property=\"og:image:width\" content=\"502\" \/>\n\t<meta property=\"og:image:height\" content=\"800\" \/>\n\t<meta property=\"og:image:type\" content=\"image\/jpeg\" \/>\n<meta name=\"twitter:card\" content=\"summary_large_image\" \/>\n<script type=\"application\/ld+json\" class=\"yoast-schema-graph\">{\"@context\":\"https:\\\/\\\/schema.org\",\"@graph\":[{\"@type\":\"WebPage\",\"@id\":\"https:\\\/\\\/www.booksonthemove.fr\\\/en\\\/produit\\\/du-droit-de-deambuler\\\/\",\"url\":\"https:\\\/\\\/www.booksonthemove.fr\\\/en\\\/produit\\\/du-droit-de-deambuler\\\/\",\"name\":\"Du droit de d\u00e9ambuler - Books on the Move\",\"isPartOf\":{\"@id\":\"https:\\\/\\\/www.booksonthemove.fr\\\/#website\"},\"primaryImageOfPage\":{\"@id\":\"https:\\\/\\\/www.booksonthemove.fr\\\/en\\\/produit\\\/du-droit-de-deambuler\\\/#primaryimage\"},\"image\":{\"@id\":\"https:\\\/\\\/www.booksonthemove.fr\\\/en\\\/produit\\\/du-droit-de-deambuler\\\/#primaryimage\"},\"thumbnailUrl\":\"https:\\\/\\\/www.booksonthemove.fr\\\/media\\\/bom_2998.jpg\",\"datePublished\":\"2025-11-08T18:28:56+00:00\",\"dateModified\":\"2026-02-25T16:07:25+00:00\",\"breadcrumb\":{\"@id\":\"https:\\\/\\\/www.booksonthemove.fr\\\/en\\\/produit\\\/du-droit-de-deambuler\\\/#breadcrumb\"},\"inLanguage\":\"en-US\",\"potentialAction\":[{\"@type\":\"ReadAction\",\"target\":[\"https:\\\/\\\/www.booksonthemove.fr\\\/en\\\/produit\\\/du-droit-de-deambuler\\\/\"]}]},{\"@type\":\"ImageObject\",\"inLanguage\":\"en-US\",\"@id\":\"https:\\\/\\\/www.booksonthemove.fr\\\/en\\\/produit\\\/du-droit-de-deambuler\\\/#primaryimage\",\"url\":\"https:\\\/\\\/www.booksonthemove.fr\\\/media\\\/bom_2998.jpg\",\"contentUrl\":\"https:\\\/\\\/www.booksonthemove.fr\\\/media\\\/bom_2998.jpg\",\"width\":502,\"height\":800},{\"@type\":\"BreadcrumbList\",\"@id\":\"https:\\\/\\\/www.booksonthemove.fr\\\/en\\\/produit\\\/du-droit-de-deambuler\\\/#breadcrumb\",\"itemListElement\":[{\"@type\":\"ListItem\",\"position\":1,\"name\":\"Accueil\",\"item\":\"https:\\\/\\\/www.booksonthemove.fr\\\/en\\\/\"},{\"@type\":\"ListItem\",\"position\":2,\"name\":\"online store\",\"item\":\"https:\\\/\\\/www.booksonthemove.fr\\\/en\\\/online-shop\\\/\"},{\"@type\":\"ListItem\",\"position\":3,\"name\":\"Du droit de d\u00e9ambuler\"}]},{\"@type\":\"WebSite\",\"@id\":\"https:\\\/\\\/www.booksonthemove.fr\\\/#website\",\"url\":\"https:\\\/\\\/www.booksonthemove.fr\\\/\",\"name\":\"Books on the Move\",\"description\":\"librairie nomade - danse - mouvement - performance\",\"publisher\":{\"@id\":\"https:\\\/\\\/www.booksonthemove.fr\\\/#organization\"},\"potentialAction\":[{\"@type\":\"SearchAction\",\"target\":{\"@type\":\"EntryPoint\",\"urlTemplate\":\"https:\\\/\\\/www.booksonthemove.fr\\\/?s={search_term_string}\"},\"query-input\":{\"@type\":\"PropertyValueSpecification\",\"valueRequired\":true,\"valueName\":\"search_term_string\"}}],\"inLanguage\":\"en-US\"},{\"@type\":\"Organization\",\"@id\":\"https:\\\/\\\/www.booksonthemove.fr\\\/#organization\",\"name\":\"Books on the Move\",\"url\":\"https:\\\/\\\/www.booksonthemove.fr\\\/\",\"logo\":{\"@type\":\"ImageObject\",\"inLanguage\":\"en-US\",\"@id\":\"https:\\\/\\\/www.booksonthemove.fr\\\/#\\\/schema\\\/logo\\\/image\\\/\",\"url\":\"https:\\\/\\\/www.booksonthemove.fr\\\/media\\\/logo-NB-400.jpg\",\"contentUrl\":\"https:\\\/\\\/www.booksonthemove.fr\\\/media\\\/logo-NB-400.jpg\",\"width\":400,\"height\":143,\"caption\":\"Books on the Move\"},\"image\":{\"@id\":\"https:\\\/\\\/www.booksonthemove.fr\\\/#\\\/schema\\\/logo\\\/image\\\/\"},\"sameAs\":[\"https:\\\/\\\/www.facebook.com\\\/Librairiebooksonthemove\\\/\"]}]}<\/script>\n<!-- \/ Yoast SEO plugin. -->","yoast_head_json":{"title":"Du droit de d\u00e9ambuler - Books on the Move","robots":{"index":"index","follow":"follow","max-snippet":"max-snippet:-1","max-image-preview":"max-image-preview:large","max-video-preview":"max-video-preview:-1"},"canonical":"https:\/\/www.booksonthemove.fr\/en\/produit\/du-droit-de-deambuler\/","og_locale":"en_US","og_type":"article","og_title":"Du droit de d\u00e9ambuler - Books on the Move","og_description":"AUTEUR\u00b7ES :\u00a0Sarah Vanuxem, photos : Geoffroy Mathieu EDITEURS : \u00c9ditions Wildproject (2025)  BROCH\u00c9 : 232 pages LANGUE : Fran\u00e7ais ISBN13 : 978-2-381140-827","og_url":"https:\/\/www.booksonthemove.fr\/en\/produit\/du-droit-de-deambuler\/","og_site_name":"Books on the Move","article_publisher":"https:\/\/www.facebook.com\/Librairiebooksonthemove\/","article_modified_time":"2026-02-25T16:07:25+00:00","og_image":[{"width":502,"height":800,"url":"https:\/\/www.booksonthemove.fr\/media\/bom_2998.jpg","type":"image\/jpeg"}],"twitter_card":"summary_large_image","schema":{"@context":"https:\/\/schema.org","@graph":[{"@type":"WebPage","@id":"https:\/\/www.booksonthemove.fr\/en\/produit\/du-droit-de-deambuler\/","url":"https:\/\/www.booksonthemove.fr\/en\/produit\/du-droit-de-deambuler\/","name":"Du droit de d\u00e9ambuler - Books on the Move","isPartOf":{"@id":"https:\/\/www.booksonthemove.fr\/#website"},"primaryImageOfPage":{"@id":"https:\/\/www.booksonthemove.fr\/en\/produit\/du-droit-de-deambuler\/#primaryimage"},"image":{"@id":"https:\/\/www.booksonthemove.fr\/en\/produit\/du-droit-de-deambuler\/#primaryimage"},"thumbnailUrl":"https:\/\/www.booksonthemove.fr\/media\/bom_2998.jpg","datePublished":"2025-11-08T18:28:56+00:00","dateModified":"2026-02-25T16:07:25+00:00","breadcrumb":{"@id":"https:\/\/www.booksonthemove.fr\/en\/produit\/du-droit-de-deambuler\/#breadcrumb"},"inLanguage":"en-US","potentialAction":[{"@type":"ReadAction","target":["https:\/\/www.booksonthemove.fr\/en\/produit\/du-droit-de-deambuler\/"]}]},{"@type":"ImageObject","inLanguage":"en-US","@id":"https:\/\/www.booksonthemove.fr\/en\/produit\/du-droit-de-deambuler\/#primaryimage","url":"https:\/\/www.booksonthemove.fr\/media\/bom_2998.jpg","contentUrl":"https:\/\/www.booksonthemove.fr\/media\/bom_2998.jpg","width":502,"height":800},{"@type":"BreadcrumbList","@id":"https:\/\/www.booksonthemove.fr\/en\/produit\/du-droit-de-deambuler\/#breadcrumb","itemListElement":[{"@type":"ListItem","position":1,"name":"Accueil","item":"https:\/\/www.booksonthemove.fr\/en\/"},{"@type":"ListItem","position":2,"name":"online store","item":"https:\/\/www.booksonthemove.fr\/en\/online-shop\/"},{"@type":"ListItem","position":3,"name":"Du droit de d\u00e9ambuler"}]},{"@type":"WebSite","@id":"https:\/\/www.booksonthemove.fr\/#website","url":"https:\/\/www.booksonthemove.fr\/","name":"Books on the Move","description":"librairie nomade - danse - mouvement - performance","publisher":{"@id":"https:\/\/www.booksonthemove.fr\/#organization"},"potentialAction":[{"@type":"SearchAction","target":{"@type":"EntryPoint","urlTemplate":"https:\/\/www.booksonthemove.fr\/?s={search_term_string}"},"query-input":{"@type":"PropertyValueSpecification","valueRequired":true,"valueName":"search_term_string"}}],"inLanguage":"en-US"},{"@type":"Organization","@id":"https:\/\/www.booksonthemove.fr\/#organization","name":"Books on the Move","url":"https:\/\/www.booksonthemove.fr\/","logo":{"@type":"ImageObject","inLanguage":"en-US","@id":"https:\/\/www.booksonthemove.fr\/#\/schema\/logo\/image\/","url":"https:\/\/www.booksonthemove.fr\/media\/logo-NB-400.jpg","contentUrl":"https:\/\/www.booksonthemove.fr\/media\/logo-NB-400.jpg","width":400,"height":143,"caption":"Books on the Move"},"image":{"@id":"https:\/\/www.booksonthemove.fr\/#\/schema\/logo\/image\/"},"sameAs":["https:\/\/www.facebook.com\/Librairiebooksonthemove\/"]}]}},"_links":{"self":[{"href":"https:\/\/www.booksonthemove.fr\/en\/wp-json\/wp\/v2\/product\/46388","targetHints":{"allow":["GET"]}}],"collection":[{"href":"https:\/\/www.booksonthemove.fr\/en\/wp-json\/wp\/v2\/product"}],"about":[{"href":"https:\/\/www.booksonthemove.fr\/en\/wp-json\/wp\/v2\/types\/product"}],"wp:featuredmedia":[{"embeddable":true,"href":"https:\/\/www.booksonthemove.fr\/en\/wp-json\/wp\/v2\/media\/46387"}],"wp:attachment":[{"href":"https:\/\/www.booksonthemove.fr\/en\/wp-json\/wp\/v2\/media?parent=46388"}],"wp:term":[{"taxonomy":"product_brand","embeddable":true,"href":"https:\/\/www.booksonthemove.fr\/en\/wp-json\/wp\/v2\/product_brand?post=46388"},{"taxonomy":"product_cat","embeddable":true,"href":"https:\/\/www.booksonthemove.fr\/en\/wp-json\/wp\/v2\/product_cat?post=46388"},{"taxonomy":"product_tag","embeddable":true,"href":"https:\/\/www.booksonthemove.fr\/en\/wp-json\/wp\/v2\/product_tag?post=46388"}],"curies":[{"name":"wp","href":"https:\/\/api.w.org\/{rel}","templated":true}]}}

Du droit de déambuler

<p>Quiconque tente aujourd’hui de traverser la Méditerranée ou même de voyager à pied, à vélo ou à cheval le constatera : le territoire se ferme, tant sous l’effet de son aménagement physique que de la loi.</p>
<p>Ce mouvement s’inscrit dans une tendance multiséculaire. Depuis l’aube de la modernité, a été mise en place une interdiction progressive du droit de vagabonder et de subsister librement sur le territoire.</p>
<p>D’un point de vue écologique et éthique, il est pourtant vital de retrouver un monde poreux et traversable, tant pour les humains que pour les autres êtres vivants.</p>
<p>La notion même du droit – le <em>nomos</em> grec –, qui renvoie à une espace de pâturage, a été interprétée à l’époque moderne comme enclos. Mais il est tout aussi légitime de le concevoir comme espace partagé, commun.</p>
<p>Sous l’égide du dieu Hermès, ce recueil libre nous emmène dans les bourgs et campagnes médiévaux, sur le GR2013 à Marseille, à la villa Borghese à Rome – en écho à un essai photographique de Geoffroy Mathieu.</p>

<p><strong>AUTEUR·ES : </strong>Sarah Vanuxem, photos : Geoffroy Mathieu<br />
<strong>EDITEURS :</strong> Éditions Wildproject (2025)</p>
<p><strong>BROCHÉ :</strong> 232 pages<br />
<strong>LANGUE :</strong> Français<br />
<strong>ISBN13 :</strong> 978-2-381140-827</p>

<!-- This site is optimized with the Yoast SEO plugin v27.4 - https://yoast.com/product/yoast-seo-wordpress/ -->
<title>Du droit de déambuler - Books on the Move</title>
<meta name="robots" content="index, follow, max-snippet:-1, max-image-preview:large, max-video-preview:-1" />
<link rel="canonical" href="https://www.booksonthemove.fr/en/produit/du-droit-de-deambuler/" />
<meta property="og:locale" content="en_US" />
<meta property="og:type" content="article" />
<meta property="og:title" content="Du droit de déambuler - Books on the Move" />
<meta property="og:description" content="AUTEUR·ES : Sarah Vanuxem, photos : Geoffroy Mathieu EDITEURS : Éditions Wildproject (2025)  BROCHÉ : 232 pages LANGUE : Français ISBN13 : 978-2-381140-827" />
<meta property="og:url" content="https://www.booksonthemove.fr/en/produit/du-droit-de-deambuler/" />
<meta property="og:site_name" content="Books on the Move" />
<meta property="article:publisher" content="https://www.facebook.com/Librairiebooksonthemove/" />
<meta property="article:modified_time" content="2026-02-25T16:07:25+00:00" />
<meta property="og:image" content="https://www.booksonthemove.fr/media/bom_2998.jpg" />
	<meta property="og:image:width" content="502" />
	<meta property="og:image:height" content="800" />
	<meta property="og:image:type" content="image/jpeg" />
<meta name="twitter:card" content="summary_large_image" />
<script type="application/ld+json" class="yoast-schema-graph">{"@context":"https:\/\/schema.org","@graph":[{"@type":"WebPage","@id":"https:\/\/www.booksonthemove.fr\/en\/produit\/du-droit-de-deambuler\/","url":"https:\/\/www.booksonthemove.fr\/en\/produit\/du-droit-de-deambuler\/","name":"Du droit de déambuler - Books on the Move","isPartOf":{"@id":"https:\/\/www.booksonthemove.fr\/#website"},"primaryImageOfPage":{"@id":"https:\/\/www.booksonthemove.fr\/en\/produit\/du-droit-de-deambuler\/#primaryimage"},"image":{"@id":"https:\/\/www.booksonthemove.fr\/en\/produit\/du-droit-de-deambuler\/#primaryimage"},"thumbnailUrl":"https:\/\/www.booksonthemove.fr\/media\/bom_2998.jpg","datePublished":"2025-11-08T18:28:56+00:00","dateModified":"2026-02-25T16:07:25+00:00","breadcrumb":{"@id":"https:\/\/www.booksonthemove.fr\/en\/produit\/du-droit-de-deambuler\/#breadcrumb"},"inLanguage":"en-US","potentialAction":[{"@type":"ReadAction","target":["https:\/\/www.booksonthemove.fr\/en\/produit\/du-droit-de-deambuler\/"]}]},{"@type":"ImageObject","inLanguage":"en-US","@id":"https:\/\/www.booksonthemove.fr\/en\/produit\/du-droit-de-deambuler\/#primaryimage","url":"https:\/\/www.booksonthemove.fr\/media\/bom_2998.jpg","contentUrl":"https:\/\/www.booksonthemove.fr\/media\/bom_2998.jpg","width":502,"height":800},{"@type":"BreadcrumbList","@id":"https:\/\/www.booksonthemove.fr\/en\/produit\/du-droit-de-deambuler\/#breadcrumb","itemListElement":[{"@type":"ListItem","position":1,"name":"Accueil","item":"https:\/\/www.booksonthemove.fr\/en\/"},{"@type":"ListItem","position":2,"name":"online store","item":"https:\/\/www.booksonthemove.fr\/en\/online-shop\/"},{"@type":"ListItem","position":3,"name":"Du droit de déambuler"}]},{"@type":"WebSite","@id":"https:\/\/www.booksonthemove.fr\/#website","url":"https:\/\/www.booksonthemove.fr\/","name":"Books on the Move","description":"librairie nomade - danse - mouvement - performance","publisher":{"@id":"https:\/\/www.booksonthemove.fr\/#organization"},"potentialAction":[{"@type":"SearchAction","target":{"@type":"EntryPoint","urlTemplate":"https:\/\/www.booksonthemove.fr\/?s={search_term_string}"},"query-input":{"@type":"PropertyValueSpecification","valueRequired":true,"valueName":"search_term_string"}}],"inLanguage":"en-US"},{"@type":"Organization","@id":"https:\/\/www.booksonthemove.fr\/#organization","name":"Books on the Move","url":"https:\/\/www.booksonthemove.fr\/","logo":{"@type":"ImageObject","inLanguage":"en-US","@id":"https:\/\/www.booksonthemove.fr\/#\/schema\/logo\/image\/","url":"https:\/\/www.booksonthemove.fr\/media\/logo-NB-400.jpg","contentUrl":"https:\/\/www.booksonthemove.fr\/media\/logo-NB-400.jpg","width":400,"height":143,"caption":"Books on the Move"},"image":{"@id":"https:\/\/www.booksonthemove.fr\/#\/schema\/logo\/image\/"},"sameAs":["https:\/\/www.facebook.com\/Librairiebooksonthemove\/"]}]}</script>
<!-- / Yoast SEO plugin. -->

Du droit de déambuler - Books on the Move

AUTEUR·ES : Sarah Vanuxem, photos : Geoffroy Mathieu EDITEURS : Éditions Wildproject (2025)  BROCHÉ : 232 pages LANGUE : Français ISBN13 : 978-2-381140-827
