{"id":7893,"date":"2019-09-26T16:53:28","date_gmt":"2019-09-26T14:53:28","guid":{"rendered":"https:\/\/www.booksonthemove.fr\/?post_type=product&#038;p=7893"},"modified":"2024-11-21T16:37:13","modified_gmt":"2024-11-21T15:37:13","slug":"quand-le-discours-se-fait-geste","status":"publish","type":"product","link":"https:\/\/www.booksonthemove.fr\/en\/produit\/quand-le-discours-se-fait-geste\/","title":{"rendered":"Quand le discours se fait geste"},"content":{"rendered":"<p class=\"bodytext\">Une exploration critique de la performativit\u00e9 au sein de l&#8217;espace discursif \u00e9largi de l&#8217;art contemporain.<\/p>\n<p class=\"bodytext\">Conf\u00e9rence d&#8217;artiste, danse-conf\u00e9rence, performance narrative, lecture perform\u00e9e, les vocables ne manquent pas, depuis quelques ann\u00e9es, pour designer les nouveaux r\u00e9gimes de pr\u00e9sence du corps dans l&#8217;art contemporain, des r\u00e9gimes \u00e9labor\u00e9s dans un rapport \u00e9troit avec le langage et ses diverses formes d&#8217;exposition. Ce livre est une tentative d&#8217;exploration critique de ce champ transdisciplinaire et hybride, \u00e0 un moment historique marqu\u00e9 autant par le \u00ab storytelling \u00bb, la \u00ab post-v\u00e9rit\u00e9 \u00bb et les \u00ab faits alternatifs \u00bb que par l&#8217;investissement de plus en plus incontournable de l&#8217;art dans le march\u00e9 de la connaissance. Comment peut-on comprendre la place de la performativit\u00e9 au sein de l&#8217;espace discursif \u00e9largi de l&#8217;art contemporain ? Quels sont les nouveaux rapports et les nouvelles configurations que cet espace engendre entre le corps et le langage, entre la pratique et la th\u00e9orie ? Dans quelle mesure peut-on rendre compte d&#8217;un geste qui, bien que fait de mots, semble r\u00e9sister au discours ?<\/p>\n<p class=\"bodytext\">Textes de Vangelis Athanassopoulos, Ana\u00ebl Lejeune, Vassilis Salpistis, Matthieu Saladin, Gilles Amalvi, Jean-Philippe Antoine, Anne Creissels, Guillaume D\u00e9sanges, \u00c9ric Valette.<\/p>\n","protected":false},"excerpt":{"rendered":"<p>Auteur: ouvrage collectif sous la direction de Vangelis Athanassopoulos<br \/>\nEditeur: les presses du r\u00e9el (2018)<\/p>\n<p>Broch\u00e9: 176 pages<br \/>\nLangue: Fran\u00e7ais<br \/>\nISBN13: 978-2-84066-708-7<\/p>\n","protected":false},"featured_media":7892,"template":"","meta":[],"product_brand":[],"product_cat":[215,240,198,157,146,227,162,330,139],"product_tag":[],"class_list":{"0":"post-7893","1":"product","2":"type-product","3":"status-publish","4":"has-post-thumbnail","6":"product_cat-symposiums-conferences-en","7":"product_cat-choreography-en","8":"product_cat-collaborations-collectives-en","9":"product_cat-artists-writings-en","10":"product_cat-theoretical-texts-en","11":"product_cat-essays-en","12":"product_cat-french-en","13":"product_cat-non-classe","14":"product_cat-work-process-en","16":"first","17":"outofstock","18":"taxable","19":"shipping-taxable","20":"purchasable","21":"product-type-simple"},"yoast_head":"<!-- This site is optimized with the Yoast SEO plugin v27.4 - https:\/\/yoast.com\/product\/yoast-seo-wordpress\/ -->\n<title>Quand le discours se fait geste - Books on the Move<\/title>\n<meta name=\"robots\" content=\"index, follow, max-snippet:-1, max-image-preview:large, max-video-preview:-1\" \/>\n<link rel=\"canonical\" href=\"https:\/\/www.booksonthemove.fr\/produit\/quand-le-discours-se-fait-geste\/\" \/>\n<meta property=\"og:locale\" content=\"en_US\" \/>\n<meta property=\"og:type\" content=\"article\" \/>\n<meta property=\"og:title\" content=\"Quand le discours se fait geste - Books on the Move\" \/>\n<meta property=\"og:description\" content=\"Auteur: ouvrage collectif sous la direction de Vangelis Athanassopoulos Editeur: les presses du r\u00e9el (2018)  Broch\u00e9: 176 pages Langue: Fran\u00e7ais ISBN13: 978-2-84066-708-7\" \/>\n<meta property=\"og:url\" content=\"https:\/\/www.booksonthemove.fr\/produit\/quand-le-discours-se-fait-geste\/\" \/>\n<meta property=\"og:site_name\" content=\"Books on the Move\" \/>\n<meta property=\"article:publisher\" content=\"https:\/\/www.facebook.com\/Librairiebooksonthemove\/\" \/>\n<meta property=\"article:modified_time\" content=\"2024-11-21T15:37:13+00:00\" \/>\n<meta property=\"og:image\" content=\"https:\/\/www.booksonthemove.fr\/media\/bom-1805_reduced.jpeg\" \/>\n\t<meta property=\"og:image:width\" content=\"450\" \/>\n\t<meta property=\"og:image:height\" content=\"635\" \/>\n\t<meta property=\"og:image:type\" content=\"image\/jpeg\" \/>\n<meta name=\"twitter:card\" content=\"summary_large_image\" \/>\n<script type=\"application\/ld+json\" class=\"yoast-schema-graph\">{\"@context\":\"https:\\\/\\\/schema.org\",\"@graph\":[{\"@type\":\"WebPage\",\"@id\":\"https:\\\/\\\/www.booksonthemove.fr\\\/produit\\\/quand-le-discours-se-fait-geste\\\/\",\"url\":\"https:\\\/\\\/www.booksonthemove.fr\\\/produit\\\/quand-le-discours-se-fait-geste\\\/\",\"name\":\"Quand le discours se fait geste - Books on the Move\",\"isPartOf\":{\"@id\":\"https:\\\/\\\/www.booksonthemove.fr\\\/#website\"},\"primaryImageOfPage\":{\"@id\":\"https:\\\/\\\/www.booksonthemove.fr\\\/produit\\\/quand-le-discours-se-fait-geste\\\/#primaryimage\"},\"image\":{\"@id\":\"https:\\\/\\\/www.booksonthemove.fr\\\/produit\\\/quand-le-discours-se-fait-geste\\\/#primaryimage\"},\"thumbnailUrl\":\"https:\\\/\\\/www.booksonthemove.fr\\\/media\\\/bom-1805_reduced.jpeg\",\"datePublished\":\"2019-09-26T14:53:28+00:00\",\"dateModified\":\"2024-11-21T15:37:13+00:00\",\"breadcrumb\":{\"@id\":\"https:\\\/\\\/www.booksonthemove.fr\\\/produit\\\/quand-le-discours-se-fait-geste\\\/#breadcrumb\"},\"inLanguage\":\"en-US\",\"potentialAction\":[{\"@type\":\"ReadAction\",\"target\":[\"https:\\\/\\\/www.booksonthemove.fr\\\/produit\\\/quand-le-discours-se-fait-geste\\\/\"]}]},{\"@type\":\"ImageObject\",\"inLanguage\":\"en-US\",\"@id\":\"https:\\\/\\\/www.booksonthemove.fr\\\/produit\\\/quand-le-discours-se-fait-geste\\\/#primaryimage\",\"url\":\"https:\\\/\\\/www.booksonthemove.fr\\\/media\\\/bom-1805_reduced.jpeg\",\"contentUrl\":\"https:\\\/\\\/www.booksonthemove.fr\\\/media\\\/bom-1805_reduced.jpeg\",\"width\":450,\"height\":635},{\"@type\":\"BreadcrumbList\",\"@id\":\"https:\\\/\\\/www.booksonthemove.fr\\\/produit\\\/quand-le-discours-se-fait-geste\\\/#breadcrumb\",\"itemListElement\":[{\"@type\":\"ListItem\",\"position\":1,\"name\":\"Accueil\",\"item\":\"https:\\\/\\\/www.booksonthemove.fr\\\/en\\\/\"},{\"@type\":\"ListItem\",\"position\":2,\"name\":\"online store\",\"item\":\"https:\\\/\\\/www.booksonthemove.fr\\\/en\\\/online-shop\\\/\"},{\"@type\":\"ListItem\",\"position\":3,\"name\":\"Quand le discours se fait geste\"}]},{\"@type\":\"WebSite\",\"@id\":\"https:\\\/\\\/www.booksonthemove.fr\\\/#website\",\"url\":\"https:\\\/\\\/www.booksonthemove.fr\\\/\",\"name\":\"Books on the Move\",\"description\":\"librairie nomade - danse - mouvement - performance\",\"publisher\":{\"@id\":\"https:\\\/\\\/www.booksonthemove.fr\\\/#organization\"},\"potentialAction\":[{\"@type\":\"SearchAction\",\"target\":{\"@type\":\"EntryPoint\",\"urlTemplate\":\"https:\\\/\\\/www.booksonthemove.fr\\\/?s={search_term_string}\"},\"query-input\":{\"@type\":\"PropertyValueSpecification\",\"valueRequired\":true,\"valueName\":\"search_term_string\"}}],\"inLanguage\":\"en-US\"},{\"@type\":\"Organization\",\"@id\":\"https:\\\/\\\/www.booksonthemove.fr\\\/#organization\",\"name\":\"Books on the Move\",\"url\":\"https:\\\/\\\/www.booksonthemove.fr\\\/\",\"logo\":{\"@type\":\"ImageObject\",\"inLanguage\":\"en-US\",\"@id\":\"https:\\\/\\\/www.booksonthemove.fr\\\/#\\\/schema\\\/logo\\\/image\\\/\",\"url\":\"https:\\\/\\\/www.booksonthemove.fr\\\/media\\\/logo-NB-400.jpg\",\"contentUrl\":\"https:\\\/\\\/www.booksonthemove.fr\\\/media\\\/logo-NB-400.jpg\",\"width\":400,\"height\":143,\"caption\":\"Books on the Move\"},\"image\":{\"@id\":\"https:\\\/\\\/www.booksonthemove.fr\\\/#\\\/schema\\\/logo\\\/image\\\/\"},\"sameAs\":[\"https:\\\/\\\/www.facebook.com\\\/Librairiebooksonthemove\\\/\"]}]}<\/script>\n<!-- \/ Yoast SEO plugin. -->","yoast_head_json":{"title":"Quand le discours se fait geste - Books on the Move","robots":{"index":"index","follow":"follow","max-snippet":"max-snippet:-1","max-image-preview":"max-image-preview:large","max-video-preview":"max-video-preview:-1"},"canonical":"https:\/\/www.booksonthemove.fr\/produit\/quand-le-discours-se-fait-geste\/","og_locale":"en_US","og_type":"article","og_title":"Quand le discours se fait geste - Books on the Move","og_description":"Auteur: ouvrage collectif sous la direction de Vangelis Athanassopoulos Editeur: les presses du r\u00e9el (2018)  Broch\u00e9: 176 pages Langue: Fran\u00e7ais ISBN13: 978-2-84066-708-7","og_url":"https:\/\/www.booksonthemove.fr\/produit\/quand-le-discours-se-fait-geste\/","og_site_name":"Books on the Move","article_publisher":"https:\/\/www.facebook.com\/Librairiebooksonthemove\/","article_modified_time":"2024-11-21T15:37:13+00:00","og_image":[{"width":450,"height":635,"url":"https:\/\/www.booksonthemove.fr\/media\/bom-1805_reduced.jpeg","type":"image\/jpeg"}],"twitter_card":"summary_large_image","schema":{"@context":"https:\/\/schema.org","@graph":[{"@type":"WebPage","@id":"https:\/\/www.booksonthemove.fr\/produit\/quand-le-discours-se-fait-geste\/","url":"https:\/\/www.booksonthemove.fr\/produit\/quand-le-discours-se-fait-geste\/","name":"Quand le discours se fait geste - Books on the Move","isPartOf":{"@id":"https:\/\/www.booksonthemove.fr\/#website"},"primaryImageOfPage":{"@id":"https:\/\/www.booksonthemove.fr\/produit\/quand-le-discours-se-fait-geste\/#primaryimage"},"image":{"@id":"https:\/\/www.booksonthemove.fr\/produit\/quand-le-discours-se-fait-geste\/#primaryimage"},"thumbnailUrl":"https:\/\/www.booksonthemove.fr\/media\/bom-1805_reduced.jpeg","datePublished":"2019-09-26T14:53:28+00:00","dateModified":"2024-11-21T15:37:13+00:00","breadcrumb":{"@id":"https:\/\/www.booksonthemove.fr\/produit\/quand-le-discours-se-fait-geste\/#breadcrumb"},"inLanguage":"en-US","potentialAction":[{"@type":"ReadAction","target":["https:\/\/www.booksonthemove.fr\/produit\/quand-le-discours-se-fait-geste\/"]}]},{"@type":"ImageObject","inLanguage":"en-US","@id":"https:\/\/www.booksonthemove.fr\/produit\/quand-le-discours-se-fait-geste\/#primaryimage","url":"https:\/\/www.booksonthemove.fr\/media\/bom-1805_reduced.jpeg","contentUrl":"https:\/\/www.booksonthemove.fr\/media\/bom-1805_reduced.jpeg","width":450,"height":635},{"@type":"BreadcrumbList","@id":"https:\/\/www.booksonthemove.fr\/produit\/quand-le-discours-se-fait-geste\/#breadcrumb","itemListElement":[{"@type":"ListItem","position":1,"name":"Accueil","item":"https:\/\/www.booksonthemove.fr\/en\/"},{"@type":"ListItem","position":2,"name":"online store","item":"https:\/\/www.booksonthemove.fr\/en\/online-shop\/"},{"@type":"ListItem","position":3,"name":"Quand le discours se fait geste"}]},{"@type":"WebSite","@id":"https:\/\/www.booksonthemove.fr\/#website","url":"https:\/\/www.booksonthemove.fr\/","name":"Books on the Move","description":"librairie nomade - danse - mouvement - performance","publisher":{"@id":"https:\/\/www.booksonthemove.fr\/#organization"},"potentialAction":[{"@type":"SearchAction","target":{"@type":"EntryPoint","urlTemplate":"https:\/\/www.booksonthemove.fr\/?s={search_term_string}"},"query-input":{"@type":"PropertyValueSpecification","valueRequired":true,"valueName":"search_term_string"}}],"inLanguage":"en-US"},{"@type":"Organization","@id":"https:\/\/www.booksonthemove.fr\/#organization","name":"Books on the Move","url":"https:\/\/www.booksonthemove.fr\/","logo":{"@type":"ImageObject","inLanguage":"en-US","@id":"https:\/\/www.booksonthemove.fr\/#\/schema\/logo\/image\/","url":"https:\/\/www.booksonthemove.fr\/media\/logo-NB-400.jpg","contentUrl":"https:\/\/www.booksonthemove.fr\/media\/logo-NB-400.jpg","width":400,"height":143,"caption":"Books on the Move"},"image":{"@id":"https:\/\/www.booksonthemove.fr\/#\/schema\/logo\/image\/"},"sameAs":["https:\/\/www.facebook.com\/Librairiebooksonthemove\/"]}]}},"_links":{"self":[{"href":"https:\/\/www.booksonthemove.fr\/en\/wp-json\/wp\/v2\/product\/7893","targetHints":{"allow":["GET"]}}],"collection":[{"href":"https:\/\/www.booksonthemove.fr\/en\/wp-json\/wp\/v2\/product"}],"about":[{"href":"https:\/\/www.booksonthemove.fr\/en\/wp-json\/wp\/v2\/types\/product"}],"wp:featuredmedia":[{"embeddable":true,"href":"https:\/\/www.booksonthemove.fr\/en\/wp-json\/wp\/v2\/media\/7892"}],"wp:attachment":[{"href":"https:\/\/www.booksonthemove.fr\/en\/wp-json\/wp\/v2\/media?parent=7893"}],"wp:term":[{"taxonomy":"product_brand","embeddable":true,"href":"https:\/\/www.booksonthemove.fr\/en\/wp-json\/wp\/v2\/product_brand?post=7893"},{"taxonomy":"product_cat","embeddable":true,"href":"https:\/\/www.booksonthemove.fr\/en\/wp-json\/wp\/v2\/product_cat?post=7893"},{"taxonomy":"product_tag","embeddable":true,"href":"https:\/\/www.booksonthemove.fr\/en\/wp-json\/wp\/v2\/product_tag?post=7893"}],"curies":[{"name":"wp","href":"https:\/\/api.w.org\/{rel}","templated":true}]}}

<p class="bodytext">Une exploration critique de la performativité au sein de l&#8217;espace discursif élargi de l&#8217;art contemporain.</p>
<p class="bodytext">Conférence d&#8217;artiste, danse-conférence, performance narrative, lecture performée, les vocables ne manquent pas, depuis quelques années, pour designer les nouveaux régimes de présence du corps dans l&#8217;art contemporain, des régimes élaborés dans un rapport étroit avec le langage et ses diverses formes d&#8217;exposition. Ce livre est une tentative d&#8217;exploration critique de ce champ transdisciplinaire et hybride, à un moment historique marqué autant par le « storytelling », la « post-vérité » et les « faits alternatifs » que par l&#8217;investissement de plus en plus incontournable de l&#8217;art dans le marché de la connaissance. Comment peut-on comprendre la place de la performativité au sein de l&#8217;espace discursif élargi de l&#8217;art contemporain ? Quels sont les nouveaux rapports et les nouvelles configurations que cet espace engendre entre le corps et le langage, entre la pratique et la théorie ? Dans quelle mesure peut-on rendre compte d&#8217;un geste qui, bien que fait de mots, semble résister au discours ?</p>
<p class="bodytext">Textes de Vangelis Athanassopoulos, Anaël Lejeune, Vassilis Salpistis, Matthieu Saladin, Gilles Amalvi, Jean-Philippe Antoine, Anne Creissels, Guillaume Désanges, Éric Valette.</p>

<p>Auteur: ouvrage collectif sous la direction de Vangelis Athanassopoulos<br />
Editeur: les presses du réel (2018)</p>
<p>Broché: 176 pages<br />
Langue: Français<br />
ISBN13: 978-2-84066-708-7</p>

<!-- This site is optimized with the Yoast SEO plugin v27.4 - https://yoast.com/product/yoast-seo-wordpress/ -->
<title>Quand le discours se fait geste - Books on the Move</title>
<meta name="robots" content="index, follow, max-snippet:-1, max-image-preview:large, max-video-preview:-1" />
<link rel="canonical" href="https://www.booksonthemove.fr/produit/quand-le-discours-se-fait-geste/" />
<meta property="og:locale" content="en_US" />
<meta property="og:type" content="article" />
<meta property="og:title" content="Quand le discours se fait geste - Books on the Move" />
<meta property="og:description" content="Auteur: ouvrage collectif sous la direction de Vangelis Athanassopoulos Editeur: les presses du réel (2018)  Broché: 176 pages Langue: Français ISBN13: 978-2-84066-708-7" />
<meta property="og:url" content="https://www.booksonthemove.fr/produit/quand-le-discours-se-fait-geste/" />
<meta property="og:site_name" content="Books on the Move" />
<meta property="article:publisher" content="https://www.facebook.com/Librairiebooksonthemove/" />
<meta property="article:modified_time" content="2024-11-21T15:37:13+00:00" />
<meta property="og:image" content="https://www.booksonthemove.fr/media/bom-1805_reduced.jpeg" />
	<meta property="og:image:width" content="450" />
	<meta property="og:image:height" content="635" />
	<meta property="og:image:type" content="image/jpeg" />
<meta name="twitter:card" content="summary_large_image" />
<script type="application/ld+json" class="yoast-schema-graph">{"@context":"https:\/\/schema.org","@graph":[{"@type":"WebPage","@id":"https:\/\/www.booksonthemove.fr\/produit\/quand-le-discours-se-fait-geste\/","url":"https:\/\/www.booksonthemove.fr\/produit\/quand-le-discours-se-fait-geste\/","name":"Quand le discours se fait geste - Books on the Move","isPartOf":{"@id":"https:\/\/www.booksonthemove.fr\/#website"},"primaryImageOfPage":{"@id":"https:\/\/www.booksonthemove.fr\/produit\/quand-le-discours-se-fait-geste\/#primaryimage"},"image":{"@id":"https:\/\/www.booksonthemove.fr\/produit\/quand-le-discours-se-fait-geste\/#primaryimage"},"thumbnailUrl":"https:\/\/www.booksonthemove.fr\/media\/bom-1805_reduced.jpeg","datePublished":"2019-09-26T14:53:28+00:00","dateModified":"2024-11-21T15:37:13+00:00","breadcrumb":{"@id":"https:\/\/www.booksonthemove.fr\/produit\/quand-le-discours-se-fait-geste\/#breadcrumb"},"inLanguage":"en-US","potentialAction":[{"@type":"ReadAction","target":["https:\/\/www.booksonthemove.fr\/produit\/quand-le-discours-se-fait-geste\/"]}]},{"@type":"ImageObject","inLanguage":"en-US","@id":"https:\/\/www.booksonthemove.fr\/produit\/quand-le-discours-se-fait-geste\/#primaryimage","url":"https:\/\/www.booksonthemove.fr\/media\/bom-1805_reduced.jpeg","contentUrl":"https:\/\/www.booksonthemove.fr\/media\/bom-1805_reduced.jpeg","width":450,"height":635},{"@type":"BreadcrumbList","@id":"https:\/\/www.booksonthemove.fr\/produit\/quand-le-discours-se-fait-geste\/#breadcrumb","itemListElement":[{"@type":"ListItem","position":1,"name":"Accueil","item":"https:\/\/www.booksonthemove.fr\/en\/"},{"@type":"ListItem","position":2,"name":"online store","item":"https:\/\/www.booksonthemove.fr\/en\/online-shop\/"},{"@type":"ListItem","position":3,"name":"Quand le discours se fait geste"}]},{"@type":"WebSite","@id":"https:\/\/www.booksonthemove.fr\/#website","url":"https:\/\/www.booksonthemove.fr\/","name":"Books on the Move","description":"librairie nomade - danse - mouvement - performance","publisher":{"@id":"https:\/\/www.booksonthemove.fr\/#organization"},"potentialAction":[{"@type":"SearchAction","target":{"@type":"EntryPoint","urlTemplate":"https:\/\/www.booksonthemove.fr\/?s={search_term_string}"},"query-input":{"@type":"PropertyValueSpecification","valueRequired":true,"valueName":"search_term_string"}}],"inLanguage":"en-US"},{"@type":"Organization","@id":"https:\/\/www.booksonthemove.fr\/#organization","name":"Books on the Move","url":"https:\/\/www.booksonthemove.fr\/","logo":{"@type":"ImageObject","inLanguage":"en-US","@id":"https:\/\/www.booksonthemove.fr\/#\/schema\/logo\/image\/","url":"https:\/\/www.booksonthemove.fr\/media\/logo-NB-400.jpg","contentUrl":"https:\/\/www.booksonthemove.fr\/media\/logo-NB-400.jpg","width":400,"height":143,"caption":"Books on the Move"},"image":{"@id":"https:\/\/www.booksonthemove.fr\/#\/schema\/logo\/image\/"},"sameAs":["https:\/\/www.facebook.com\/Librairiebooksonthemove\/"]}]}</script>
<!-- / Yoast SEO plugin. -->

Auteur: ouvrage collectif sous la direction de Vangelis Athanassopoulos Editeur: les presses du réel (2018)  Broché: 176 pages Langue: Français ISBN13: 978-2-84066-708-7
